NOAA-style Climate Reports for Audley UK


Report for 2009 May
                   Monthly Climatological Summary for May 2009

Name: Audley   City: Stoke-on-Trent   County: Staffordshire   Country: UK
Elevation: 140 m  Lat: N 53 03' 19"   Lon: W 002 18' 04"

                  Temperature (C), Rain (mm), Wind Speed (mph)

                                      Heat  Cool        Avg
    Mean                              Deg   Deg         Wind                 Dom
Day Temp  High   Time   Low    Time   Days  Days  Rain  Speed High   Time    Dir
----------------------------------------------------------------------------------
 1  12.7  19.4   12:05   8.1   23:41   2.8   0.0   0.6   0.5   9.2   14:45     W
 2  12.0  17.3   14:43   7.3   02:02   3.5   0.0   0.0   0.5   8.3   10:42   WNW
 3   9.6  14.1   14:06   5.3   23:53   5.9   0.0   2.4   1.7  16.8   09:49   WNW
 4   8.8  11.9   15:04   4.8   02:10   6.7   0.0   4.8   0.5   7.6   13:04     W
 5  11.6  15.1   16:38   9.7   04:27   3.9   0.0   5.7   1.2  12.1   16:44     W
 6  13.1  17.9   15:25  10.6   02:49   2.4   0.0   0.3   1.5  12.1   19:55     W
 7  12.3  18.1   13:59   7.5   06:31   3.2   0.0   0.3   1.1  12.1   20:35     W
 8  10.0  14.6   15:18   6.1   06:09   5.5   0.0   0.6   1.4  24.4   14:47     W
 9   7.5  16.9   14:46   6.7   23:41   8.0   0.0   0.0   0.8   9.2   06:09     W
10   6.7  17.4   15:26   5.6   04:01   8.8   0.0   0.0   1.0   9.8   22:36    NE
11   9.4  16.1   14:26   5.9   05:41   6.1   0.0   0.0   3.1  15.2   18:21   ESE
12   6.0  17.0   15:36   5.1   02:21   9.5   0.0   0.0   3.4  16.8   16:11   ESE
13   7.6  13.3   09:41   6.4   03:21   7.9   0.0   0.0   2.6  19.7   13:01   ESE
14  10.3  13.5   10:56   9.5   23:26   5.2   0.0   1.8   1.4   8.3   12:16   ESE
15   9.5  16.0   16:40   8.3   23:59   6.0   0.0  26.0   0.3   8.3   01:11   ESE
16  10.8  17.0   14:34   5.2   04:44   4.7   0.0   0.9   1.0  12.1   18:46   SSE
17   9.2  14.4   13:51   5.0   05:17   6.3   0.0   9.0   1.1  10.7   12:05   SSE
18   9.2  15.4   12:55   8.3   23:31   6.3   0.0   6.3   0.9  15.2   12:25   SSE
19   8.4  16.1   16:15   7.4   04:20   7.1   0.0   2.4   0.5   6.0   12:15    SE
20   9.7  16.3   13:15   7.0   04:40   5.8   0.0   5.7   0.3   9.8   09:25    SE
21  10.4  17.3   12:55   8.5   05:10   5.1   0.0   2.4   0.5   8.3   13:40    NW
22  11.8  14.7   15:10   8.4   00:10   3.7   0.0   0.9   0.3   6.0   11:50     W
23  14.8  20.5   16:51   8.3   17:31   0.7   0.0   0.0   0.6   9.2   11:37     W
24  18.6  23.2   14:53   8.0   04:10   0.0   0.0   0.0   0.4   6.9   11:52   NNW
25  14.3  21.0   12:53   9.5   05:24   1.2   0.0   2.4   0.2   6.0   04:06    SE
26  11.3  17.1   14:07   8.5   23:57   4.2   0.0   1.5   2.4  18.3   12:07   WNW
27   8.5  19.1   15:27   7.8   01:27   7.0   0.0   0.6   1.1  12.1   16:17     W
28  13.9  23.8   15:17  13.2   05:12   1.6   0.0   0.6   0.9   8.3   17:12   WNW
29  19.1  26.6   15:37  11.1   04:42   0.0   0.0   0.0   0.5   5.4   18:50   SSE
30  16.2  25.0   15:31   9.5   05:14   0.0   0.0   0.0   1.0   9.2   09:02    SE
31  18.1  26.0   14:00   9.6   05:48   0.0   0.0   0.0   1.1  12.1   15:34     E
----------------------------------------------------------------------------------
    11.3  26.6    29     4.8     4   139.1   0.0  75.2   1.1  24.4     8       S

Max >=  27.0:  0
Max <=   0.0:  0
Min <=   0.0:  0
Min <= -18.0:  0
Max Rain: 26.0 on day 15
Days of Rain: 20 (>= 0.2 mm)  10 (>= 2.0 mm)  1 (>= 20.0 mm)
Heat Base: 15.5  Cool Base: 25.0  Method: Integration


Page updated 20/11/2018 17:26:21
© Sandaysoft 2009
powered by Sandy Software Cumulus software v1.9.2 by Steve Loft