NOAA-style Climate Reports for Audley UK


Report for 2009 Jun
                   Monthly Climatological Summary for Jun 2009

Name: Audley   City: Stoke-on-Trent   County: Staffordshire   Country: UK
Elevation: 140 m  Lat: N 53 03' 19"   Lon: W 002 18' 04"

                  Temperature (C), Rain (mm), Wind Speed (mph)

                                      Heat  Cool        Avg
    Mean                              Deg   Deg         Wind                 Dom
Day Temp  High   Time   Low    Time   Days  Days  Rain  Speed High   Time    Dir
----------------------------------------------------------------------------------
 1  14.3  27.4   15:50  10.8   05:05   1.2   0.0   0.0   0.7   8.3   13:15     E
 2  15.0  29.8   15:20  11.2   05:20   0.5   0.0   0.0   0.9   9.8   19:00    NW
 3  15.4  17.0   18:15   9.3   23:55   0.1   0.0   0.0   0.5   6.0   20:45   ESE
 4   9.3  21.2   15:15   6.0   05:20   6.2   0.0   0.0   0.6   7.6   13:35   NNW
 5   9.8  19.5   12:40   6.8   04:40   5.7   0.0   0.0   0.5   9.8   22:43   ESE
 6   9.8  11.5   15:43   8.1   06:56   5.7   0.0  13.5   1.6  12.1   10:51   ESE
 7   9.9  12.6   11:00   8.0   23:51   5.6   0.0   9.0   1.8  15.9   09:37     E
 8   8.2  17.3   15:43   7.9   00:06   7.3   0.0   0.0   1.4  10.7   09:03     E
 9  10.6  17.7   12:08   7.6   05:08   4.9   0.0   0.0   0.9   8.3   09:23   WNW
10  11.3  17.9   13:38   9.3   05:23   4.2   0.0  14.1   0.2   4.5   12:08   ESE
11  10.8  19.2   16:08   7.9   04:43   4.7   0.0   0.0   1.5  14.5   15:03   WNW
12  16.1  22.2   15:48   6.0   04:23   0.0   0.0   0.0   0.4   6.0   09:43     N
13  18.0  25.4   15:02  11.4   05:12   0.0   0.0   0.0   0.5   6.0   08:59   WNW
14  17.4  23.8   16:59  11.0   06:05   0.0   0.0   3.0   0.5   9.2   09:38    NW
15  15.9  25.0   14:58  10.8   05:28   0.0   0.0   2.1   0.6  12.1   17:01   WNW
16  17.4  25.2   14:14  10.7   02:07   0.0   0.0   0.0   0.4   6.0   09:59     N
17  13.4  15.5   15:08  11.5   23:57   2.1   0.0   3.6   0.7  10.7   16:43    SE
18  13.0  18.3   15:32   8.2   05:00   2.5   0.0   0.0   0.7  12.1   12:56     W
19  13.0  19.1   14:14   8.4   05:19   2.5   0.0   0.0   1.9  19.0   11:36   WNW
20  12.8  16.4   15:30  10.4   05:07   2.7   0.0   0.6   1.3  14.5   18:03   WNW
21  13.7  17.8   16:45  11.2   03:20   1.8   0.0   0.3   1.0  13.0   15:44   WNW
22  12.8  22.4   17:32  11.9   01:57   2.7   0.0   0.0   0.7   8.3   13:47    NW
23  14.5  25.5   17:37  13.3   04:32   1.0   0.0   0.0   0.3   3.8   10:32   NNW
24  15.8  25.8   15:22  10.7   05:17   0.0   0.0   0.0   1.0   9.2   19:27   ESE
25  12.8  25.4   14:27  11.1   05:02   2.7   0.0   0.0   1.2   9.2   17:32   ESE
26  19.3  25.3   14:22  12.4   05:07   0.0   0.0   0.0   0.5   8.3   12:57   ESE
27  18.8  24.3   17:57  16.5   04:38   0.0   0.0   0.9   0.1   6.0   15:22     E
28  20.8  28.1   15:06  15.1   04:32   0.0   0.0   0.0   0.2   5.4   17:49   ESE
29  21.4  28.4   16:53  16.9   03:19   0.0   0.0   5.1   0.4   8.3   18:30     S
30  20.6  25.3   18:07  17.0   03:58   0.0   0.0   2.4   0.3   3.8   12:55     S
----------------------------------------------------------------------------------
    14.4  29.8     2     6.0     4    64.1   0.0  54.6   0.8  19.0    19       N

Max >=  27.0:  4
Max <=   0.0:  0
Min <=   0.0:  0
Min <= -18.0:  0
Max Rain: 14.1 on day 10
Days of Rain: 11 (>= 0.2 mm)  8 (>= 2.0 mm)  0 (>= 20.0 mm)
Heat Base: 15.5  Cool Base: 25.0  Method: Integration


Page updated 20/11/2018 17:26:21
© Sandaysoft 2009
powered by Sandy Software Cumulus software v1.9.2 by Steve Loft