NOAA-style Climate Reports for Audley UK


Report for 2010 Feb
                   Monthly Climatological Summary for Feb 2010

Name: Audley   City: Stoke-on-Trent   County: Staffordshire   Country: UK
Elevation: 140 m  Lat: N 53 03' 19"   Lon: W 002 18' 04"

                  Temperature (C), Rain (mm), Wind Speed (mph)

                                      Heat  Cool        Avg
    Mean                              Deg   Deg         Wind                 Dom
Day Temp  High   Time   Low    Time   Days  Days  Rain  Speed High   Time    Dir
----------------------------------------------------------------------------------
 1  -1.5   2.9   15:38  -2.6   07:38  17.0   0.0   4.2   2.6  15.9   01:16   WSW
 2   2.6   7.4   13:13   1.0   23:58  12.9   0.0   9.0   4.2  20.6   14:28   WNW
 3   1.0   2.9   21:44  -1.6   07:29  14.5   0.0   4.5   1.7  13.6   16:29   SSE
 4   1.8   7.3   16:54   1.3   07:14  13.7   0.0   0.3   4.7  15.2   22:19    SE
 5   4.4   8.5   14:04   3.5   23:48  11.1   0.0   1.2   3.8  15.2   01:24    SE
 6   3.2  10.1   13:51   0.1   07:29  12.3   0.0   0.0   1.7  11.4   03:16   ESE
 7   3.1   4.8   12:40   1.7   02:57  12.4   0.0   0.3   1.7  13.0   19:12     E
 8   1.6   4.8   20:40   0.0   04:45  13.9   0.0   0.3   1.7  15.2   07:12     E
 9   4.2   4.2   00:00   0.3   12:25  11.3   0.0   0.0   4.0  22.1   22:00     E
10   2.0   5.4   21:56   0.1   15:46  13.5   0.0   0.3   3.9  15.2   01:56   NNE
11   3.8   5.5   21:16  -0.9   06:56  11.7   0.0   0.0   3.9  18.3   23:31   NNW
12   1.9   6.4   12:51  -0.6   03:36  13.6   0.0   0.0   1.7  10.7   12:36   NNE
13   2.7   4.9   12:54  -1.2   05:52  12.8   0.0   0.0   2.7  15.9   15:06   NNW
14   2.0   6.5   13:58  -1.2   08:09  13.5   0.0   0.0   1.6  10.7   13:54    NW
15   2.3   6.8   13:51   1.9   00:03  13.2   0.0   5.4   1.8  10.7   20:11    SW
16   0.3   7.8   13:21  -0.4   23:52  15.2   0.0   1.8   1.6   7.6   09:16    SW
17   0.3   2.1   12:28  -2.3   07:09  15.2   0.0   1.8   3.3  12.1   12:04    SE
18   1.4   3.2   11:32   0.3   22:58  14.1   0.0   0.3   2.4  12.1   16:33     E
19   0.8   3.1   13:20  -1.0   23:33  14.7   0.0   4.8   1.3  15.2   13:26     W
20   1.0   8.7   13:57  -1.4   01:01  14.5   0.0   2.4   1.2   7.6   14:06    SW
21   1.0   7.5   13:37  -1.8   23:12  14.5   0.0   1.2   2.5  11.4   15:40   SSW
22   0.7   4.4   13:16  -2.0   03:08  14.8   0.0   0.0   5.3  22.1   07:48     E
23   1.2   3.5   13:05   0.1   03:08  14.3   0.0   0.3   9.1  25.1   20:54   SSE
24   4.3   9.6   14:10   0.7   00:25  11.2   0.0   0.3   4.6  21.3   01:17   SSE
25   5.4   7.7   12:40   3.2   01:42  10.1   0.0   3.6   1.8   8.3   06:01    SE
26   3.5   5.0   16:10   2.3   12:37  12.0   0.0  13.2   4.8  22.8   09:25   WNW
27   3.1   5.5   15:34   0.7   02:42  12.4   0.0   1.2   5.3  22.1   21:42   ESE
28   3.3   5.3   13:22   1.5   23:03  12.2   0.0   0.0   5.0  20.6   15:14    NW
----------------------------------------------------------------------------------
     2.2  10.1     6    -2.6     1   372.6   0.0  56.4   3.2  25.1    23      SE

Max >=  27.0:  0
Max <=   0.0:  0
Min <=   0.0: 13
Min <= -18.0:  0
Max Rain: 13.2 on day 26
Days of Rain: 20 (>= 0.2 mm)  8 (>= 2.0 mm)  0 (>= 20.0 mm)
Heat Base: 15.5  Cool Base: 25.0  Method: Integration


Page updated 20/11/2018 17:26:21
© Sandaysoft 2009
powered by Sandy Software Cumulus software v1.9.2 by Steve Loft