NOAA-style Climate Reports for Audley UK


Report for 2010 Mar
                   Monthly Climatological Summary for Mar 2010

Name: Audley   City: Stoke-on-Trent   County: Staffordshire   Country: UK
Elevation: 140 m  Lat: N 53 03' 19"   Lon: W 002 18' 04"

                  Temperature (C), Rain (mm), Wind Speed (mph)

                                      Heat  Cool        Avg
    Mean                              Deg   Deg         Wind                 Dom
Day Temp  High   Time   Low    Time   Days  Days  Rain  Speed High   Time    Dir
----------------------------------------------------------------------------------
 1   2.1   8.7   12:54   0.3   07:09  13.4   0.0   0.0   1.6  11.4   03:18   WNW
 2   2.4  10.0   13:39  -1.2   06:49  13.1   0.0   0.0   1.5   9.8   23:04     S
 3   2.6   5.6   15:22   0.7   07:27  12.9   0.0   0.0   6.9  19.7   19:18    SE
 4   3.0  11.5   13:42  -0.8   03:23  12.5   0.0   0.0   2.5  12.1   09:33     E
 5   2.6   8.3   13:56  -2.4   04:53  12.9   0.0   0.0   3.8  19.7   12:44    NW
 6   3.7   7.4   11:05  -1.4   23:55  11.8   0.0   0.0   3.6  15.9   21:36     S
 7   0.5   8.6   13:38  -4.5   06:19  15.0   0.0   0.0   2.6   9.8   00:32    SE
 8  -3.1  10.3   13:29  -4.7   06:36  18.6   0.0   0.0   2.3   9.8   16:49     E
 9   0.6  10.8   14:01  -0.7   06:46  14.9   0.0   0.0   2.3  12.1   11:01   ENE
10   4.4  10.4   13:31   1.7   07:11  11.1   0.0   0.0   3.7  16.8   10:56     E
11   2.0  10.1   13:46  -0.8   06:56  13.5   0.0   0.0   2.3  15.9   16:51    NW
12   3.8   9.4   13:31   2.6   22:09  11.7   0.0   1.2   4.1  19.0   11:11   NNW
13   4.7   7.7   15:45   0.6   05:57  10.8   0.0   0.3   5.2  24.4   13:53    NW
14   6.4  10.5   12:56   3.1   06:43   9.1   0.0   0.0   6.7  30.4   14:38    NW
15   5.0  10.1   12:59   3.6   07:04  10.5   0.0   0.0   4.4  22.8   15:29   WNW
16   6.3  15.5   13:29   0.9   04:24   9.2   0.0   0.0   1.7  11.4   22:28     S
17   9.6  15.0   13:51   5.5   01:21   5.9   0.0   0.0   3.4  16.8   13:35   SSW
18  10.3  13.6   14:50   8.0   06:17   5.2   0.0   0.0   4.0  17.4   10:22   SSE
19  10.0  13.4   10:22   7.0   06:10   5.5   0.0   3.3   3.8  13.0   09:45    SW
20   8.8  12.3   11:05   4.2   23:36   6.7   0.0   3.9   3.8  16.8   16:02     W
21   8.0  14.4   13:19   1.4   06:40   7.5   0.0   0.0   2.0  13.0   14:53    SW
22   8.4  10.6   15:31   3.9   23:56   7.1   0.0   0.3   4.1  16.8   18:11   SSW
23   3.9  12.1   12:41   1.8   06:21  11.6   0.0   4.8   3.6  14.5   14:01   SSE
24   7.8  13.8   14:46   7.8   00:01   7.7   0.0   1.8   3.6  13.6   04:31    SE
25   8.6  15.1   13:06   7.0   23:39   6.9   0.0   6.0   4.1  15.9   21:14    SE
26   8.7  14.5   13:49   5.7   06:17   6.8   0.0   3.0   3.0  22.8   02:16     S
27   7.9  11.8   13:59   5.3   23:45   7.6   0.0   0.3   4.6  21.3   09:55   WNW
28   7.1  11.8   15:20   4.3   05:59   8.4   0.0   0.0   3.5  17.4   11:52     W
29   5.6   9.8   15:56   3.7   08:21   9.9   0.0   5.7   4.8  16.8   10:26    SE
30   4.5  12.1   14:21   4.0   22:52  11.0   0.0   5.1   4.3  16.8   19:43     S
31   2.4   4.4   17:21   0.7   23:41  13.1   0.0   8.1   6.6  33.6   12:50   WNW
----------------------------------------------------------------------------------
     5.1  15.5    16    -4.7     8   321.9   0.0  43.8   3.7  33.6    31      SW

Max >=  27.0:  0
Max <=   0.0:  0
Min <=   0.0:  8
Min <= -18.0:  0
Max Rain: 8.1 on day 31
Days of Rain: 13 (>= 0.2 mm)  8 (>= 2.0 mm)  0 (>= 20.0 mm)
Heat Base: 15.5  Cool Base: 25.0  Method: Integration


Page updated 20/11/2018 17:26:21
© Sandaysoft 2009
powered by Sandy Software Cumulus software v1.9.2 by Steve Loft