NOAA-style Climate Reports for Audley UK


Report for 2010 May
                   Monthly Climatological Summary for May 2010

Name: Audley   City: Stoke-on-Trent   County: Staffordshire   Country: UK
Elevation: 140 m  Lat: N 53 03' 19"   Lon: W 002 18' 04"

                  Temperature (C), Rain (mm), Wind Speed (mph)

                                      Heat  Cool        Avg
    Mean                              Deg   Deg         Wind                 Dom
Day Temp  High   Time   Low    Time   Days  Days  Rain  Speed High   Time    Dir
----------------------------------------------------------------------------------
 1  11.0  16.7   11:50   6.8   06:41   4.5   0.0   5.1   2.3  23.5   22:22     E
 2   7.3  10.5   15:02   5.6   22:13   8.2   0.0   0.0   4.1  18.3   00:18   ENE
 3   6.4  13.0   01:54   1.5   03:03   9.1   0.0   2.7   2.7  22.1   15:52   NNW
 4   8.8  15.7   12:58   1.8   06:03   6.7   0.0   0.0   2.3  18.3   17:08    NW
 5   9.6  12.0   14:55   6.0   05:39   5.9   0.0   0.9   1.6   9.2   09:13    NW
 6  10.3  14.6   13:21   9.2   05:09   5.2   0.0   0.9   2.2  13.0   14:40   ENE
 7  10.6  14.2   15:40   9.6   00:00   4.9   0.0   0.3   4.4  19.7   17:40     E
 8   9.6  16.7   15:57   6.8   10:57   5.9   0.0   3.6   1.0   8.3   23:22    NW
 9   9.9  10.5   19:12   6.0   08:17   5.6   0.0   2.1   4.9  22.8   01:57   ENE
10   6.4   7.1   00:02   5.6   02:22   0.0  11.9   0.0   2.7   9.8   00:02     N
15  10.7  20.7   17:04   5.6   02:22   4.8   0.0   0.0   2.3  15.9   17:22    NW
16   9.4  16.3   16:59   5.8   01:32   6.1   0.0   0.0   3.3  19.0   11:47   WNW
17   6.8  19.3   15:14   5.9   04:16   8.7   0.0   0.0   2.0  14.5   13:19    NW
18   7.9  22.6   14:19   5.8   05:39   7.6   0.0   0.0   0.6   9.2   15:29    NW
19  11.2  21.5   16:14  10.0   01:19   4.3   0.0   0.0   0.5   6.9   14:59   WSW
20  15.0  25.8   15:44  12.2   05:39   0.5   0.0   0.0   0.9   9.2   16:09    NW
21  20.3  28.1   15:49  12.2   06:34   0.0   0.0   0.0   0.7   6.9   16:29     N
22  21.0  28.7   13:56  13.8   05:51   0.0   0.0   0.0   0.6   8.3   02:11   ESE
23  21.9  30.9   14:19  14.7   06:01   0.0   0.0   0.0   1.3  14.5   16:18   WNW
24  14.8  25.5   15:35  11.0   23:45   0.7   0.0   0.0   2.1  13.0   16:20    NW
25  11.0  19.0   15:05   9.0   04:40   4.5   0.0   0.0   2.1  13.6   22:30   ESE
26  10.1  14.7   14:25   7.6   23:45   5.4   0.0   0.3   1.7  11.4   01:05   ESE
27   7.7  17.5   13:40   5.1   05:10   7.8   0.0   0.3   2.1  15.9   11:15   WNW
28  13.0  20.0   14:20   6.6   06:25   2.5   0.0   0.3   2.0  13.0   09:05   WNW
29  11.0  15.7   18:04   8.2   02:52   4.5   0.0   8.6   0.9  16.8   22:40     S
30  12.5  16.4   12:58   9.0   23:58   3.0   0.0   0.3   5.4  29.8   17:44   WNW
31  12.7  19.5   16:32   7.1   04:36   2.8   0.0   0.0   0.7   9.2   09:32     N
----------------------------------------------------------------------------------
    11.4  30.9    23     1.5     3   119.2  11.9  25.4   2.1  29.8    30       N

Max >=  27.0:  3
Max <=   0.0:  0
Min <=   0.0:  0
Min <= -18.0:  0
Max Rain: 8.6 on day 29
Days of Rain: 12 (>= 0.2 mm)  5 (>= 2.0 mm)  0 (>= 20.0 mm)
Heat Base: 15.5  Cool Base: 25.0  Method: Integration


Page updated 20/11/2018 17:26:21
© Sandaysoft 2009
powered by Sandy Software Cumulus software v1.9.2 by Steve Loft