NOAA-style Climate Reports for Audley UK


Report for 2010 Dec
                   Monthly Climatological Summary for Dec 2010

Name: Audley   City: Stoke-on-Trent   County: Staffordshire   Country: UK
Elevation: 140 m  Lat: N 53 03' 19"   Lon: W 002 18' 04"

                  Temperature (C), Rain (mm), Wind Speed (mph)

                                      Heat  Cool        Avg
    Mean                              Deg   Deg         Wind                 Dom
Day Temp  High   Time   Low    Time   Days  Days  Rain  Speed High   Time    Dir
----------------------------------------------------------------------------------
 1  -1.8  -0.5   12:39  -2.9   06:06  17.3   0.0   0.0   2.6  15.2   18:54   NNE
 2  -2.0   0.6   13:11  -6.0   23:47  17.5   0.0   0.0   2.7  15.9   01:42     N
 3  -4.1   0.0   23:46  -7.6   08:44  19.6   0.0   0.0   2.2  15.9   20:16   SSE
 4   0.8   2.5   12:24  -0.5   00:39  14.7   0.0   4.5   1.3   8.3   00:06   SSE
 5  -0.4   1.7   12:32  -2.7   23:57  15.9   0.0   0.3   1.1   8.3   04:54   WNW
 6  -4.8  -2.7   00:00  -6.4   09:16  20.3   0.0   0.0   0.7   5.4   17:02    NW
 7  -4.2  -2.6   12:41  -6.7   05:43  19.7   0.0   0.0   1.1   5.4   09:01    NW
 8  -3.9  -2.3   14:25  -6.0   08:49  19.4   0.0   0.0   1.5   9.8   13:36    NW
 9   0.5   3.9   23:51  -4.5   02:15  15.0   0.0   2.4   2.5  12.1   19:39     W
10   5.4   6.3   12:56   3.8   00:00  10.1   0.0   0.3   5.0  19.7   23:03   WNW
11   6.0   7.1   13:22   3.2   23:59   9.5   0.0   1.5   5.6  22.1   02:44    NW
12   1.4   3.6   00:35  -2.0   09:26  14.1   0.0   0.0   0.6   6.0   02:49     N
13   2.6   4.9   13:19   0.2   20:16  12.9   0.0   0.3   1.1   7.6   13:23     N
14   1.4   3.0   16:57  -0.4   04:16  14.1   0.0   0.3   1.0   9.2   16:09   NNW
15   2.5   5.4   23:53   0.6   05:33  13.0   0.0   0.3   2.4  20.6   23:59    NW
16   2.7   6.6   10:07  -4.1   23:53  12.8   0.0   3.0   6.1  41.2   10:09    NW
17  -2.6  -1.3   14:51  -4.1   00:00  18.1   0.0   0.0   2.0  22.1   08:47     W
18  -3.4  -1.8   13:42  -7.2   23:17  18.9   0.0   0.0   3.1  10.7   08:52    SE
19  -5.7  -3.1   12:42  -7.4   06:49  21.2   0.0   0.0   0.8   5.4   01:50   ENE
20  -6.1  -2.5   23:45  -9.2   09:20  21.6   0.0   0.0   1.4   9.8   21:39   ESE
21  -1.6  -0.2   13:23  -3.3   01:00  17.1   0.0   0.0   4.6  19.7   20:27   ESE
22  -3.0  -1.1   00:00  -5.9   22:58  18.5   0.0   9.5   1.0   8.3   04:11     N
23  -4.7  -2.1   13:57  -6.8   04:37  20.2   0.0   0.0   0.5   5.4   18:00     N
24  -5.5  -3.9   16:04  -6.7   08:41  21.0   0.0   0.0   0.0   2.2   00:00     N
25  -4.5  -1.9   14:48  -7.2   05:12  20.0   0.0   0.0   0.0   0.0   00:00   ---
26  -2.8   0.1   23:56  -5.3   09:05  18.3   0.0   0.0   1.5  12.1   21:20    SE
27   1.3   1.7   05:48   0.1   00:00  14.2   0.0   9.8   5.2  17.4   09:14    SE
28   3.3   5.5   21:31   1.1   00:00  12.2   0.0   2.3   3.8  19.7   00:15    SE
29   5.8   6.5   12:23   4.9   00:19   9.7   0.0   0.2   3.0   9.2   06:54    SE
30   6.2   7.0   13:00   5.3   23:25   9.3   0.0   0.1   1.6   9.8   03:09    SE
31   5.0   5.8   13:14   4.3   20:33  10.5   0.0   0.0   0.7   9.2   23:21     W
----------------------------------------------------------------------------------
    -0.5   7.1    11    -9.2    20   496.7   0.0  34.8   2.1  41.2    16     NNW

Max >=  27.0:  0
Max <=   0.0: 14
Min <=   0.0: 22
Min <= -18.0:  0
Max Rain: 9.8 on day 27
Days of Rain: 13 (>= 0.2 mm)  6 (>= 2.0 mm)  0 (>= 20.0 mm)
Heat Base: 15.5  Cool Base: 25.0  Method: Integration


Page updated 20/11/2018 17:26:21
© Sandaysoft 2009
powered by Sandy Software Cumulus software v1.9.2 by Steve Loft