NOAA-style Climate Reports for Audley UK


Report for 2011 Jan
                   Monthly Climatological Summary for Jan 2011

Name: Audley   City: Stoke-on-Trent   County: Staffordshire   Country: UK
Elevation: 140 m  Lat: N 53 03' 19"   Lon: W 002 18' 04"

                  Temperature (C), Rain (mm), Wind Speed (mph)

                                      Heat  Cool        Avg
    Mean                              Deg   Deg         Wind                 Dom
Day Temp  High   Time   Low    Time   Days  Days  Rain  Speed High   Time    Dir
----------------------------------------------------------------------------------
 1   4.3   6.2   11:46   1.8   23:49  11.2   0.0   3.4   2.6  17.4   06:22   NNW
 2   0.7   2.2   12:38  -0.4   23:38  14.8   0.0   0.0   0.9   6.9   14:35    NW
 3  -0.8   1.4   14:11  -3.0   20:50  16.3   0.0   0.0   0.7   8.3   22:30   WSW
 4   1.5   4.2   23:53  -1.8   03:28  14.0   0.0   0.2   2.3  15.2   19:16     S
 5   3.9   5.0   14:58   1.6   23:59  11.6   0.0  13.7   2.7  18.3   00:47   WSW
 6   1.5   3.2   13:27   0.2   07:39  14.0   0.0   0.1   1.7  16.8   17:21     W
 7   2.2   6.3   23:09   0.4   00:16  13.3   0.0   4.1   5.5  18.3   11:35    SE
 8   4.0   7.2   03:38   1.5   18:09  11.5   0.0   6.0   5.3  24.4   07:19     W
 9   2.2   4.8   14:28   0.4   21:57  13.3   0.0   0.0   3.7  18.3   00:44   WSW
10   4.2   7.0   14:24  -0.1   03:23  11.3   0.0   3.7   6.1  24.4   19:54   SSE
11   4.1   6.6   02:08   1.3   18:44  11.4   0.0   0.1   4.9  32.0   08:27   WNW
12   7.5  10.2   13:58   2.6   00:00   8.0   0.0   7.2   3.9  15.2   03:36   SSW
13  10.3  11.5   12:22   9.3   22:11   5.2   0.0   5.9   3.2  16.8   07:22   WSW
14   8.6  10.3   13:22   5.1   22:57   6.9   0.0   0.0   3.9  19.7   13:42   WSW
15   9.7  11.4   12:36   6.0   00:11   5.8   0.0   0.0   6.2  27.3   20:01   WSW
16   9.2  11.4   09:36   5.0   23:19   6.3   0.0   3.8   4.2  21.3   07:40   WSW
17   5.1   7.7   13:49   4.4   20:24  10.4   0.0   0.6   0.9   9.2   13:50     W
18   3.8   6.0   14:53   1.4   22:12  11.7   0.0   0.1   2.4  20.6   15:20   WNW
19   2.1   4.9   13:42   0.1   22:59  13.4   0.0   0.0   1.8   8.3   07:42    NW
20  -1.0   0.4   00:42  -3.3   20:46  16.5   0.0   0.1   1.2   6.0   06:00     N
21  -0.8   2.2   12:59  -2.8   00:14  16.3   0.0   0.1   0.9   9.2   00:39     N
22  -1.0   1.4   22:16  -4.2   03:32  16.5   0.0   0.1   1.0   8.3   23:58   NNW
23   2.4   5.1   15:42  -0.2   02:39  13.1   0.0   0.1   1.4   9.8   11:06   NNW
24   4.1   5.8   23:54   2.2   00:00  11.4   0.0   0.1   3.3  17.4   13:55    NW
25   6.3   7.3   14:22   5.3   23:40   9.2   0.0   3.7   5.1  20.6   03:41    NW
26   4.1   6.1   12:47   1.9   22:12  11.4   0.0   0.1   4.3  20.6   19:52    NE
27   0.7   2.1   00:00  -0.8   18:56  14.8   0.0   0.0   5.3  25.9   02:18     E
28  -0.4   4.8   13:46  -2.9   21:25  15.9   0.0   0.0   3.8  13.0   04:01     E
29  -1.6   1.0   13:16  -3.9   08:28  17.1   0.0   0.0   1.2   9.8   18:06    NE
30   0.2   3.3   14:05  -2.6   20:50  15.3   0.0   0.0   5.1   8.3   17:00   WSW
31  -0.4   3.8   13:55  -2.2   02:50  15.9   0.0   0.0  10.3   7.6   19:55   WSW
----------------------------------------------------------------------------------
     3.1  11.5    13    -4.2    22   383.8   0.0  53.2   3.6  32.0    11     WSW

Max >=  27.0:  0
Max <=   0.0:  0
Min <=   0.0: 13
Min <= -18.0:  0
Max Rain: 13.7 on day 5
Days of Rain: 11 (>= 0.2 mm)  9 (>= 2.0 mm)  0 (>= 20.0 mm)
Heat Base: 15.5  Cool Base: 25.0  Method: Integration


Page updated 20/11/2018 17:26:21
© Sandaysoft 2009
powered by Sandy Software Cumulus software v1.9.2 by Steve Loft