NOAA-style Climate Reports for Audley UK


Report for 2011 Jun
                   Monthly Climatological Summary for Jun 2011

Name: Audley   City: Stoke-on-Trent   County: Staffordshire   Country: UK
Elevation: 140 m  Lat: N 53 03' 19"   Lon: W 002 18' 04"

                  Temperature (C), Rain (mm), Wind Speed (mph)

                                      Heat  Cool        Avg
    Mean                              Deg   Deg         Wind                 Dom
Day Temp  High   Time   Low    Time   Days  Days  Rain  Speed High   Time    Dir
----------------------------------------------------------------------------------
 1  14.4  22.2   15:45   7.3   04:24   1.1   0.0   0.0   1.3  13.6   14:31     W
 2  16.7  24.8   15:45  11.8   00:41   0.0   0.0   0.0   1.1   9.8   14:41   NNW
 3  19.3  27.5   13:42  11.8   04:11   0.0   0.0   0.0   2.0  17.4   14:47     E
 4  17.4  25.9   13:34  11.9   04:29   0.0   0.0   0.0   2.7  18.3   13:55     E
 5  13.1  16.8   06:06  10.2   12:16   2.4   0.0   1.4   2.0  12.1   08:21     E
 6  13.8  20.4   05:14  10.5   15:42   1.7   0.0   0.0   1.6  13.6   11:02    NW
 7  12.8  20.5   15:12   8.4   05:12   2.7   0.0   1.0   0.8  13.0   15:27    SW
 8  12.4  18.3   14:52   8.2   04:52   3.1   0.0   3.7   1.2  12.1   13:42    SW
 9  13.4  19.8   16:27   8.8   23:57   2.1   0.0   0.0   1.4  10.7   08:22   WNW
10  12.1  20.9   13:22   6.3   04:37   3.4   0.0   1.6   0.9  11.4   15:27    NW
11  11.1  18.9   05:15   5.5   12:43   4.4   0.0   0.7   1.1  17.4   13:05   WNW
12   9.8  14.0   22:47   5.6   04:55   5.7   0.0  11.5   1.1  15.9   11:03    SE
13  14.9  19.5   13:16  10.8   23:57   0.6   0.0   0.5   1.9  17.4   14:42   WNW
14  16.1  24.6   15:27   8.5   04:55   0.0   0.0   0.0   0.4   9.2   15:30     S
15  16.5  21.0   15:44  13.5   05:16   0.0   0.0   1.0   0.9  13.6   14:15   SSW
16  14.2  21.4   15:29   9.8   05:21   1.3   0.0   0.9   1.3  19.0   15:02     W
17  12.8  18.0   13:56   8.9   03:34   2.7   0.0   1.7   1.0  14.5   09:04    SE
18  13.6  18.5   11:49  10.1   05:41   1.9   0.0   3.0   1.3  18.3   16:38   WNW
19  13.7  18.7   18:11  10.8   06:32   1.8   0.0   0.1   3.0  16.8   11:20   WNW
20  15.9  24.2   14:12   8.1   05:18   0.0   0.0   3.9   0.4   7.6   16:29   SSE
21  16.0  21.5   16:28  13.3   05:42   0.0   0.0   1.4   1.4  15.2   14:49   WSW
22  15.0  20.6   14:41  12.0   02:04   0.5   0.0   1.7   1.7  16.8   14:43     W
23  13.7  19.8   15:59  10.6   23:56   1.8   0.0   0.8   3.0  21.3   13:57   WNW
24  12.5  18.0   11:19   8.8   05:38   3.0   0.0   4.3   1.1  11.4   15:05     W
25  15.2  20.2   15:13   9.9   00:00   0.3   0.0   1.7   1.7  16.8   08:41   WSW
26  20.8  27.1   17:18  15.1   05:27   0.0   0.0   0.0   0.6  10.7   00:57   SSE
27  20.1  28.3   13:01  13.6   23:55   0.0   0.0   0.0   1.3  17.4   16:42    NW
28  14.5  18.4   16:52  10.3   05:18   1.0   0.0   0.0   2.6  19.0   17:20    NW
29  12.8  17.2   16:04   7.2   04:13   2.7   0.0   0.0   1.5  13.0   11:30   WNW
30  13.1  18.3   17:14   7.8   05:10   2.4   0.0   0.0   2.5  18.3   18:45   WNW
----------------------------------------------------------------------------------
    14.6  28.3    27     5.5    11    46.6   0.0  40.9   1.5  21.3    23     WNW

Max >=  27.0:  3
Max <=   0.0:  0
Min <=   0.0:  0
Min <= -18.0:  0
Max Rain: 11.5 on day 12
Days of Rain: 17 (>= 0.2 mm)  5 (>= 2.0 mm)  0 (>= 20.0 mm)
Heat Base: 15.5  Cool Base: 25.0  Method: Integration


Page updated 20/11/2018 17:26:21
© Sandaysoft 2009
powered by Sandy Software Cumulus software v1.9.2 by Steve Loft