NOAA-style Climate Reports for Audley UK


Report for 2011 Jul
                   Monthly Climatological Summary for Jul 2011

Name: Audley   City: Stoke-on-Trent   County: Staffordshire   Country: UK
Elevation: 140 m  Lat: N 53 03' 19"   Lon: W 002 18' 04"

                  Temperature (C), Rain (mm), Wind Speed (mph)

                                      Heat  Cool        Avg
    Mean                              Deg   Deg         Wind                 Dom
Day Temp  High   Time   Low    Time   Days  Days  Rain  Speed High   Time    Dir
----------------------------------------------------------------------------------
 1  13.8  18.2   15:40   9.2   04:57   1.7   0.0   0.0   1.6  12.1   13:35    NW
 2  15.3  21.9   16:02   8.6   04:50   0.2   0.0   0.0   0.6   7.6   18:42   WNW
 3  17.1  24.1   17:23  10.2   05:26   0.0   0.0   0.0   0.8   8.3   11:41   NNW
 4  19.7  25.2   17:05  14.8   05:22   0.0   0.0   0.0   0.3   7.6   14:15    SE
 5  17.4  22.2   11:04  14.7   05:13   0.0   0.0   0.8   0.9  10.7   16:40   SSE
 6  14.6  19.2   16:12  12.3   08:23   0.9   0.0   3.0   0.8  13.0   16:31     S
 7  14.9  19.6   16:35  11.4   04:12   0.6   0.0   2.3   1.2  13.6   08:34   SSE
 8  13.9  17.4   14:47  11.2   04:29   1.6   0.0   2.2   0.9  11.4   18:04   SSW
 9  15.4  20.1   17:26  11.5   04:27   0.1   0.0   1.7   1.6  18.3   15:25   WNW
10  14.8  20.0   13:25  10.4   04:20   0.7   0.0   0.0   0.9  14.5   13:43   WNW
11  15.7  22.1   16:52  10.6   05:02   0.0   0.0   0.0   1.2  11.4   15:11    NW
12  15.5  20.1   13:40  12.7   05:04   0.0   0.0   0.0   1.9  12.1   18:11     E
13  14.8  19.6   17:47  11.0   05:25   0.7   0.0   0.0   1.4   9.8   12:22     N
14  15.7  22.6   17:37   8.3   05:32   0.0   0.0   0.0   2.2  18.3   14:12    NW
15  16.4  22.0   12:39  10.6   05:16   0.0   0.0   0.0   0.6  10.7   13:19    SW
16  14.8  17.2   17:07  11.9   23:24   0.7   0.0   6.1   1.6  16.8   14:21   WSW
17  13.1  15.5   13:09  11.7   05:45   2.4   0.0  21.7   1.6  17.4   12:37     W
18  12.7  15.7   14:28  11.1   09:25   2.8   0.0  10.1   0.0   0.7   00:45   ---
19  13.6  17.3   17:54  12.1   00:10   1.9   0.0   0.0   0.1   6.9   17:59    NW
20  13.9  17.5   16:28  11.4   04:58   1.6   0.0   0.0   0.3   4.5   18:36    NW
21  15.0  18.1   17:52  12.2   04:32   0.5   0.0   0.2   0.7  10.7   17:55    NE
22  13.5  17.9   15:16   9.9   23:57   2.0   0.0   3.9   0.6  12.1   15:34   NNW
23  13.0  17.8   16:48   8.3   05:31   2.5   0.0   0.1   2.5  22.1   17:29   WNW
24  14.0  19.8   17:07   9.8   03:08   1.1   0.1   0.0   2.6  15.9   10:37   WNW
25  14.5  21.5   17:04   8.2   04:36   4.2   0.4   0.0   1.7  14.5   18:15    NW
26  15.0  21.4   16:46  10.9   03:55   5.5   0.7   0.0   1.3  12.1   15:38     N
27  15.0  15.5   00:00  15.0   01:45   3.3   0.0   0.2  12.3  50.1   02:53    SE
28  15.4  19.0   16:27  12.4   05:51   2.8   0.0   0.0   1.6  13.6   14:41    NW
29  15.7  17.8   20:09  12.9   19:55   2.6   0.0   0.0   0.8   8.3   09:41     E
30  13.0  22.2   18:41  10.0   06:20   0.0   5.3   0.0   0.5   6.0   01:20    SE
31  18.8  23.0   16:11  14.2   05:26   0.5   0.0   0.0   0.5   5.4   16:11     W
----------------------------------------------------------------------------------
    15.0  25.2     4     8.2    25    40.9   6.5  52.3   1.4  50.1    27       W

Max >=  27.0:  0
Max <=   0.0:  0
Min <=   0.0:  0
Min <= -18.0:  0
Max Rain: 21.7 on day 17
Days of Rain: 11 (>= 0.2 mm)  7 (>= 2.0 mm)  1 (>= 20.0 mm)
Heat Base: 15.5  Cool Base: 25.0  Method: Integration


Page updated 20/11/2018 17:26:21
© Sandaysoft 2009
powered by Sandy Software Cumulus software v1.9.2 by Steve Loft