NOAA-style Climate Reports for Audley UK


Report for 2011 Aug
                   Monthly Climatological Summary for Aug 2011

Name: Audley   City: Stoke-on-Trent   County: Staffordshire   Country: UK
Elevation: 140 m  Lat: N 53 03' 19"   Lon: W 002 18' 04"

                  Temperature (C), Rain (mm), Wind Speed (mph)

                                      Heat  Cool        Avg
    Mean                              Deg   Deg         Wind                 Dom
Day Temp  High   Time   Low    Time   Days  Days  Rain  Speed High   Time    Dir
----------------------------------------------------------------------------------
 1  20.0  23.5   13:45  16.5   05:40   1.7   0.0   0.2   0.4   9.2   15:45   SSE
 2  19.0  23.4   14:30  15.9   23:55   0.7   0.0   0.4   0.6   9.8   16:20    NW
 3  19.4  26.5   17:36  13.8   05:31   1.4   2.5   0.0   0.6   9.2   17:11    NW
 4  16.8  20.0   17:46  14.7   23:56   1.6   0.1   1.4   0.8  10.7   18:56     W
 5  16.5  20.9   17:51  12.6   23:56   2.2   0.3   0.0   1.9  15.9   03:06    NW
 6  13.9  18.3   14:21  11.5   23:51   4.4   0.0   3.1   0.6  13.6   16:01   WNW
 7  13.7  18.5   17:21  10.8   05:36   4.6   0.0  11.9   1.3  17.4   12:46     W
 8  12.9  16.8   17:56  10.0   01:26   5.4   0.0   1.0   3.9  22.1   19:31   WNW
 9  13.5  16.9   16:06  10.9   22:16   4.8   0.0   0.0   3.7  17.4   14:06   WNW
10  13.8  17.3   12:15  10.4   02:42   4.4   0.0  11.5   1.5  13.0   11:03   WSW
11  16.5  18.6   12:08  14.6   00:00   1.8   0.0   2.8   1.8  19.7   13:57     W
12  16.7  19.3   16:27  15.1   04:34   1.7   0.1   1.2   0.3   9.8   17:03   SSW
13  16.7  20.2   15:08  13.5   23:56   1.8   0.2   0.1   1.3  15.2   15:16     W
14  14.7  17.0   11:15  12.1   23:54   3.6   0.0   0.0   1.2  13.0   14:37   WNW
15  14.6  20.0   14:05   9.5   06:03   3.9   0.2   1.4   1.3  16.8   12:31     W
16  15.2  20.4   16:56  11.3   23:50   3.3   0.2   0.1   2.0  18.3   17:28     W
17  13.6  18.1   15:03   9.5   05:34   4.7   0.0   0.0   0.7   8.3   12:46    NW
18  13.3  18.5   15:55   8.3   05:50   5.0   0.0   1.0   0.4   7.6   14:41     E
19  14.5  19.9   15:09   8.7   06:21   4.0   0.2   0.0   0.8  12.1   16:29   WSW
20  16.4  20.8   13:48  12.1   06:15   2.3   0.4   0.0   0.7   9.8   00:48     S
21  16.5  20.8   13:48  12.6   06:40   2.2   0.4   0.8   1.2  15.2   17:14   WNW
22  16.1  20.4   16:51  11.9   00:50   2.5   0.3   0.0   1.0   9.8   10:24    NE
23  16.1  19.5   18:08  13.3   06:28   2.3   0.1   0.0   1.4  10.7   04:57   ESE
24  15.0  20.4   13:48  11.1   22:11   3.5   0.2   0.3   0.7  13.6   14:44   WSW
25  13.2  18.2   15:34   8.9   06:54   5.1   0.0   7.4   0.5   7.6   12:41   SSE
26  13.0  17.1   15:55  10.7   01:14   5.3   0.0   3.6   0.9  15.2   15:58     N
27  12.5  15.7   15:44  10.5   23:59   5.8   0.0   5.9   1.4  16.8   14:25   WNW
28  12.3  15.5   15:01   9.9   06:37   6.0   0.0   0.5   2.9  21.3   15:09   WNW
29  11.5  13.7   13:30   9.2   05:57   6.9   0.0   0.2   3.5  22.1   10:12   WNW
30  12.3  14.8   13:57  11.1   00:00   6.0   0.0   0.2   1.8  15.2   12:50   WNW
31  13.0  16.8   16:50  10.5   02:53   5.3   0.0   0.0   0.4   6.0   15:20   NNE
----------------------------------------------------------------------------------
    14.9  26.5     3     8.3    18   114.2   5.2  55.0   1.4  22.1     8     WNW

Max >=  27.0:  0
Max <=   0.0:  0
Min <=   0.0:  0
Min <= -18.0:  0
Max Rain: 11.9 on day 7
Days of Rain: 19 (>= 0.2 mm)  7 (>= 2.0 mm)  0 (>= 20.0 mm)
Heat Base: 15.5  Cool Base: 25.0  Method: Integration


Page updated 20/11/2018 17:26:21
© Sandaysoft 2009
powered by Sandy Software Cumulus software v1.9.2 by Steve Loft