NOAA-style Climate Reports for Audley UK


Report for 2011 Dec
                   Monthly Climatological Summary for Dec 2011

Name: Audley   City: Stoke-on-Trent   County: Staffordshire   Country: UK
Elevation: 140 m  Lat: N 53 03' 19"   Lon: W 002 18' 04"

                  Temperature (C), Rain (mm), Wind Speed (mph)

                                      Heat  Cool        Avg
    Mean                              Deg   Deg         Wind                 Dom
Day Temp  High   Time   Low    Time   Days  Days  Rain  Speed High   Time    Dir
----------------------------------------------------------------------------------
 1   5.5   8.9   02:13   3.1   23:56  12.8   0.0   1.2   1.8  25.1   02:11   WSW
 2   4.4   8.7   23:59   1.8   03:33  13.9   0.0   0.1   2.7  19.0   18:53   WSW
 3   7.7  10.4   03:12   5.6   21:02  10.6   0.0   1.2   4.7  25.1   05:58     W
 4   4.5   6.4   00:09   1.5   23:02  13.8   0.0   1.7   3.6  28.2   20:49     W
 5   2.6   5.1   12:11   1.3   03:14  15.8   0.0   0.1   3.8  22.1   12:51     W
 6   3.9   5.7   13:03   1.6   07:09  14.4   0.0   0.4   3.8  21.3   09:14     W
 7   4.8   6.3   12:55   2.7   22:56  13.5   0.0   3.2   6.9  34.2   11:08   WNW
 8   6.4  11.5   11:02   2.9   01:15  11.9   0.0   1.8   6.3  41.2   14:04     W
 9   2.9   5.0   11:54   1.2   19:21  15.4   0.0   1.0   4.2  28.9   16:01     W
10   2.3   5.0   13:20   0.4   08:11  16.1   0.0   0.8   1.9  15.2   12:32     W
11   5.6   7.0   13:37   3.0   23:52  12.7   0.0   2.7   2.4  13.6   06:35     S
12   4.4   8.1   23:51   1.5   02:51  13.9   0.0   3.4   3.7  24.4   18:20   SSW
13   4.2   8.7   01:10   2.3   06:22  14.1   0.0   4.8   5.8  27.3   01:04   WSW
14   2.7   4.5   12:43   1.5   07:13  15.6   0.0   0.4   4.1  22.8   06:43   WSW
15   2.9   5.8   13:51   1.3   00:35  15.4   0.0   3.5   2.7  16.8   06:40   WSW
16   0.6   2.0   00:06  -0.6   23:36  17.8   0.0   0.1   0.8  12.1   12:00   WNW
17   1.0   2.8   14:46  -0.7   01:56  17.3   0.0   3.5   2.0  13.6   07:41    NW
18   0.7   3.0   13:21  -1.0   02:01  17.7   0.0  17.7   1.6  14.5   10:46   WNW
19   3.7   6.6   21:34   0.6   00:04  14.6   0.0   7.6   2.1  15.9   22:39     W
20   5.5   6.6   01:34   3.9   08:24  12.8   0.0   2.6   4.2  21.3   02:44    NW
21   9.5  11.4   13:14   5.3   00:04   8.8   0.0   1.6   4.3  23.5   07:14   WNW
22  10.2  11.4   13:29   8.9   04:19   8.1   0.0   0.0   3.6  15.2   13:19     W
23   7.5  10.6   01:34   4.5   23:44  10.8   0.0   9.3   6.2  25.1   12:24    NW
24   5.9   9.1   23:24   2.4   04:59  12.4   0.0   0.6   4.4  15.2   00:04   WSW
25  10.9  12.4   18:49   9.1   00:04   7.4   0.0   0.0   5.2  17.4   19:29   WSW
26  11.3  12.8   11:44   9.4   21:44   7.0   0.0   0.0   6.4  24.4   05:59     W
27   9.0  10.3   12:44   7.6   23:47   9.3   0.0   0.0   3.0  15.2   00:59   WSW
28   7.0   9.1   05:42   5.6   22:45  11.0   0.0   0.0   6.3  26.6   20:42     W
29   6.0   8.2   15:13   4.5   23:58  12.4   0.0   3.7   7.8  40.3   15:58   WNW
30   5.9  10.3   22:51   3.1   04:06  12.4   0.0   5.2   2.6  15.2   01:41     W
31  10.8  11.5   13:21  10.0   09:16   7.5   0.0   0.1   4.5  20.6   23:43   WSW
----------------------------------------------------------------------------------
     5.5  12.8    26    -1.0    18   397.2   0.0  78.3   4.0  41.2     8       W

Max >=  27.0:  0
Max <=   0.0:  0
Min <=   0.0:  3
Min <= -18.0:  0
Max Rain: 17.7 on day 18
Days of Rain: 22 (>= 0.2 mm)  12 (>= 2.0 mm)  0 (>= 20.0 mm)
Heat Base: 18.3  Cool Base: 18.3  Method: Integration


Page updated 20/11/2018 17:26:21
© Sandaysoft 2009
powered by Sandy Software Cumulus software v1.9.2 by Steve Loft