NOAA-style Climate Reports for Audley UK


Report for 2012 Jan
                   Monthly Climatological Summary for Jan 2012

Name: Audley   City: Stoke-on-Trent   County: Staffordshire   Country: UK
Elevation: 140 m  Lat: N 53 03' 19"   Lon: W 002 18' 04"

                  Temperature (C), Rain (mm), Wind Speed (mph)

                                      Heat  Cool        Avg
    Mean                              Deg   Deg         Wind                 Dom
Day Temp  High   Time   Low    Time   Days  Days  Rain  Speed High   Time    Dir
----------------------------------------------------------------------------------
 1   8.1  10.9   00:00   3.8   23:54  10.3   0.0   1.5   4.1  20.6   00:02   WSW
 2   3.2   5.5   14:08   1.0   05:22  14.1   0.0   2.2   3.5  15.9   11:59   WSW
 3   6.5  10.8   07:27   4.1   00:02   8.9   0.0  10.4   9.3  35.8   19:53     W
 4   6.4   9.5   23:46   4.6   00:00   9.2   0.0   5.7   7.0  31.1   22:40     W
 5   7.6  10.6   02:45   5.6   23:51   7.9   0.0   0.9   3.6  41.2   05:10   WNW
 6   5.8   9.1   23:44   2.8   08:37   9.7   0.0   1.7   0.1  10.7   15:58    SW
 7   7.8   9.7   01:39   7.1   08:39   7.7   0.0   0.1   0.3  12.1   02:16   SSW
 8   7.7   9.2   14:52   7.0   08:23   7.8   0.0   1.2   0.6   9.8   02:50     W
 9   7.3   9.4   09:00   3.4   21:54   8.2   0.0   1.8   1.0  10.7   03:12     W
10   6.5   7.5   12:33   4.5   00:07   9.0   0.0   0.0   1.1  10.7   02:30   WSW
11   8.4  10.5   13:06   7.0   00:00   7.1   0.0   2.0   0.0   1.6   01:32     E
12   7.4  10.8   06:47   2.4   23:04   8.1   0.0   0.5   0.3   6.9   23:16   WNW
13   2.1   4.5   13:36   0.2   22:53  13.4   0.0   0.0   0.6   5.4   01:33   SSE
14   0.5   2.6   15:48  -1.5   08:25  15.2   0.0   0.0   3.1   9.2   20:00    SE
15   0.9   3.1   14:40  -0.8   06:59  14.6   0.0   0.3   3.9  15.2   21:28    SE
16   0.4   2.3   13:47  -0.9   08:32  15.1   0.0   0.1   2.2   9.2   00:39    SE
17   0.4   2.3   23:52  -1.0   08:32  15.1   0.0   0.1   2.0   9.8   23:39    SE
18   6.7  11.3   12:28   2.3   00:00   8.8   0.0   0.5   3.0  19.0   12:44    SW
19   5.5   7.6   13:39   3.5   22:20  10.0   0.0   4.7   4.0  28.2   17:09     W
20   6.3   8.0   20:19   4.1   00:32   9.2   0.0  15.3   5.0  26.6   08:49   WNW
21   8.0  10.7   03:35   5.2   22:13   7.5   0.0   0.8   9.2  41.2   10:13   WNW
22   6.5   9.2   09:12   3.9   22:34   9.0   0.0   0.3   7.0  33.6   12:31   WNW
23   4.7   6.7   12:43   2.1   23:57  10.8   0.0   1.5   3.1  21.3   15:54     W
24   6.0   9.6   17:07   1.8   01:00   9.5   0.0   6.8   1.7  11.4   07:45   SSW
25   8.8   9.9   14:21   7.0   23:59   6.7   0.0   1.6   3.5  19.7   02:58     S
26   4.0   7.0   00:00   1.7   22:42  11.5   0.0   2.2   3.2  19.7   12:45    SW
27   3.2   6.3   13:09   1.5   23:16  12.3   0.0   7.1   3.1  22.8   14:54     W
28   1.1   3.4   13:40  -0.6   07:08  14.4   0.0   0.1   0.4   8.3   02:47   NNW
29   1.6   2.9   12:31   0.0   01:04  13.9   0.0   0.2   1.3  10.7   23:08    SE
30   0.3   3.0   12:56  -1.4   20:45  15.2   0.0   0.0   2.6  12.1   01:43    SE
31   0.5   1.5   14:26  -0.7   23:49  15.0   0.0   0.0   4.2  17.4   15:23     E
----------------------------------------------------------------------------------
     4.8  11.3    18    -1.5    14   335.2   0.0  69.6   3.0  41.2     5     WSW

Max >=  27.0:  0
Max <=   0.0:  0
Min <=   0.0:  8
Min <= -18.0:  0
Max Rain: 15.3 on day 20
Days of Rain: 22 (>= 0.2 mm)  9 (>= 2.0 mm)  0 (>= 20.0 mm)
Heat Base: 15.5  Cool Base: 25.0  Method: Integration


Page updated 20/11/2018 17:26:21
© Sandaysoft 2009
powered by Sandy Software Cumulus software v1.9.2 by Steve Loft