NOAA-style Climate Reports for Audley UK


Report for 2012 Feb
                   Monthly Climatological Summary for Feb 2012

Name: Audley   City: Stoke-on-Trent   County: Staffordshire   Country: UK
Elevation: 140 m  Lat: N 53 03' 19"   Lon: W 002 18' 04"

                  Temperature (C), Rain (mm), Wind Speed (mph)

                                      Heat  Cool        Avg
    Mean                              Deg   Deg         Wind                 Dom
Day Temp  High   Time   Low    Time   Days  Days  Rain  Speed High   Time    Dir
----------------------------------------------------------------------------------
 1  -0.3   2.2   13:15  -2.2   22:25  15.8   0.0   0.0   5.1  20.6   05:05     E
 2  -1.5   1.3   12:40  -4.4   05:25  17.0   0.0   0.0   1.1  10.7   15:30   ESE
 3  -2.5   0.1   14:05  -4.3   08:35  18.0   0.0   0.0   0.3   6.0   12:50   WSW
 4  -2.6   0.5   23:55  -5.7   07:00  18.0   0.0   0.0   2.9  16.8   16:25   SSE
 5   1.8   3.7   15:15   0.3   00:25  13.7   0.0   9.3   0.2   6.0   16:45   WNW
 6   2.3   4.2   13:54  -0.7   21:29  13.2   0.0   6.8   0.2   3.8   03:28   WNW
 7  -1.6   0.6   12:19  -5.1   05:59  17.1   0.0   0.1   1.1  13.0   20:24    SE
 8  -2.5   0.6   13:24  -6.4   03:44  18.0   0.0   0.0   0.5   9.2   12:54    SE
 9  -0.9   0.6   13:44  -2.6   07:59  15.9   0.0   2.0   0.3   6.9   16:34    SE
10  -0.4   0.4   15:20  -2.0   23:48  15.9   0.0   0.1   0.0   0.0   00:00     E
11  -0.9   1.3   13:33  -3.4   06:57  16.4   0.0   0.0   0.2   9.2   11:48    SE
12   2.0   4.0   14:05   0.1   04:07  13.5   0.0   0.0   0.2   5.4   11:40    NW
13   4.7   6.8   15:37   2.4   05:30  10.8   0.0   1.2   3.9  22.1   13:13    NW
14   5.1   7.4   13:12   1.9   05:54  10.4   0.0   0.1   5.7  27.3   14:37    NW
15   6.7   8.4   11:38   4.4   05:49   8.8   0.0   0.0   8.3  25.9   12:36    NW
16   6.7   9.2   13:16   4.4   07:17   8.8   0.0   1.6   3.0  20.6   13:32   WNW
17   8.5  10.6   14:52   6.8   00:24   7.0   0.0   1.1   2.9  17.4   23:04   WSW
18   5.8   8.9   00:00   2.0   22:52   9.8   0.0   3.2   6.9  28.9   16:37     W
19   2.2   5.1   14:42   0.1   06:49  13.3   0.0   0.5   3.6  28.9   01:32    NW
20   4.8   7.3   16:26   1.6   05:07  10.7   0.0   0.5   3.7  16.8   18:23   WSW
21   8.7  10.9   15:04   6.6   00:21   6.8   0.0   0.1   4.5  15.9   09:44   WSW
22   9.8  11.1   15:32   8.4   10:19   5.7   0.0   1.0   6.0  26.6   13:47   WSW
23  10.9  13.9   13:47   9.2   05:43   4.6   0.0   0.0   3.6  16.8   14:16   WSW
24   8.2  11.2   10:56   3.9   22:52   7.3   0.0   0.2   4.5  22.1   12:59     W
25   5.8   8.7   14:18   3.2   03:31   9.7   0.0   0.0   3.0  21.3   14:55   WNW
26   7.0  10.2   15:01   4.2   02:37   8.5   0.0   0.0   1.4  10.7   00:00     W
27   8.8  10.8   12:33   6.4   00:14   6.7   0.0   0.2   2.5  10.7   13:03   WSW
28  10.3  11.6   14:59   8.8   23:27   8.3   0.0   0.0   1.0  12.1   10:31   WNW
29   9.0  11.7   16:00   6.4   23:42   6.5   0.0   0.0   1.1  13.0   11:30    SW
----------------------------------------------------------------------------------
     4.0  13.9    23    -6.4     8   336.2   0.0  28.0   2.4  28.9    18       W

Max >=  27.0:  0
Max <=   0.0:  0
Min <=   0.0: 10
Min <= -18.0:  0
Max Rain: 9.3 on day 5
Days of Rain: 12 (>= 0.2 mm)  4 (>= 2.0 mm)  0 (>= 20.0 mm)
Heat Base: 15.5  Cool Base: 25.0  Method: Integration


Page updated 20/11/2018 17:26:21
© Sandaysoft 2009
powered by Sandy Software Cumulus software v1.9.2 by Steve Loft