NOAA-style Climate Reports for Audley UK


Report for 2012 Apr
                   Monthly Climatological Summary for Apr 2012

Name: Audley   City: Stoke-on-Trent   County: Staffordshire   Country: UK
Elevation: 140 m  Lat: N 53 03' 19"   Lon: W 002 18' 04"

                  Temperature (C), Rain (mm), Wind Speed (mph)

                                      Heat  Cool        Avg
    Mean                              Deg   Deg         Wind                 Dom
Day Temp  High   Time   Low    Time   Days  Days  Rain  Speed High   Time    Dir
----------------------------------------------------------------------------------
 1   6.0  12.2   14:08   1.1   04:46  12.3   0.0   0.0   2.2  17.4   14:47    NW
 2   7.2   9.9   16:01   5.0   05:59  11.1   0.0   0.2   2.2  15.9   13:12   WNW
 3   6.5   9.4   10:53   2.7   22:04  11.8   0.0   4.0   2.5  19.0   13:29   WNW
 4   2.8   4.1   20:28   1.0   03:42  15.5   0.0   3.7   7.2  41.2   08:13   ENE
 5   5.2   9.6   18:48   1.4   23:55  13.1   0.0   0.1   2.4  18.3   00:52     E
 6   5.0   8.8   13:45  -0.4   03:53  13.2   0.0   1.0   2.6  19.0   16:09   WNW
 7   8.3  10.4   14:06   6.5   08:54  10.0   0.0   3.4   2.4  12.1   01:41    NW
 8   8.5  10.2   14:23   7.2   00:04   9.8   0.0   2.9   3.7  18.3   11:25   WNW
 9   8.3  10.0   14:01   7.2   07:01  10.1   0.0   8.7   2.2  13.6   23:29   WSW
10   6.8  10.5   18:05   3.6   06:07  11.5   0.0   0.1   3.5  19.0   16:08   WSW
11   6.6  10.4   16:57   3.8   03:00  11.7   0.0   2.9   2.1  18.3   17:09   WNW
12   7.6  11.6   16:42   5.0   05:47  10.7   0.0   1.2   1.7  16.8   18:01    NW
13   6.3  11.5   15:54   1.8   05:53  11.9   0.0   2.3   1.1   9.8   17:18   ESE
14   5.4   9.0   15:14   1.9   07:08  12.9   0.0   0.4   2.2  19.7   15:45    NE
15   4.3   9.6   18:01  -1.1   05:46  14.0   0.0   0.0   2.3  18.3   12:27   NNW
16   6.0  10.6   15:09   0.9   05:38  12.3   0.0   0.0   1.6  11.4   22:10    SW
17   7.2  11.8   16:02   4.4   23:56  11.1   0.0   5.1   4.0  19.0   02:33   SSW
18   6.2   9.7   15:27   4.0   08:26  12.1   0.0   9.7   5.1  19.0   08:28     E
19   6.7   9.2   16:23   5.1   01:57  11.6   0.0  10.1   2.5  19.0   11:36   NNW
20   6.6  10.0   12:24   4.7   07:02  11.8   0.0   6.4   1.3  13.0   18:50     W
21   6.4  10.4   15:03   2.4   06:38  11.9   0.0   3.8   2.2  19.7   17:35   WNW
22   7.8  11.5   17:42   5.2   02:21  10.5   0.0   2.7   2.5  16.8   16:37     W
23   8.1  11.7   17:35   5.5   05:43  10.2   0.0   0.6   2.0  13.6   15:41     E
24   7.8  11.8   16:14   3.0   06:35  10.5   0.0   0.0   1.3   9.2   10:50    NW
25   6.9  10.2   16:23   4.8   12:50  11.4   0.0  13.6   7.7  31.1   10:21   ESE
26   8.2   9.5   19:48   6.9   00:12   2.0   0.0   9.1   2.5  14.5   22:48   NNW
27   6.6   8.5   13:00   5.0   23:56  11.7   0.0   3.4   2.5  13.6   00:52    NE
28   6.9  10.9   12:57   4.6   00:56  11.4   0.0   0.0   4.6  21.3   13:09     E
29   5.4   7.8   23:56   3.8   09:46  12.9   0.0   9.4   7.0  32.7   16:30     E
30  11.8  17.3   17:28   6.9   02:35   6.5   0.0   0.1   7.4  25.9   22:46   ESE
----------------------------------------------------------------------------------
     6.8  17.3    30    -1.1    15   337.5   0.0 104.9   3.2  41.2     4      NE

Max >=  27.0:  0
Max <=   0.0:  0
Min <=   0.0:  2
Min <= -18.0:  0
Max Rain: 13.6 on day 25
Days of Rain: 22 (>= 0.2 mm)  17 (>= 2.0 mm)  0 (>= 20.0 mm)
Heat Base: 18.3  Cool Base: 18.3  Method: Integration


Page updated 20/11/2018 17:26:21
© Sandaysoft 2009
powered by Sandy Software Cumulus software v1.9.2 by Steve Loft