NOAA-style Climate Reports for Audley UK


Report for 2012 Jun
                   Monthly Climatological Summary for Jun 2012

Name: Audley   City: Stoke-on-Trent   County: Staffordshire   Country: UK
Elevation: 140 m  Lat: N 53 03' 19"   Lon: W 002 18' 04"

                  Temperature (C), Rain (mm), Wind Speed (mph)

                                      Heat  Cool        Avg
    Mean                              Deg   Deg         Wind                 Dom
Day Temp  High   Time   Low    Time   Days  Days  Rain  Speed High   Time    Dir
----------------------------------------------------------------------------------
 1  15.3  20.3   16:32  12.4   03:15   3.2   0.1   0.2   0.6   9.2   12:29   WNW
 2  12.9  15.6   14:44   9.8   23:57   9.7   0.0   1.2   1.7  15.2   13:56    SE
 3   8.1   9.8   00:00   5.4   23:56  10.2   0.0  22.5   4.4  20.6   16:00   ESE
 4  10.0  16.9   17:55   5.5   00:00   8.3   0.0   0.0   1.1  13.6   18:14   NNW
 5  10.8  13.6   15:59   7.6   01:47   7.5   0.0   1.2   0.5  13.0   11:41   SSE
 6  13.7  18.0   12:08  11.0   05:37   4.6   0.0   2.3   0.6  12.1   10:30   WSW
 7  12.4  14.5   12:12  10.3   04:18   5.9   0.0  20.6   0.9  16.8   15:52    SE
 8  11.6  13.5   13:51   9.5   23:49   6.7   0.0  23.2   2.0  19.7   15:08   WSW
 9  10.5  12.5   18:17   8.9   05:20   7.8   0.0   4.7   1.9  20.6   02:17     W
10  13.6  20.9   17:22   9.5   04:50   4.8   0.1   0.0   0.4   9.8   19:20   NNW
11  12.3  15.5   16:33  10.1   23:57   6.0   0.0   0.0   1.8  13.6   19:20     E
12  11.7  14.8   17:51   8.9   06:22   6.6   0.0   0.0   0.8  10.7   12:06   NNE
13  11.6  15.3   12:57   9.1   23:57   6.7   0.0   9.8   0.5   9.8   15:06   ESE
14  12.6  18.5   14:22   7.5   04:49   5.7   0.0   7.4   1.9  19.0   23:06    SE
15  12.4  15.9   14:49   9.2   00:00   6.0   0.0  15.5   1.3  23.5   00:55    SE
16  12.7  15.0   11:49  10.8   05:00   5.7   0.0   2.2   1.3  14.5   11:16     S
17  12.2  16.2   14:28   9.9   23:59   6.1   0.0   0.4   0.9  11.4   07:10   WNW
18  13.5  19.2   18:10   9.6   00:43   4.8   0.0   3.7   0.5   9.8   13:34     W
19  14.5  19.7   15:15  10.5   05:58   3.9   0.1   0.1   0.7  12.1   15:03     W
20  15.8  22.6   17:24   9.6   03:29   3.2   0.7   0.0   1.1  14.5   23:15    SE
21  13.3  16.5   15:41   9.7   23:56   5.0   0.0   6.5   1.2  18.3   06:31    SE
22  11.6  12.9   20:05   9.7   00:00   6.7   0.0  13.5   1.6  20.6   12:50     W
23  13.0  16.7   14:23   9.9   02:03   5.3   0.0   2.5   1.7  18.3   13:50     W
24  13.2  17.6   17:36  10.2   01:00   5.1   0.0  12.5   2.6  17.4   11:20   WNW
25  14.7  20.4   17:26  11.8   06:01   3.8   0.1   0.0   1.2   9.8   12:56   WNW
26  15.6  19.1   11:51  11.7   02:01   2.7   0.0   3.0   0.5  12.1   21:01   SSW
27  19.0  26.2   18:01  15.4   05:36   0.9   1.6   0.2   0.4   6.0   09:06   WSW
28  18.4  24.8   17:59  13.6   23:55   1.2   1.3   2.7   0.7   9.2   17:09    SW
29  16.1  20.0   16:26  13.1   00:20   2.4   0.1   0.0   1.3  15.2   14:11    SW
30  14.3  19.5   12:20  11.5   23:53   4.0   0.0   7.6   0.8  16.8   15:54   WSW
----------------------------------------------------------------------------------
    13.2  26.2    27     5.4     3   160.5   4.1 163.5   1.2  23.5    15     SSW

Max >=  27.0:  0
Max <=   0.0:  0
Min <=   0.0:  0
Min <= -18.0:  0
Max Rain: 23.2 on day 8
Days of Rain: 22 (>= 0.2 mm)  17 (>= 2.0 mm)  3 (>= 20.0 mm)
Heat Base: 18.3  Cool Base: 18.3  Method: Integration


Page updated 20/11/2018 17:26:21
© Sandaysoft 2009
powered by Sandy Software Cumulus software v1.9.2 by Steve Loft