NOAA-style Climate Reports for Audley UK


Report for 2012 Aug
                   Monthly Climatological Summary for Aug 2012

Name: Audley   City: Stoke-on-Trent   County: Staffordshire   Country: UK
Elevation: 140 m  Lat: N 53 03' 19"   Lon: W 002 18' 04"

                  Temperature (C), Rain (mm), Wind Speed (mph)

                                      Heat  Cool        Avg
    Mean                              Deg   Deg         Wind                 Dom
Day Temp  High   Time   Low    Time   Days  Days  Rain  Speed High   Time    Dir
----------------------------------------------------------------------------------
 1  16.0  19.0   16:55  14.0   23:52   0.4   0.0   1.0   0.9  15.2   10:57   SSE
 2  15.1  21.6   17:30  11.8   06:39   1.4   0.0   8.4   0.3   9.2   15:16   WSW
 3  14.6  18.1   17:01  10.8   04:20   1.5   0.0   0.1   0.2   9.8   09:38   SSE
 4  15.5  20.4   14:29  12.7   23:41   1.0   0.0   2.1   0.2   9.2   11:59   SSE
 5  15.0  19.4   14:31  11.6   06:06   1.5   0.0   0.1   0.3   9.2   17:44   SSW
 6  14.3  17.9   15:49  11.2   05:47   1.5   0.0   0.0   1.4  15.2   12:49   WNW
 7  14.9  19.8   15:23  10.8   05:20   1.4   0.0   2.6   0.5   9.8   11:26     W
 8  16.2  23.5   17:43  11.7   04:04   1.2   0.0   0.0   0.6   9.8   11:49    NW
 9  16.9  24.9   17:40  12.4   06:07   1.0   0.0   0.0   0.7   9.2   18:36   NNW
10  17.9  24.8   16:46  12.7   05:20   0.7   0.0   0.0   0.5  10.7   21:55     N
11  17.3  21.9   17:15  12.8   05:43   0.6   0.0   0.0   1.1  13.6   19:19    SE
12  17.1  22.0   17:00  14.0   02:55   0.3   0.0   1.3   1.0  15.2   09:47    SE
13  17.8  21.3   11:56  15.1   05:56   0.0   0.0   0.0   0.6  15.9   11:11   SSE
14  18.6  25.8   18:01  14.4   06:32   0.1   0.0   0.0   0.3   7.6   10:20   SSE
15  16.8  20.7   10:27  13.5   22:47   0.3   0.0  15.1   1.6  23.5   10:59    SE
16  16.8  21.2   14:12  12.8   04:24   0.7   0.0   0.2   1.0  12.1   17:09   SSE
17  17.5  21.0   13:28  15.6   00:46   0.0   0.0   4.9   1.4  17.4   02:51    SE
18  19.2  25.3   18:07  16.4   00:05   0.0   0.0   0.0   0.6  11.4   00:24   SSW
19  17.3  20.4   10:33  13.9   23:34   0.1   0.0   1.5   0.4  11.4   16:15    NW
20  17.4  24.9   17:49  13.7   00:36   0.3   0.0   0.5   0.9  14.5   17:57     W
21  15.9  21.1   17:56  13.8   01:50   0.6   0.0   0.7   0.4  13.0   18:33   WSW
22  15.2  20.8   17:40  11.8   05:29   1.3   0.0   0.5   1.6  16.8   18:43     W
23  15.1  18.7   14:22  12.4   00:28   1.1   0.0   0.1   0.3   8.3   10:54   WSW
24  14.6  18.0   14:20  12.4   06:10   1.3   0.0   4.9   0.3   9.8   12:41   SSE
25  15.5  18.8   12:23  13.0   22:26   0.7   0.0   6.5   2.0  20.6   20:54   WNW
26  14.3  18.2   17:59  11.5   23:31   1.7   0.0   4.0   1.4  13.0   02:29     W
27  13.8  16.4   15:12  10.9   02:27   1.7   0.0   6.1   1.1  14.5   12:09    SE
28  14.7  18.9   14:45  11.4   05:11   1.6   0.0   0.1   0.6  12.1   13:04   WSW
29  13.5  17.0   18:01  11.6   23:48   2.0   0.0  19.5   0.7  13.0   12:31   SSE
30  12.6  15.9   18:09   7.7   23:57   2.9   0.0   0.6   1.7  20.6   06:45    NW
31  11.2  15.8   14:25   6.4   06:11   4.3   0.0   0.4   0.8  14.5   14:09   WNW
----------------------------------------------------------------------------------
    15.8  25.8    14     6.4    31    33.2   0.0  81.2   0.8  23.5    15      SW

Max >=  27.0:  0
Max <=   0.0:  0
Min <=   0.0:  0
Min <= -18.0:  0
Max Rain: 19.5 on day 29
Days of Rain: 19 (>= 0.2 mm)  10 (>= 2.0 mm)  0 (>= 20.0 mm)
Heat Base: 15.5  Cool Base: 25.0  Method: Integration


Page updated 20/11/2018 17:26:21
© Sandaysoft 2009
powered by Sandy Software Cumulus software v1.9.2 by Steve Loft