NOAA-style Climate Reports for Audley UK


Report for 2012 Nov
                   Monthly Climatological Summary for Nov 2012

Name: Audley   City: Stoke-on-Trent   County: Staffordshire   Country: UK
Elevation: 140 m  Lat: N 53 03' 19"   Lon: W 002 18' 04"

                  Temperature (C), Rain (mm), Wind Speed (mph)

                                      Heat  Cool        Avg
    Mean                              Deg   Deg         Wind                 Dom
Day Temp  High   Time   Low    Time   Days  Days  Rain  Speed High   Time    Dir
----------------------------------------------------------------------------------
 1   4.4   7.0   14:24   2.5   19:11  11.1   0.0   0.2   1.5  17.4   15:13   WSW
 2   5.3   8.7   14:54   3.3   23:10  10.2   0.0   0.2   3.2  22.8   15:23   WSW
 3   3.6   7.4   13:40   1.2   04:47  11.9   0.0   0.6   1.5  13.6   12:21   WSW
 4   3.5   6.5   14:00   1.0   06:05  12.0   0.0   0.1   1.7  13.6   22:10   ESE
 5   3.2   7.8   14:30  -0.1   06:35  12.3   0.0   0.1   1.0  14.5   12:50    NW
 6   6.4   9.3   20:48   1.8   01:59   9.1   0.0   0.6   3.6  20.6   20:31   WNW
 7   8.3   9.9   13:51   6.2   07:53   7.2   0.0   0.0   3.6  18.3   03:35     W
 8   8.8  10.4   13:40   6.9   22:44   6.7   0.0   0.0   3.5  17.4   10:02     W
 9   8.2   9.9   11:10   7.2   23:54   7.3   0.0   1.9   1.4  13.0   03:43     S
10   6.3   8.4   13:26   4.0   23:47   9.2   0.0   0.1   1.1  12.1   22:43   WSW
11   5.4   9.5   13:27   2.1   07:12  10.1   0.0   0.1   1.5  13.0   14:26     W
12   8.3  11.3   16:54   5.3   03:59   7.2   0.0   2.2   2.2  15.9   12:01     S
13  11.4  12.7   12:06  10.1   06:12   4.1   0.0   0.1   1.6  14.5   12:14   SSW
14  10.4  11.7   13:46   7.7   23:50   5.1   0.0   0.0   1.2   8.3   03:29   SSE
15   7.3   9.5   11:31   4.3   18:35   8.3   0.0   0.0   0.8   9.2   18:08   SSE
16   6.0   7.7   12:41   3.4   07:50   9.5   0.0   4.0   0.8   6.9   10:37   SSE
17   5.9   7.9   14:46   3.0   23:51   9.6   0.0   3.5   1.8  13.0   14:06     W
18   3.6   6.1   13:19   1.2   07:11  11.9   0.0   0.2   2.0  13.6   22:52     S
19   8.2  10.3   20:38   5.6   00:00   7.3   0.0   0.0   5.1  21.3   10:43   SSE
20  11.4  14.3   13:50   9.2   23:43   4.1   0.0   1.4   3.5  18.3   10:47   SSE
21   6.2   9.3   00:00   4.6   18:56   9.3   0.0  15.5   2.5  14.5   10:54     N
22   8.6  12.5   13:39   5.3   00:00   6.9   0.0  10.2   5.5  32.7   15:39   SSE
23   5.3   8.5   13:25   3.1   23:58  10.2   0.0   0.4   1.5  13.6   14:25    SW
24   4.3   6.9   23:14   1.9   07:05  11.2   0.0  11.4   5.5  22.1   16:54   ESE
25   6.5   8.4   23:29   5.5   07:06   9.0   0.0  13.7   5.8  31.1   08:32     W
26   6.4   8.4   00:00   5.0   23:32   9.1   0.0   6.0   4.0  19.7   18:35   NNW
27   5.6   7.1   12:46   4.4   02:23   9.9   0.0   1.9   5.3  20.6   07:09   NNW
28   2.9   5.0   12:33  -0.7   22:21  12.6   0.0   0.1   4.1  20.6   12:30    NW
29  -0.1   2.4   13:58  -1.5   08:30  15.6   0.0   0.0   0.6   6.9   03:30   NNW
30   0.4   2.6   12:45  -1.4   22:43  15.1   0.0   0.2   0.3   3.8   11:34    NW
----------------------------------------------------------------------------------
     6.1  14.3    20    -1.5    29   283.1   0.0  74.7   2.6  32.7    22     WSW

Max >=  27.0:  0
Max <=   0.0:  0
Min <=   0.0:  4
Min <= -18.0:  0
Max Rain: 15.5 on day 21
Days of Rain: 18 (>= 0.2 mm)  8 (>= 2.0 mm)  0 (>= 20.0 mm)
Heat Base: 15.5  Cool Base: 25.0  Method: Integration


Page updated 20/11/2018 17:26:21
© Sandaysoft 2009
powered by Sandy Software Cumulus software v1.9.2 by Steve Loft