NOAA-style Climate Reports for Audley UK


Report for 2013 Jan
                   Monthly Climatological Summary for Jan 2013

Name: Audley   City: Stoke-on-Trent   County: Staffordshire   Country: UK
Elevation: 140 m  Lat: N 53 03' 19"   Lon: W 002 18' 04"

                  Temperature (C), Rain (mm), Wind Speed (mph)

                                      Heat  Cool        Avg
    Mean                              Deg   Deg         Wind                 Dom
Day Temp  High   Time   Low    Time   Days  Days  Rain  Speed High   Time    Dir
----------------------------------------------------------------------------------
 1   4.5   6.3   13:14   2.1   04:35  11.0   0.0   0.3   4.4  20.6   13:07     W
 2   7.5   9.8   15:41   4.5   04:09   8.0   0.0   1.3   2.8  14.5   02:15   WSW
 3   9.9  10.9   13:51   8.4   23:18   5.6   0.0   0.0   4.1  18.3   04:51   WSW
 4   8.6  10.0   13:18   7.1   09:54   6.9   0.0   0.0   1.6   9.8   23:18   WSW
 5   8.5   9.7   11:27   7.2   19:12   7.0   0.0   0.0   2.4  12.1   11:20    SW
 6   8.2  10.1   12:43   6.7   05:01   7.3   0.0   0.0   1.4   8.3   01:14     S
 7   8.5   9.7   14:20   7.6   00:46   7.0   0.0   0.0   1.6  13.0   22:49     S
 8   8.9  10.5   11:26   5.5   23:43   6.6   0.0   6.9   1.6  12.1   16:40   WNW
 9   3.6   5.5   00:00   1.0   23:00  11.9   0.0   0.3   0.7   8.3   04:31   NNW
10   0.3   1.4   00:30  -0.2   17:19  15.2   0.0   0.1   0.2   6.0   00:44     W
11   2.5   4.9   14:28   0.3   00:00  13.0   0.0   1.8   1.6  12.1   21:53    SE
12   1.7   3.1   13:51  -0.4   23:25  13.8   0.0   0.2   7.4  22.8   08:46   ESE
13  -0.1   1.3   13:35  -1.6   08:02  15.6   0.0   0.0   1.0  12.1   00:43   ESE
14   1.1   4.3   13:57  -0.1   22:10  14.4   0.0   6.1   2.6  23.5   16:11    NW
15  -0.9   0.6   01:39  -2.6   22:04  16.5   0.0   0.0   1.6  15.9   00:51    NE
16  -2.9  -1.3   14:47  -3.9   07:55  18.4   0.0   0.0   2.6  10.7   06:08    SE
17  -1.1   0.6   14:16  -3.1   00:09  16.5   0.0   0.0   4.9  16.8   18:25    SE
19  -0.6   0.3   11:12  -1.8   00:00  16.1   0.0   0.0   4.7  15.9   01:37   ESE
20   0.2   1.1   11:54  -0.7   01:32  15.3   0.0   0.0   5.1  20.6   14:29     E
21  -0.7   0.1   14:38  -1.3   06:52  16.2   0.0   0.0   0.1   6.0   03:10   NNW
22  -0.2   0.8   23:14  -1.9   08:32  15.7   0.0   0.0   3.3  15.9   11:35   ESE
23   0.0   0.9   13:24  -0.6   08:29  15.5   0.0   0.0   4.1  16.8   14:56   ESE
24  -0.1   1.8   13:23  -2.5   23:49  15.6   0.0   0.0   1.4   9.8   10:55   ESE
25  -0.8   1.2   14:14  -3.4   02:50  16.3   0.0   0.0   4.9  22.8   15:47    SE
26   2.8   5.9   23:58   0.2   00:00  12.7   0.0  13.4   3.8  19.7   21:37     S
27   5.5   8.1   05:48   2.5   22:37  10.0   0.0   6.6   6.5  29.8   10:35   WSW
28   5.0   9.5   21:42   1.3   05:51  10.5   0.0   1.9   5.1  27.3   21:34    SW
29   9.6  12.9   15:20   6.9   06:38   5.9   0.0   0.2   4.8  24.4   15:41   WSW
30   7.5   9.4   13:04   4.8   22:04   8.0   0.0   0.2   8.4  52.6   13:08     W
31   6.6   8.3   13:49   5.1   02:40   8.9   0.0   2.2   7.4  36.5   09:52     W
----------------------------------------------------------------------------------
     3.5  12.9    29    -3.9    16   361.4   0.0  41.5   3.4  52.6    30     SSW

Max >=  27.0:  0
Max <=   0.0:  1
Min <=   0.0: 14
Min <= -18.0:  0
Max Rain: 13.4 on day 26
Days of Rain: 13 (>= 0.2 mm)  5 (>= 2.0 mm)  0 (>= 20.0 mm)
Heat Base: 15.5  Cool Base: 25.0  Method: Integration


Page updated 20/11/2018 17:26:21
© Sandaysoft 2009
powered by Sandy Software Cumulus software v1.9.2 by Steve Loft