NOAA-style Climate Reports for Audley UK


Report for 2013 Mar
                   Monthly Climatological Summary for Mar 2013

Name: Audley   City: Stoke-on-Trent   County: Staffordshire   Country: UK
Elevation: 140 m  Lat: N 53 03' 19"   Lon: W 002 18' 04"

                  Temperature (C), Rain (mm), Wind Speed (mph)

                                      Heat  Cool        Avg
    Mean                              Deg   Deg         Wind                 Dom
Day Temp  High   Time   Low    Time   Days  Days  Rain  Speed High   Time    Dir
----------------------------------------------------------------------------------
 1   5.1   7.0   14:30   3.0   23:58  10.4   0.0   0.0   2.3  15.2   10:06   ENE
 2   3.0   7.5   15:13  -0.8   06:04  12.5   0.0   0.0   1.2  10.7   11:00   NNW
 3   1.0   2.0   00:00   0.8   15:53  14.5   0.0   0.0   1.0   9.2   20:34    SE
 4   0.8   0.8   00:00   0.8   00:00  14.7   0.0   0.0   3.7  12.1   04:42    SE
 5   5.1  11.1   15:02   0.1   05:50  10.4   0.0   0.0   3.0  13.6   21:24    SE
 6   5.6   9.5   13:06   3.4   04:14   9.9   0.0   0.0   7.5  19.7   07:26    SE
 7   6.5   8.8   14:37   5.1   22:21   9.0   0.0   8.5   6.5  20.6   20:57   ESE
 8   5.7   7.8   11:39   4.4   23:50   9.8   0.0   0.8   7.1  19.7   14:55   ESE
 9   3.8   5.3   12:22   1.7   21:55  11.7   0.0   2.3   2.9  11.4   16:48     E
10   0.6   2.3   14:13  -1.9   23:52  14.9   0.0   3.4   7.4  28.9   13:49     E
11  -2.0   0.4   13:11  -3.5   07:00  17.5   0.0   0.0   8.1  31.1   12:50     E
12   0.0   4.5   15:24  -4.7   06:51  15.5   0.0   0.1   3.9  20.6   12:22   NNW
13   1.8   5.9   14:45  -1.6   23:45  13.7   0.0   0.0   2.7  17.4   12:07   NNW
14   1.7   6.0   14:41  -2.8   05:51  13.8   0.0   0.9   2.1  15.2   17:43     W
15   4.9   8.6   17:24   2.7   05:23  10.6   0.0   5.1   2.2  15.9   11:27     S
16   3.8   7.5   14:54   0.3   23:45  11.7   0.0  10.9   1.3  12.1   22:12   WSW
17   2.5   6.4   16:37   0.0   06:01  13.0   0.0   3.1   1.4   8.3   21:33   SSE
18   2.8   6.5   11:34  -0.6   06:26  12.7   0.0   0.0   2.5  13.6   16:47   ESE
19   3.1   5.7   13:48   1.0   05:22  12.5   0.0   0.1   3.3  17.4   19:20    SE
20   2.6   5.3   13:22   0.5   23:17  12.9   0.0   0.0   4.6  15.9   10:16   ESE
21   1.9   5.1   12:53  -0.9   05:57  13.7   0.0   0.0  10.1  28.9   21:01    SE
22   0.6   1.9   12:53   0.1   02:18  14.9   0.0   2.9  16.6  34.9   10:21    SE
23   0.2   1.4   12:35  -1.0   23:49  15.4   0.0   2.9  11.3  30.4   01:55   ESE
24  -0.5   1.5   14:49  -2.0   05:14  16.0   0.0   0.5  10.6  33.6   10:04   ESE
25   0.7   3.7   12:50  -0.5   07:02  14.8   0.0   0.7  11.2  31.1   10:14     E
26   0.5   2.9   14:50  -0.8   05:42  15.0   0.0   0.0   7.4  27.3   10:53     E
27   0.4   2.9   13:47  -1.6   22:26  15.1   0.0   0.0   4.8  19.0   12:26     E
28   0.5   4.1   10:45  -3.5   05:26  15.0   0.0   0.0   4.2  22.8   09:45     E
29   1.1   5.2   11:19  -2.0   23:15  14.4   0.0   0.0   3.7  20.6   16:44     E
30   1.3   6.3   13:38  -2.3   01:42  14.2   0.0   0.0   3.2  15.9   08:54     E
31   1.7   7.1   18:26  -3.0   06:48  13.3   0.0   0.0   4.2  15.9   12:43    SE
----------------------------------------------------------------------------------
     2.2  11.1     5    -4.7    12   413.5   0.0  42.2   5.2  34.9    22     ESE

Max >=  27.0:  0
Max <=   0.0:  0
Min <=   0.0: 18
Min <= -18.0:  0
Max Rain: 10.9 on day 16
Days of Rain: 12 (>= 0.2 mm)  8 (>= 2.0 mm)  0 (>= 20.0 mm)
Heat Base: 15.5  Cool Base: 25.0  Method: Integration


Page updated 20/11/2018 17:26:21
© Sandaysoft 2009
powered by Sandy Software Cumulus software v1.9.2 by Steve Loft