NOAA-style Climate Reports for Audley UK


Report for 2013 May
                   Monthly Climatological Summary for May 2013

Name: Audley   City: Stoke-on-Trent   County: Staffordshire   Country: UK
Elevation: 140 m  Lat: N 53 03' 19"   Lon: W 002 18' 04"

                  Temperature (C), Rain (mm), Wind Speed (mph)

                                      Heat  Cool        Avg
    Mean                              Deg   Deg         Wind                 Dom
Day Temp  High   Time   Low    Time   Days  Days  Rain  Speed High   Time    Dir
----------------------------------------------------------------------------------
 1   9.1  15.4   17:37   3.4   05:45   6.4   0.0   0.0   2.6  16.8   17:37    NW
 2  10.1  19.0   18:00   2.5   05:43   5.7   0.0   0.0   1.3  11.4   16:59   WNW
 3  10.6  15.5   13:01   5.4   05:34   4.9   0.0   0.0   3.8  22.8   16:57   WSW
 4  11.2  15.9   17:00   7.3   23:50   4.3   0.0   0.8   4.5  21.3   15:10     W
 5  12.1  18.7   17:36   7.2   00:05   3.6   0.0   0.0   2.9  19.0   12:45   WSW
 6  13.4  24.4   17:30   5.8   04:54   3.6   0.0   0.0   1.3  12.1   18:06    SW
 7  16.3  24.9   17:22   8.8   06:06   2.0   0.0   0.0   2.5  14.5   18:31    SE
 8  13.3  17.0   12:41   8.2   23:56   2.4   0.0   0.8   3.8  20.6   13:17     S
 9   9.2  12.9   11:06   6.4   02:35   6.3   0.0   4.2   3.8  22.1   20:03     S
10  10.2  14.6   16:30   7.6   04:29   5.3   0.0   1.2   5.8  26.6   13:42     W
11   7.7  10.9   16:26   5.5   04:30   7.8   0.0   8.8   3.2  25.1   16:46     W
12   8.9  11.0   18:19   5.4   06:06   6.6   0.0   2.9   3.2  20.6   02:53     W
13   8.4  11.7   14:30   4.8   23:42   7.1   0.0   0.7   5.9  29.8   11:52     W
14   6.8  10.9   12:26   3.4   06:11   8.7   0.0  13.2   1.8  16.8   11:22    SW
15   6.7  11.8   16:07   4.0   01:45   8.8   0.0  21.2   4.9  27.3   14:44    NW
16   9.7  17.7   17:42   4.2   01:55   5.9   0.0   0.0   1.1  13.0   20:48    SE
17   9.8  12.8   11:37   6.4   03:42   5.7   0.0   2.6   1.5  13.0   09:28   ENE
18   8.8  10.5   11:37   7.6   05:15   6.7   0.0   0.9   2.3  17.4   08:35   WNW
19  11.9  16.6   17:33   7.8   04:26   3.6   0.0   0.0   1.5  14.5   18:31    NW
20  12.1  15.0   14:16  10.0   04:23   3.4   0.0   2.5   2.4  13.0   14:37   WNW
21  10.0  11.7   13:16   8.5   23:51   5.5   0.0   2.4   2.3  16.8   15:30   WNW
22   9.3  12.3   17:28   6.3   23:55   6.2   0.0   0.0   5.1  29.8   18:16   WNW
23   6.7  10.9   15:15   4.1   04:40   8.8   0.0   2.1   4.5  25.1   15:34   WNW
24   7.5  11.3   16:39   4.6   03:39   8.0   0.0   1.9   5.3  32.0   12:12   NNW
25  10.2  17.5   17:33   4.7   00:28   5.5   0.0   0.0   1.2  13.6   14:52    NW
26  11.6  21.0   17:44   4.5   04:44   4.5   0.0   0.0   1.0  10.7   13:09     W
27   9.9  16.3   13:14   5.2   04:59   5.6   0.0   3.8   1.0  13.6   12:29   SSE
28   9.4  11.2   17:04   7.4   04:39   6.1   0.0  19.0   1.6  13.0   18:19     E
29  11.0  14.8   11:39   7.4   05:19   4.5   0.0   7.6   1.7  15.2   13:09     N
30  12.7  15.7   17:13  10.8   23:58   2.8   0.0   1.6   2.0  16.8   10:22    NW
31  13.1  19.6   15:29   8.3   05:48   3.1   0.0   0.0   2.0  15.9   16:07   WNW
----------------------------------------------------------------------------------
    10.2  24.9     7     2.5     2   169.4   0.0  98.2   2.8  32.0    24       W

Max >=  27.0:  0
Max <=   0.0:  0
Min <=   0.0:  0
Min <= -18.0:  0
Max Rain: 21.2 on day 15
Days of Rain: 19 (>= 0.2 mm)  12 (>= 2.0 mm)  1 (>= 20.0 mm)
Heat Base: 15.5  Cool Base: 25.0  Method: Integration


Page updated 20/11/2018 17:26:21
© Sandaysoft 2009
powered by Sandy Software Cumulus software v1.9.2 by Steve Loft