NOAA-style Climate Reports for Audley UK


Report for 2013 Jul
                   Monthly Climatological Summary for Jul 2013

Name: Audley   City: Stoke-on-Trent   County: Staffordshire   Country: UK
Elevation: 140 m  Lat: N 53 03' 19"   Lon: W 002 18' 04"

                  Temperature (C), Rain (mm), Wind Speed (mph)

                                      Heat  Cool        Avg
    Mean                              Deg   Deg         Wind                 Dom
Day Temp  High   Time   Low    Time   Days  Days  Rain  Speed High   Time    Dir
----------------------------------------------------------------------------------
 1  13.3  15.6   12:28  10.2   06:01   2.2   0.0   0.4   1.3  13.6   10:22     W
 2  12.8  15.4   13:47   9.1   01:39   2.7   0.0   5.4   0.8  12.1   17:57   SSE
 3  14.5  16.7   12:51  11.8   23:56   1.1   0.0   4.5   1.8  16.8   12:31     W
 4  16.7  21.8   15:46  11.2   02:41   1.0   0.0   0.0   1.4  18.3   10:41     W
 5  17.1  26.8   17:51  10.4   05:41   1.3   0.1   0.0   0.3   6.9   11:46     W
 6  19.4  29.0   16:51  13.7   05:06   0.3   0.3   0.0   0.6   9.2   19:41   WNW
 7  19.4  28.8   16:46  12.1   05:21   0.8   0.4   0.0   0.9   9.2   09:56   NNW
 8  20.4  29.3   17:26  14.8   05:16   0.1   0.4   0.0   0.9   9.2   12:36     E
 9  19.7  28.9   16:46  13.0   04:46   0.5   0.4   0.0   0.7   7.6   17:56    NW
10  19.0  23.7   13:36  14.6   23:54   0.0   0.0   0.0   0.7   8.3   10:44   ESE
11  17.2  27.5   18:07  10.1   05:38   1.4   0.1   0.0   0.7   9.8   14:38    NE
12  19.6  27.7   17:11  12.3   05:10   0.6   0.3   0.0   0.7  10.7   14:17   WNW
13  20.8  29.6   16:27  14.1   04:59   0.2   0.7   0.0   1.1  11.4   17:37   WNW
14  18.5  24.9   17:35  13.9   05:13   0.2   0.0   0.0   1.2  14.5   13:33   WNW
15  18.5  25.9   14:55  12.7   03:48   0.8   0.0   0.0   0.8  10.7   16:09   WNW
16  18.6  28.9   17:13  12.1   05:06   0.8   0.3   0.0   0.7  13.6   18:58   WNW
17  19.7  28.5   17:47  13.7   04:05   0.3   0.3   0.0   0.8   9.2   14:27    NW
18  21.9  30.6   16:51  15.0   03:54   0.0   0.9   0.0   0.5   7.6   15:45   NNE
19  22.8  32.0   17:57  16.2   05:24   0.0   1.1   0.0   1.1  13.6   22:48   ESE
20  19.8  24.0   16:26  16.1   04:17   0.0   0.0   0.0   1.5  13.6   12:02   ESE
21  17.2  19.7   16:40  15.0   05:42   0.0   0.0   0.0   0.8  11.4   10:26    SE
22  20.8  30.0   17:35  14.6   02:07   0.2   0.4   0.0   0.6  11.4   05:09    SE
23  20.3  26.0   16:55  17.0   23:56   0.0   0.0  20.4   0.6   9.2   08:22   SSE
24  19.5  24.7   16:44  15.3   06:03   0.0   0.0   0.0   0.2   7.6   11:45   SSW
25  19.3  25.6   16:58  15.5   05:43   0.0   0.0   1.9   0.7  14.5   17:41   WSW
26  19.2  27.9   17:35  13.8   05:19   0.2   0.1   0.0   0.3   6.0   13:08    SW
27  18.9  25.8   16:55  13.8   05:13   0.3   0.0  19.6   0.2   6.9   23:54    SE
28  17.2  24.0   17:43  14.3   06:09   0.2   0.0  23.9   1.4  15.2   15:59   WSW
29  17.8  23.5   17:41  14.8   05:38   0.1   0.0   0.7   1.0  13.6   18:02    SW
30  17.2  23.5   17:40  12.1   05:03   0.8   0.0   0.0   0.8  12.1   18:42   WSW
31  16.2  19.1   19:37  14.4   05:50   0.2   0.0   8.7   0.3   9.2   21:20     S
----------------------------------------------------------------------------------
    18.5  32.0    19     9.1     2    16.3   5.8  85.5   0.8  18.3     4       W

Max >=  27.0: 13
Max <=   0.0:  0
Min <=   0.0:  0
Min <= -18.0:  0
Max Rain: 23.9 on day 28
Days of Rain: 9 (>= 0.2 mm)  6 (>= 2.0 mm)  2 (>= 20.0 mm)
Heat Base: 15.5  Cool Base: 25.0  Method: Integration


Page updated 20/11/2018 17:26:21
© Sandaysoft 2009
powered by Sandy Software Cumulus software v1.9.2 by Steve Loft