NOAA-style Climate Reports for Audley UK


Report for 2013 Sep
                   Monthly Climatological Summary for Sep 2013

Name: Audley   City: Stoke-on-Trent   County: Staffordshire   Country: UK
Elevation: 140 m  Lat: N 53 03' 19"   Lon: W 002 18' 04"

                  Temperature (C), Rain (mm), Wind Speed (mph)

                                      Heat  Cool        Avg
    Mean                              Deg   Deg         Wind                 Dom
Day Temp  High   Time   Low    Time   Days  Days  Rain  Speed High   Time    Dir
----------------------------------------------------------------------------------
 1  12.6  16.3   14:18   9.0   04:15   3.0   0.0   0.0   2.9  19.0   11:33     W
 2  15.9  22.3   17:54  11.0   04:08   1.5   0.0   0.0   2.0  16.8   11:45   WNW
 3  17.3  23.0   18:16  13.8   00:53   0.3   0.0   0.0   0.1   6.0   16:47   SSE
 4  17.5  23.0   18:22  12.1   06:02   0.8   0.0   0.0   0.2   7.6   12:46   SSE
 5  15.7  19.7   14:54  12.8   23:26   0.7   0.0   0.0   0.9  12.1   17:37   WNW
 6  12.0  13.1   15:14  10.3   23:41   3.5   0.0  13.4   0.5   7.6   12:34   WNW
 7  10.8  15.0   15:03   7.9   23:42   4.7   0.0   0.4   0.3   8.3   15:44   SSW
 8  10.4  15.4   14:21   6.7   05:10   5.1   0.0   0.1   0.3   8.3   10:26   SSW
 9  10.6  15.4   14:55   6.9   04:37   4.9   0.0   2.6   0.9  13.6   15:40   WNW
10  11.3  15.4   16:41   7.0   07:02   4.2   0.0   0.1   1.9  17.4   14:28   WNW
11  11.9  13.6   15:21  10.1   04:10   3.6   0.0   5.8   0.9  15.2   10:29   WNW
12  15.1  18.9   15:30  12.4   06:53   1.2   0.0   4.2   0.2   6.0   13:28   WSW
13  12.6  16.1   00:09   9.5   23:42   2.9   0.0   4.9   1.0  11.4   01:05   WNW
14  10.7  14.2   18:31   7.0   23:53   4.9   0.0   0.0   0.7  12.1   15:21   WNW
15   9.9  14.8   15:59   6.2   05:28   5.6   0.0   6.5   1.9  25.9   16:11     W
16   8.9  11.6   16:27   6.2   05:07   6.6   0.0   2.7   4.8  29.8   11:13     W
17   9.1  10.8   10:51   7.7   07:42   6.4   0.0   1.7   1.6  13.6   00:00     W
18  10.4  13.3   15:19   8.8   00:02   5.1   0.0   1.5   2.9  25.1   18:02   WNW
19  11.8  16.8   17:56   8.7   06:27   3.7   0.0   4.0   3.0  25.1   13:59   WNW
20  12.4  14.9   14:53   9.7   23:55   3.1   0.0   0.0   1.7  17.4   01:21     W
21  14.4  19.4   16:06   9.4   01:04   2.2   0.0   0.0   0.5   9.2   17:40    SW
22  16.7  20.5   15:22  13.1   23:52   0.3   0.0   0.0   0.9  11.4   10:00     W
23  14.7  17.1   16:12  11.8   04:16   1.1   0.0   0.1   0.1   8.3   22:12   SSE
24  15.3  18.8   15:09  11.8   06:08   0.9   0.0   0.0   0.1   7.6   08:16   SSE
25  15.1  17.1   16:38  13.3   23:57   0.7   0.0   1.8   0.4  11.4   22:49   ENE
26  12.8  15.1   14:52  11.0   06:04   2.7   0.0   0.1   0.9  14.5   04:28    SE
27  13.4  16.7   14:32  11.4   07:49   2.2   0.0   0.0   0.5  11.4   00:46    SE
28  13.3  17.9   15:48   9.6   04:45   2.5   0.0   0.0   1.5  16.8   10:26    SE
29  13.0  16.6   14:20  10.7   07:26   2.6   0.0   0.0   2.1  18.3   23:24   ESE
30  13.8  17.2   15:24  10.9   23:47   1.9   0.0   0.0   2.0  16.8   12:11    SE
----------------------------------------------------------------------------------
    13.0  23.0     3     6.2    15    88.9   0.0  49.9   1.3  29.8    16       W

Max >=  27.0:  0
Max <=   0.0:  0
Min <=   0.0:  0
Min <= -18.0:  0
Max Rain: 13.4 on day 6
Days of Rain: 12 (>= 0.2 mm)  8 (>= 2.0 mm)  0 (>= 20.0 mm)
Heat Base: 15.5  Cool Base: 25.0  Method: Integration


Page updated 20/11/2018 17:26:21
© Sandaysoft 2009
powered by Sandy Software Cumulus software v1.9.2 by Steve Loft