NOAA-style Climate Reports for Audley UK


Report for 2013 Nov
                   Monthly Climatological Summary for Nov 2013

Name: Audley   City: Stoke-on-Trent   County: Staffordshire   Country: UK
Elevation: 140 m  Lat: N 53 03' 19"   Lon: W 002 18' 04"

                  Temperature (C), Rain (mm), Wind Speed (mph)

                                      Heat  Cool        Avg
    Mean                              Deg   Deg         Wind                 Dom
Day Temp  High   Time   Low    Time   Days  Days  Rain  Speed High   Time    Dir
----------------------------------------------------------------------------------
 1   8.4  10.3   12:27   7.3   05:49   7.2   0.0  13.7   0.8  10.7   13:32    SW
 2   8.0  10.4   12:46   6.6   03:46   7.5   0.0   4.1   3.9  28.9   20:53   WSW
 3   6.1   7.9   14:06   4.8   20:43   9.4   0.0   0.5   4.4  25.9   09:35     W
 4   4.3   7.9   13:12   1.0   06:56  11.2   0.0   0.5   1.5  15.9   13:39     W
 5   6.1   8.4   14:25   3.1   00:17   9.4   0.0   5.6   3.1  25.9   11:29     W
 6   8.0   9.3   13:31   6.6   02:45   7.5   0.0   6.7   1.5  19.0   22:29   WSW
 7   6.3   9.8   14:29   4.4   05:49   9.2   0.0   0.1   1.6  14.5   13:13   WSW
 8   5.7   7.3   12:45   3.8   23:57   9.8   0.0   0.3   1.2  10.7   03:14    SW
 9   4.3   7.2   14:38   1.7   06:40  11.2   0.0   1.0   1.4  12.1   13:59    SW
10   4.3   8.2   14:19   1.6   06:01  11.2   0.0   0.1   1.4  10.7   11:17   WNW
11   9.3  12.6   17:23   4.6   00:00   6.2   0.0   3.7   2.6  17.4   04:18   SSE
12   7.8  10.1   13:58   4.6   22:47   7.7   0.0   0.4   2.7  19.7   15:10     W
13   6.0   8.7   14:32   2.8   06:36   9.5   0.0   0.7   2.1  15.9   19:38    SW
14   6.4   8.1   01:44   2.3   23:58   9.1   0.0   2.4   5.9  41.2   07:50    NW
15   5.6   8.3   14:09   1.4   04:33  10.0   0.0   0.0   0.8   7.6   17:49     W
16   8.4  10.2   13:56   6.5   22:39   7.1   0.0   0.0   1.8  12.1   13:44     W
17   8.6  10.0   14:03   6.8   00:09   6.9   0.0   0.3   0.3   8.3   23:39     S
18   6.7   8.3   00:00   3.2   23:23   8.8   0.0   3.2   2.2  14.5   17:05   WNW
19   1.5   3.9   13:20  -0.6   19:43  14.0   0.0   3.2   2.4  14.5   00:31   WNW
20   4.4   6.6   12:44   1.3   00:00  11.1   0.0   6.8   6.5  32.0   08:36   WNW
21   4.7   7.2   14:32   3.1   23:52  10.8   0.0   1.2   3.3  19.7   00:42   NNW
22   3.1   6.3   14:05   0.6   23:40  12.4   0.0   0.0   1.2  10.7   12:56   NNW
23   1.2   3.5   19:26  -1.1   07:59  14.3   0.0   0.1   0.4   5.4   15:03     N
24   3.7   6.0   13:11   1.3   00:00  11.8   0.0   0.0   0.9   9.8   12:05     N
25   1.5   4.0   14:31  -0.5   07:29  14.0   0.0   0.0   0.3   5.4   13:53    NW
26   4.7   7.4   23:55   0.9   00:00  10.8   0.0   0.1   1.4  14.5   15:13   WNW
27   8.8   9.8   13:19   7.4   00:00   6.7   0.0   0.1   5.1  19.7   10:12    NW
28   7.9   8.8   12:13   6.6   08:09   7.6   0.0   0.0   1.3  14.5   14:59    NW
29   7.3   9.4   10:00   5.7   23:59   8.2   0.0   0.7   7.5  33.6   11:30   WNW
30   4.7   7.0   23:54   1.9   07:33  10.8   0.0   0.0   2.3  16.8   00:01    NW
----------------------------------------------------------------------------------
     5.8  12.6    11    -1.1    23   291.4   0.0  55.5   2.4  41.2    14     WNW

Max >=  27.0:  0
Max <=   0.0:  0
Min <=   0.0:  3
Min <= -18.0:  0
Max Rain: 13.7 on day 1
Days of Rain: 18 (>= 0.2 mm)  9 (>= 2.0 mm)  0 (>= 20.0 mm)
Heat Base: 15.5  Cool Base: 25.0  Method: Integration


Page updated 20/11/2018 17:26:21
© Sandaysoft 2009
powered by Sandy Software Cumulus software v1.9.2 by Steve Loft