NOAA-style Climate Reports for Audley UK


Report for 2014 Feb
                   Monthly Climatological Summary for Feb 2014

Name: Audley   City: Stoke-on-Trent   County: Staffordshire   Country: UK
Elevation: 140 m  Lat: N 53 03' 19"   Lon: W 002 18' 04"

                  Temperature (C), Rain (mm), Wind Speed (mph)

                                      Heat  Cool        Avg
    Mean                              Deg   Deg         Wind                 Dom
Day Temp  High   Time   Low    Time   Days  Days  Rain  Speed High   Time    Dir
----------------------------------------------------------------------------------
 1   4.3   6.6   00:37   1.1   07:00  11.3   0.0   1.9   5.7  22.8   16:18   SSW
 2   5.9   7.4   14:40   4.7   22:27   9.6   0.0   0.0   6.7  21.3   12:04    SW
 3   5.4   6.9   13:25   4.1   22:57  10.1   0.0   0.1   8.2  22.1   08:23    SE
 4   4.7   6.7   14:03   2.2   06:56  10.8   0.0   4.1   7.1  24.4   23:11    SE
 5   5.8   7.1   14:43   4.4   02:04   9.7   0.0  14.2  10.0  31.1   20:54     S
 6   5.5   7.7   03:10   2.9   23:50  10.0   0.0   7.4   4.4  21.3   00:32    SW
 7   4.6   6.9   13:38   2.5   03:06  10.9   0.0   2.7   6.0  23.5   23:04   WSW
 8   5.7   7.2   12:51   4.0   08:40   9.8   0.0  10.4   6.7  30.4   14:53     S
 9   5.1   7.7   13:39   1.6   23:16  10.4   0.0   0.3   6.2  28.2   10:44   WSW
10   1.8   3.6   13:27  -0.1   07:28  13.8   0.0   1.4   2.1   9.2   01:12   SSE
11   2.6   5.4   14:43   0.2   21:33  12.4   0.0   8.7   5.4  21.3   05:28    SW
12   4.2   6.8   17:05   1.1   00:00  11.3   0.0   4.8  10.7  46.3   18:10   SSW
13   3.6   7.0   12:12   1.4   07:54  11.9   0.0   0.0   6.7  23.5   12:32   WSW
14   4.7   8.1   21:47   2.1   07:12  10.8   0.0   6.5   7.8  28.9   13:23   SSE
15   5.4   7.4   00:00   3.6   22:09  10.1   0.0   5.4  11.2  32.7   14:22     W
16   4.4   7.6   14:49   2.0   06:54  11.1   0.0   0.0   4.9  16.8   01:29   WSW
17   6.2   8.7   15:53   2.9   01:31   9.3   0.0   3.0   5.7  18.3   14:11    SE
18   7.1   9.4   13:18   5.6   07:41   8.4   0.0   0.9   2.9  13.0   15:31    SW
19   7.7  10.4   15:35   5.5   02:07   7.7   0.0   1.4   3.7  18.3   22:54   SSW
20   8.0  10.6   13:27   3.2   23:17   7.5   0.0   0.9   5.8  20.6   08:35   SSW
21   5.0   8.0   15:35   2.3   05:47  10.5   0.0   0.2   5.9  21.3   21:57   WSW
22   6.6   9.3   14:05   3.7   05:45   8.9   0.0   0.0   4.8  19.0   23:07    SW
23   9.9  12.2   15:53   7.4   01:11   5.6   0.0   0.0   5.7  24.4   13:21   SSE
24   8.2  10.4   15:19   5.7   08:13   7.3   0.0   1.4   6.9  24.4   02:21   SSE
25   6.7   9.5   14:14   4.9   23:58   8.8   0.0   1.2   5.0  17.4   00:00     S
26   5.7   8.6   11:48   3.1   07:23   9.8   0.0   0.0   4.0  21.3   23:49    SW
27   5.7   8.3   12:15   2.0   23:50   9.8   0.0   7.1   6.0  22.8   11:20    SW
28   3.7   7.4   14:34   1.5   01:52  11.8   0.0   0.0   3.9  15.2   06:23   ENE
----------------------------------------------------------------------------------
     5.5  12.2    23    -0.1    10   279.4   0.0  84.0   6.1  46.3    12     SSW

Max >=  27.0:  0
Max <=   0.0:  0
Min <=   0.0:  1
Min <= -18.0:  0
Max Rain: 14.2 on day 5
Days of Rain: 20 (>= 0.2 mm)  11 (>= 2.0 mm)  0 (>= 20.0 mm)
Heat Base: 15.5  Cool Base: 25.0  Method: Integration


Page updated 20/11/2018 17:26:21
© Sandaysoft 2009
powered by Sandy Software Cumulus software v1.9.2 by Steve Loft