NOAA-style Climate Reports for Audley UK


Report for 2014 Apr
                   Monthly Climatological Summary for Apr 2014

Name: Audley   City: Stoke-on-Trent   County: Staffordshire   Country: UK
Elevation: 140 m  Lat: N 53 03' 19"   Lon: W 002 18' 04"

                  Temperature (C), Rain (mm), Wind Speed (mph)

                                      Heat  Cool        Avg
    Mean                              Deg   Deg         Wind                 Dom
Day Temp  High   Time   Low    Time   Days  Days  Rain  Speed High   Time    Dir
----------------------------------------------------------------------------------
 1  10.3  14.5   18:43   7.5   08:07   5.2   0.0   9.1   1.4   7.6   15:21     E
 2  10.7  12.8   12:53   9.0   23:37   4.8   0.0   0.4  11.1  27.3   17:58    SE
 3  10.0  13.0   13:34   7.7   07:08   5.5   0.0   1.5   4.9  18.3   00:33   ESE
 4  10.2  12.7   15:37   7.7   23:31   5.3   0.0   9.7   1.7   9.8   14:53   WSW
 5  11.0  14.7   15:17   7.6   04:11   4.5   0.0   1.8   3.8  15.2   13:13   SSE
 6  13.0  15.5   15:24   9.8   23:36   2.6   0.0   2.4   4.4  21.3   17:09   SSW
 7  10.2  14.8   13:33   7.2   22:34   5.3   0.0   7.9   3.4  20.6   20:00    SW
 8   7.6  10.8   14:55   3.9   06:42   7.9   0.0   0.8   7.1  24.4   09:33   WNW
 9  10.0  15.5   17:38   6.1   07:16   5.5   0.0   0.0   4.8  21.3   15:35     W
10   9.0  11.9   14:36   6.6   03:34   6.5   0.0   0.0   2.2  10.7   12:48   WSW
11   8.4  12.4   17:20   5.3   07:16   7.1   0.0   0.0   2.5  13.6   15:45    NW
12   8.4  12.3   15:30   5.3   03:33   7.1   0.0   0.2   4.6  25.1   16:39     W
13   9.1  13.5   17:37   5.8   03:25   6.4   0.0   0.0   7.3  27.3   23:48   WNW
14   9.0  13.1   17:58   6.1   23:46   6.5   0.0   0.0   6.5  25.1   00:35    NW
15   9.3  16.1   18:03   3.3   06:10   6.2   0.0   0.0   2.8   9.8   09:56    SE
16   9.8  17.1   17:39   3.5   06:30   5.8   0.0   0.0   3.2  12.1   09:25   SSE
17   9.3  12.4   11:24   5.3   23:42   6.2   0.0   0.4   5.5  27.3   12:56   WNW
18   8.0  16.0   18:18   2.8   05:54   7.5   0.0   0.0   1.7  13.0   13:17   NNE
19   7.7  14.9   18:01   2.7   06:04   7.8   0.0   0.0   5.3  15.9   18:42   ESE
20   9.1  14.4   16:21   3.1   05:54   6.4   0.0   2.3   5.7  22.8   12:54     E
21  13.0  19.2   16:50   8.2   04:04   3.1   0.0   0.1   5.8  20.6   15:13   ESE
22  10.9  14.3   17:08   8.4   03:16   4.6   0.0   1.9   2.0  12.1   10:19   ESE
23  11.1  15.5   13:09   8.0   05:44   4.4   0.0   2.7   3.4  16.8   14:23    SE
24  11.1  16.3   17:08   6.2   05:51   4.4   0.0   0.1   1.4   6.9   13:03    SE
25   9.5  11.7   12:11   7.1   05:48   6.0   0.0  11.4   1.6   9.2   08:35     E
26  10.2  14.9   13:59   7.2   03:58   5.2   0.0   3.4   5.3  19.0   13:23    SE
27  10.8  15.9   17:38   6.5   05:40   4.6   0.0   0.0   5.4  19.0   17:47   ESE
28  11.3  17.1   16:35   5.8   04:56   4.3   0.0   0.0   1.2   6.9   10:44    SE
29  12.7  17.7   14:51   8.7   04:38   3.1   0.0   0.0   1.4   6.9   02:15    SE
30  14.2  18.4   14:52  10.6   23:18   2.0   0.0   0.0   0.9   9.2   16:03   SSE
----------------------------------------------------------------------------------
    10.2  19.2    21     2.7    19   161.8   0.0  56.1   3.9  27.3     2     SSE

Max >=  27.0:  0
Max <=   0.0:  0
Min <=   0.0:  0
Min <= -18.0:  0
Max Rain: 11.4 on day 25
Days of Rain: 15 (>= 0.2 mm)  8 (>= 2.0 mm)  0 (>= 20.0 mm)
Heat Base: 15.5  Cool Base: 25.0  Method: Integration


Page updated 20/11/2018 17:26:21
© Sandaysoft 2009
powered by Sandy Software Cumulus software v1.9.2 by Steve Loft