NOAA-style Climate Reports for Audley UK


Report for 2014 Jul
                   Monthly Climatological Summary for Jul 2014

Name: Audley   City: Stoke-on-Trent   County: Staffordshire   Country: UK
Elevation: 140 m  Lat: N 53 03' 19"   Lon: W 002 18' 04"

                  Temperature (C), Rain (mm), Wind Speed (mph)

                                      Heat  Cool        Avg
    Mean                              Deg   Deg         Wind                 Dom
Day Temp  High   Time   Low    Time   Days  Days  Rain  Speed High   Time    Dir
----------------------------------------------------------------------------------
 1  16.0  22.2   17:21  10.9   04:47   1.3   0.0   0.0   0.4   6.9   19:17   ENE
 2  17.3  22.6   13:32  11.4   04:52   1.1   0.0   0.0   0.9  11.4   13:28   WSW
 3  17.7  22.4   13:36  14.1   05:04   0.1   0.0   0.1   1.0  11.4   08:48    SW
 4  16.6  19.7   13:53  14.6   05:16   0.1   0.0   4.1   0.8  12.1   11:06     S
 5  15.6  19.7   18:01  11.9   07:45   0.8   0.0  11.5   1.9  14.5   13:53   WNW
 6  14.1  18.7   16:52  10.7   23:44   1.8   0.0   2.1   1.1  19.0   14:04   WNW
 7  14.5  19.1   12:34  10.1   03:25   1.8   0.0   0.2   0.5  10.7   12:32     W
 8  14.8  19.8   17:27  11.2   05:31   1.4   0.0   0.0   1.5  14.5   15:49    NW
 9  15.8  19.6   16:13  12.3   04:18   0.9   0.0   0.0   3.6  20.6   18:38   WNW
10  16.6  22.4   17:18  11.6   05:33   1.0   0.0   0.0   2.2  17.4   13:43   WNW
11  17.4  24.3   17:31  12.0   05:40   1.0   0.0   0.0   1.2  11.4   13:36    NW
12  18.2  24.2   13:26  13.1   05:21   0.5   0.0   3.4   0.5  10.7   15:57     W
13  16.0  18.2   15:26  12.0   23:48   0.4   0.0   2.8   3.0  19.7   17:13   WNW
14  15.5  20.1   12:04   9.5   04:50   1.7   0.0   0.0   0.8   9.8   18:41    SW
15  16.3  20.7   16:25  13.5   04:02   0.5   0.0   0.7   1.6  15.2   02:05   WNW
16  17.0  21.6   12:37  12.0   03:36   0.9   0.0   0.3   0.5  10.7   15:36   SSW
17  18.6  25.0   16:43  12.2   05:19   0.8   0.0   0.0   0.6  12.1   23:30   ESE
18  21.1  27.4   17:36  16.2   05:47   0.0   0.2   0.5   2.2  16.8   04:31    SE
19  18.4  20.5   18:17  17.1   05:40   0.0   0.0  27.5   0.5  10.7   12:25    SE
20  18.2  22.7   17:24  15.5   23:11   0.0   0.0   0.0   1.7  13.0   16:23    NW
21  18.3  23.4   17:50  14.4   06:03   0.2   0.0   0.0   1.2  13.6   14:19    NW
22  19.4  26.0   17:49  13.3   05:51   0.4   0.0   0.0   0.8   8.3   14:52   ENE
23  20.2  26.6   17:28  13.9   05:31   0.2   0.1   0.0   2.4  16.8   15:19   ESE
24  20.5  26.8   17:41  14.6   05:43   0.1   0.2   0.0   2.2  15.9   11:50   ESE
25  20.5  27.2   18:09  14.4   06:04   0.1   0.2   0.0   1.4  12.1   13:19     E
26  20.5  27.4   17:07  15.3   04:25   0.0   0.2   0.5   0.9  13.6   17:36   WNW
27  17.1  21.4   16:49  13.6   05:40   0.3   0.0   0.2   2.6  14.5   10:11   WNW
28  17.5  24.1   17:37  12.7   05:48   0.7   0.0   0.0   1.1  14.5   18:23    NW
29  16.2  19.6   12:48  13.0   06:35   0.6   0.0   0.0   1.9  15.2   17:56   WNW
30  17.3  22.2   15:54  13.8   06:23   0.3   0.0   0.0   2.4  12.1   17:04   WNW
31  17.4  22.2   16:49  13.7   06:00   0.3   0.0   1.2   1.2  11.4   16:36     W
----------------------------------------------------------------------------------
    17.4  27.4    18     9.5    14    19.3   0.9  55.1   1.4  20.6     9     WNW

Max >=  27.0:  3
Max <=   0.0:  0
Min <=   0.0:  0
Min <= -18.0:  0
Max Rain: 27.5 on day 19
Days of Rain: 13 (>= 0.2 mm)  6 (>= 2.0 mm)  1 (>= 20.0 mm)
Heat Base: 15.5  Cool Base: 25.0  Method: Integration


Page updated 20/11/2018 17:26:21
© Sandaysoft 2009
powered by Sandy Software Cumulus software v1.9.2 by Steve Loft