NOAA-style Climate Reports for Audley UK


Report for 2014 Aug
                   Monthly Climatological Summary for Aug 2014

Name: Audley   City: Stoke-on-Trent   County: Staffordshire   Country: UK
Elevation: 140 m  Lat: N 53 03' 19"   Lon: W 002 18' 04"

                  Temperature (C), Rain (mm), Wind Speed (mph)

                                      Heat  Cool        Avg
    Mean                              Deg   Deg         Wind                 Dom
Day Temp  High   Time   Low    Time   Days  Days  Rain  Speed High   Time    Dir
----------------------------------------------------------------------------------
 1  16.8  20.3   15:35  14.2   04:25   0.2   0.0   7.2   0.3   6.9   12:20     S
 2  16.2  20.5   17:52  12.1   23:59   0.3   0.0   3.9   0.7  12.1   17:46     S
 3  16.3  22.2   17:14  11.1   06:06   1.5   0.0   0.0   1.8  15.2   14:31   WSW
 4  16.5  22.4   17:29  11.3   06:03   1.1   0.0   0.0   0.8  10.7   14:19   WNW
 5  16.3  20.3   18:14  11.8   04:33   0.9   0.0   1.1   0.4  10.7   12:11   SSE
 6  18.1  22.3   17:38  15.4   03:04   0.0   0.0   1.9   1.5  16.8   13:45     W
 7  16.3  21.3   17:57  12.7   23:35   0.6   0.0   0.0   0.9   9.2   11:42   NNW
 8  16.7  23.6   17:46  12.4   02:20   0.7   0.0   2.5   0.9  13.0   18:06    NW
 9  16.5  21.1   15:56  11.9   06:55   0.8   0.0   0.5   2.0  16.8   13:24     W
10  13.9  16.3   14:46  12.7   21:46   1.6   0.0  14.1   3.3  29.8   17:51     W
11  15.1  19.7   17:42  11.2   05:25   1.4   0.0   0.0   3.4  20.6   18:26     W
12  14.7  20.2   18:05  11.1   04:51   1.6   0.0   0.3   1.9  18.3   10:13     W
13  14.1  17.8   17:55  11.3   06:06   1.7   0.0   1.5   3.1  19.7   15:02   WNW
14  14.0  18.1   16:16  11.2   04:17   1.7   0.0   1.9   1.6  14.5   15:47   WNW
15  14.7  19.3   17:32  11.9   23:29   1.5   0.0   0.4   1.9  17.4   18:37   WNW
16  13.9  17.0   14:10  10.5   05:33   1.8   0.0   0.0   3.3  19.0   14:12     W
17  14.0  16.8   14:06  11.2   06:30   1.6   0.0   0.9   6.3  31.1   16:09   WNW
18  12.9  16.2   17:33  10.0   23:54   2.6   0.0   9.2   4.1  22.8   18:50   WNW
19  11.1  15.7   17:38   8.0   05:52   4.4   0.0   9.3   2.9  16.8   16:01   WNW
20  11.1  15.6   17:34   7.1   04:10   4.4   0.0   0.1   1.9  12.1   17:38   WNW
21  12.1  15.5   12:18   7.9   02:58   3.4   0.0   0.9   1.2  13.6   12:35   WSW
22  11.9  15.1   13:53   8.9   23:41   3.6   0.0   2.0   2.2  15.2   14:18   WNW
23  10.7  15.9   17:28   7.9   03:21   4.8   0.0   5.3   2.0  15.9   15:49   WNW
24  12.1  17.1   15:27   7.6   05:28   3.5   0.0   0.0   0.5   7.6   00:17     W
25  12.4  14.0   16:03  10.4   04:43   3.1   0.0   6.4   1.5  15.2   17:41    SE
26  13.6  17.2   17:59   9.4   23:46   1.9   0.0   3.7   3.8  19.0   08:06     E
27  13.7  17.9   14:55   8.5   05:39   2.4   0.0   0.0   1.6  15.2   15:59    SE
28  16.0  20.1   18:12  13.0   23:49   0.4   0.0   2.2   1.0  12.1   19:56    SW
29  15.0  17.8   14:59  12.3   06:23   1.1   0.0   1.2   1.7  13.6   10:00    SW
30  14.2  17.2   15:00  11.3   02:12   1.6   0.0   3.8   2.1  15.9   16:53   WNW
31  14.7  20.3   18:01  12.5   03:33   1.4   0.0   2.2   2.1  15.2   12:22   WNW
----------------------------------------------------------------------------------
    14.4  23.6     8     7.1    20    57.6   0.0  82.5   2.0  31.1    17       W

Max >=  27.0:  0
Max <=   0.0:  0
Min <=   0.0:  0
Min <= -18.0:  0
Max Rain: 14.1 on day 10
Days of Rain: 23 (>= 0.2 mm)  13 (>= 2.0 mm)  0 (>= 20.0 mm)
Heat Base: 15.5  Cool Base: 25.0  Method: Integration


Page updated 20/11/2018 17:26:21
© Sandaysoft 2009
powered by Sandy Software Cumulus software v1.9.2 by Steve Loft