NOAA-style Climate Reports for Audley UK


Report for 2015 Jan
                   Monthly Climatological Summary for Jan 2015

Name: Audley   City: Stoke-on-Trent   County: Staffordshire   Country: UK
Elevation: 140 m  Lat: N 53 03' 19"   Lon: W 002 18' 04"

                  Temperature (C), Rain (mm), Wind Speed (mph)

                                      Heat  Cool        Avg
    Mean                              Deg   Deg         Wind                 Dom
Day Temp  High   Time   Low    Time   Days  Days  Rain  Speed High   Time    Dir
----------------------------------------------------------------------------------
 1  10.2  12.6   19:27   6.6   00:00   5.3   0.0   1.7   5.6  22.8   14:32    SW
 2   6.0  12.0   00:00   3.4   18:22   9.5   0.0   0.0   7.9  31.1   00:30     W
 3   3.4   5.0   00:05   0.7   23:58  12.1   0.0   7.3   3.2  15.2   05:24   WSW
 4   1.0   4.1   23:47  -0.7   06:42  14.5   0.0   0.3   1.9  10.7   14:12   SSE
 5   5.9   7.2   13:54   4.1   00:00   9.7   0.0   0.0   2.9  10.7   02:22   SSE
 6   5.6   7.8   07:13   2.8   23:54   9.9   0.0   2.4   4.6  22.1   09:22    SW
 7   6.2  10.7   23:37   2.4   00:49   9.3   0.0   2.9   5.0  24.4   13:22   SSW
 8   6.7  10.4   00:00   5.0   18:11   8.8   0.0   1.6   5.5  22.1   00:23     W
 9  10.7  13.6   19:03   6.9   00:03   4.8   0.0   0.9   8.6  26.6   15:32   WSW
10   7.4  12.8   02:25   2.3   19:33   8.2   0.0   0.5  11.7  35.8   09:59     W
11   5.4   7.7   17:13   2.9   01:33  10.0   0.0   0.2   9.6  31.1   15:07     W
12   7.3  10.6   11:49   3.9   19:20   8.2   0.0   0.9   6.8  29.8   06:03   WSW
13   3.1   6.3   02:57   0.5   23:46  12.4   0.0   1.9   4.4  21.3   05:04   WSW
14   2.7   8.1   23:58  -0.2   02:21  12.8   0.0   2.2   5.7  29.8   22:30     S
15   4.9   8.9   01:26   2.8   12:03  10.6   0.0   3.2   9.4  30.4   13:54   WSW
16   1.9   4.2   00:00   0.1   21:50  13.6   0.0   2.1   4.4  26.6   12:04     W
17   1.9   4.4   14:58   0.5   00:00  13.6   0.0   0.2   4.1  15.9   04:04   WSW
18   0.5   2.1   13:59  -0.8   06:49  15.1   0.0   0.2   2.6  15.9   19:43    NW
19  -0.3   1.9   13:47  -2.7   07:18  15.8   0.0   0.1   1.6   9.2   00:23    NW
20   0.0   1.5   15:42  -2.0   08:19  15.5   0.0   0.3   5.2  15.2   19:23    SE
21   1.4   2.4   12:39   0.5   04:22  14.1   0.0   6.8   6.2  15.2   00:31    SE
22   1.1   3.0   12:27  -0.7   22:46  14.4   0.0   0.0   1.2   7.6   00:02    SE
23   1.5   6.7   21:18  -1.7   03:54  14.0   0.0   3.4   4.4  28.2   21:27   SSE
24   3.7   6.0   14:17   1.8   05:47  11.8   0.0   0.5   6.0  27.3   01:58   WNW
25   5.8   9.0   21:49   2.1   05:49   9.7   0.0   0.0   3.8  15.2   16:55   WSW
26   6.6   9.2   01:51   4.6   23:00   8.9   0.0   1.2   7.3  23.5   13:07   WNW
27   5.6   7.6   13:17   4.6   00:52   9.9   0.0   0.1   4.3  14.5   15:07     W
28   4.8   9.3   07:57   1.3   20:17  10.7   0.0   2.2  10.5  34.2   14:32     W
29   1.0   1.8   11:32   0.2   12:22  14.5   0.0   2.2   6.2  19.0   14:37     W
30   1.4   5.2   13:22  -0.2   07:12  14.1   0.0   6.8   3.9  32.7   14:12   WNW
31   2.5   4.4   13:49   0.3   00:10  13.0   0.0   7.6   8.7  30.4   23:45    NW
----------------------------------------------------------------------------------
     4.1  13.6     9    -2.7    19   354.8   0.0  59.7   5.6  35.8    10     WSW

Max >=  27.0:  0
Max <=   0.0:  0
Min <=   0.0:  8
Min <= -18.0:  0
Max Rain: 7.6 on day 31
Days of Rain: 25 (>= 0.2 mm)  12 (>= 2.0 mm)  0 (>= 20.0 mm)
Heat Base: 15.5  Cool Base: 25.0  Method: Integration


Page updated 20/11/2018 17:26:21
© Sandaysoft 2009
powered by Sandy Software Cumulus software v1.9.2 by Steve Loft