NOAA-style Climate Reports for Audley UK


Report for 2015 May
                   Monthly Climatological Summary for May 2015

Name: Audley   City: Stoke-on-Trent   County: Staffordshire   Country: UK
Elevation: 140 m  Lat: N 53 03' 19"   Lon: W 002 18' 04"

                  Temperature (C), Rain (mm), Wind Speed (mph)

                                      Heat  Cool        Avg
    Mean                              Deg   Deg         Wind                 Dom
Day Temp  High   Time   Low    Time   Days  Days  Rain  Speed High   Time    Dir
----------------------------------------------------------------------------------
 1   7.3  13.2   18:17   2.0   04:34   8.2   0.0   0.0   4.2  15.2   08:41   ESE
 2   6.8   9.8   11:33   4.3   02:06   8.7   0.0   1.7   8.4  19.0   21:32    SE
 3  11.5  16.9   14:25   6.6   01:57   4.1   0.0  11.9   5.8  21.3   01:03   SSE
 4  12.4  16.5   15:49   8.9   06:39   3.1   0.0   0.7   3.2  18.3   03:16    SW
 5  11.4  14.8   17:11   8.4   23:23   4.1   0.0   7.9   6.3  31.1   11:04    SW
 6   8.6  10.3   10:25   6.5   04:25   6.9   0.0   4.2   5.5  22.8   17:05   WSW
 7   9.1  12.3   18:19   6.4   05:32   6.4   0.0   0.9   2.2  12.1   12:04   WNW
 8   9.7  14.7   11:06   5.5   01:52   5.8   0.0  12.4   2.7  13.0   15:23    SE
 9   9.6  11.4   19:01   7.4   23:49   5.9   0.0   2.2   4.0  21.3   12:33     W
10  12.4  17.6   16:46   7.3   00:18   3.3   0.0   0.0   2.4  13.6   22:47   SSE
11  14.1  18.9   15:49  11.5   23:55   2.0   0.0   0.1   4.3  19.7   13:39    SW
12  11.7  15.4   17:39   9.2   07:33   3.8   0.0   0.0   6.7  28.9   14:47     W
13  11.5  17.8   17:43   6.7   06:06   4.1   0.0   0.0   1.9  10.7   22:28    NW
14   9.1  12.1   17:53   6.4   04:58   6.4   0.0   0.0   5.7  19.0   09:18   ESE
15  11.0  17.5   17:08   6.6   04:43   4.7   0.0   0.2   2.0  11.4   17:13   WSW
16  11.3  14.3   16:53   8.0   23:59   4.2   0.0   0.2   5.6  18.3   07:38   WNW
17   9.7  13.1   14:33   5.5   05:33   5.8   0.0   0.2   3.8  21.3   12:48   WSW
18   8.2  12.1   17:03   6.2   23:13   7.3   0.0  10.5   3.5  16.8   17:03     W
19   7.8  11.3   16:38   5.8   04:03   7.7   0.0   1.5   5.5  19.7   14:48   WNW
20   8.7  11.8   17:58   5.7   02:28   6.8   0.0   0.5   4.8  18.3   12:58   WNW
21  12.0  18.0   17:33   7.0   01:08   3.7   0.0   0.3   2.5  10.7   10:23   WNW
22  13.1  16.7   14:13  10.4   03:53   2.5   0.0   0.2   1.7  10.7   14:28   WNW
23  12.4  17.7   17:33   8.2   03:38   3.4   0.0   0.2   0.9   6.0   08:38    NW
24  11.4  14.0   17:49   9.1   23:59   4.1   0.0   0.2   2.6  19.0   14:38   WNW
25  10.8  13.0   16:21   8.1   01:40   4.7   0.0   0.2   3.2  13.6   18:01   WNW
26  10.9  13.7   15:54   7.8   23:35   4.6   0.0   0.1   4.0  20.6   18:23   WNW
27  11.1  16.8   13:54   6.2   03:31   4.6   0.0   0.0   2.5  19.0   19:50     W
28  10.9  15.5   17:06   8.1   05:11   4.6   0.0   0.1   5.4  24.4   08:58     W
29   9.1  12.4   17:28   7.1   23:52   6.4   0.0   0.1   3.6  21.3   17:43   WNW
30  10.1  11.8   21:20   5.4   05:36   5.5   0.0   1.5   2.2  17.4   02:27     W
31  10.2  12.6   16:12   5.7   23:31   5.3   0.0   5.5   4.6  24.4   13:13     W
----------------------------------------------------------------------------------
    10.4  18.9    11     2.0     1   158.7   0.0  63.5   3.9  31.1     5     WSW

Max >=  27.0:  0
Max <=   0.0:  0
Min <=   0.0:  0
Min <= -18.0:  0
Max Rain: 12.4 on day 8
Days of Rain: 21 (>= 0.2 mm)  7 (>= 2.0 mm)  0 (>= 20.0 mm)
Heat Base: 15.5  Cool Base: 25.0  Method: Integration


Page updated 20/11/2018 17:26:21
© Sandaysoft 2009
powered by Sandy Software Cumulus software v1.9.2 by Steve Loft