NOAA-style Climate Reports for Audley UK


Report for 2015 Jul
                   Monthly Climatological Summary for Jul 2015

Name: Audley   City: Stoke-on-Trent   County: Staffordshire   Country: UK
Elevation: 140 m  Lat: N 53 03' 19"   Lon: W 002 18' 04"

                  Temperature (C), Rain (mm), Wind Speed (mph)

                                      Heat  Cool        Avg
    Mean                              Deg   Deg         Wind                 Dom
Day Temp  High   Time   Low    Time   Days  Days  Rain  Speed High   Time    Dir
----------------------------------------------------------------------------------
 1  23.8  29.8   14:55  18.1   04:46   0.0   1.1   0.0   1.1  10.7   06:13    SE
 2  17.1  20.5   00:00  12.3   23:54   0.5   0.0   4.2   0.9  15.9   15:55     W
 3  17.1  23.2   15:11  10.9   04:15   1.3   0.0   0.0   1.2  19.0   21:24    SE
 4  19.1  24.6   16:50  14.3   23:59   0.1   0.0   2.6   1.9  16.8   00:00   SSW
 5  15.1  20.5   13:51  11.5   05:23   1.3   0.0   4.3   0.9  15.2   14:51   WSW
 6  13.8  15.9   09:59  10.9   05:51   1.7   0.0   3.9   0.9  14.5   21:45   SSE
 7  15.6  19.4   16:26  12.6   23:58   0.6   0.0   2.3   2.5  19.0   12:30     W
 8  13.2  16.4   17:47  11.2   22:44   2.3   0.0   2.1   4.4  25.9   15:16   WNW
 9  13.6  20.5   17:39   8.0   05:22   2.7   0.0   0.0   2.0  12.1   08:29   WNW
10  18.0  26.4   17:00  11.5   00:00   1.1   0.0   0.0   0.6   9.8   12:23   SSE
11  16.6  20.1   14:25  14.3   23:27   0.1   0.0   0.7   1.2  15.2   16:30     W
12  16.6  20.1   13:12  14.0   04:27   0.4   0.0   0.1   1.8  19.7   12:56   WNW
13  15.7  18.6   16:41  13.1   06:12   0.8   0.0   4.3   1.1  11.4   14:51   WSW
14  15.8  18.5   15:07  13.8   06:05   0.5   0.0   0.0   1.0   8.3   03:05   WNW
15  14.4  18.1   17:22  11.0   23:39   1.5   0.0   0.3   2.4  15.9   10:04   WNW
16  16.1  21.8   16:37   8.8   05:21   1.9   0.0   0.0   1.1  14.5   14:01    SE
17  16.7  20.6   17:14  12.5   23:40   0.3   0.0   0.2   2.9  25.1   18:38     W
18  15.6  21.2   15:56  10.0   05:24   1.5   0.0   0.0   2.4  18.3   11:11     W
19  14.7  18.3   15:08  11.7   23:58   1.3   0.0   3.8   2.3  16.8   13:16   WNW
20  15.8  21.1   17:09  11.5   00:34   1.2   0.0   2.0   1.1  13.0   12:53    SW
21  16.0  19.1   15:11  13.1   01:49   0.6   0.0   0.0   1.8  13.0   14:30   WSW
22  14.0  16.4   15:45  11.9   06:44   1.6   0.0   1.3   1.3  12.1   14:27   WNW
23  14.2  17.7   13:33  11.4   23:53   1.6   0.0   0.0   0.8   9.2   10:22   WNW
24  12.4  14.8   12:01  10.5   02:23   3.1   0.0   1.9   0.6   8.3   16:21    NE
25  13.4  18.4   17:12   9.5   05:55   2.6   0.0   0.4   2.1  18.3   13:34   WNW
26  12.0  13.6   15:52   9.0   05:26   3.5   0.0   4.3   0.7  11.4   12:02    SE
27  14.5  16.8   14:52  13.2   00:00   1.1   0.0   1.6   2.0  12.1   07:37     W
28  12.8  15.0   14:27  10.5   23:52   2.7   0.0   1.8   3.6  21.3   08:47   WNW
29  12.3  17.4   17:21   9.2   04:27   3.3   0.0   1.7   2.3  14.5   16:51   WNW
30  12.1  16.0   15:31   8.4   23:58   3.4   0.0   0.1   2.8  17.4   12:46   WNW
31  13.2  19.4   17:54   6.7   04:10   3.2   0.0   0.0   0.7   9.2   20:22    SW
----------------------------------------------------------------------------------
    15.2  29.8     1     6.7    31    47.8   1.1  43.9   1.7  25.9     8       W

Max >=  27.0:  1
Max <=   0.0:  0
Min <=   0.0:  0
Min <= -18.0:  0
Max Rain: 4.3 on day 5
Days of Rain: 19 (>= 0.2 mm)  10 (>= 2.0 mm)  0 (>= 20.0 mm)
Heat Base: 15.5  Cool Base: 25.0  Method: Integration


Page updated 20/11/2018 17:26:21
© Sandaysoft 2009
powered by Sandy Software Cumulus software v1.9.2 by Steve Loft