NOAA-style Climate Reports for Audley UK


Report for 2015 Sep
                   Monthly Climatological Summary for Sep 2015

Name: Audley   City: Stoke-on-Trent   County: Staffordshire   Country: UK
Elevation: 140 m  Lat: N 53 03' 19"   Lon: W 002 18' 04"

                  Temperature (C), Rain (mm), Wind Speed (mph)

                                      Heat  Cool        Avg
    Mean                              Deg   Deg         Wind                 Dom
Day Temp  High   Time   Low    Time   Days  Days  Rain  Speed High   Time    Dir
----------------------------------------------------------------------------------
 1  13.0  15.7   16:31  10.4   23:27   2.5   0.0   0.6   1.4  13.0   15:20   WNW
 2  11.9  15.6   15:47   9.7   04:53   3.6   0.0   2.8   1.9  15.2   17:18   WNW
 3  11.6  13.5   15:16  10.0   03:17   3.9   0.0   0.3   1.8  14.5   12:39   WNW
 4  12.3  15.0   15:10  10.2   05:57   3.2   0.0   1.1   1.9  16.8   15:58   WNW
 5  11.8  14.9   16:15   8.0   23:55   3.7   0.0   0.1   1.9  13.6   10:31    NW
 6  11.5  14.8   13:47   7.6   06:49   4.0   0.0   0.0   2.1  15.2   13:15   WNW
 7  13.5  19.6   18:20   9.7   05:01   2.6   0.0   0.0   0.8   7.6   00:00   NNW
 8  11.3  13.9   15:44   8.9   07:11   4.2   0.0   0.0   0.5   7.6   10:17    SE
 9  12.9  16.0   16:11  10.3   07:00   2.7   0.0   0.0   0.6   9.2   19:46    SE
10  13.7  19.0   18:25   9.4   06:36   2.4   0.0   0.0   0.8  11.4   13:35    SE
11  14.3  18.5   14:57  10.5   06:39   1.9   0.0   2.1   1.3  14.5   12:58    SE
12  12.8  15.8   18:27   8.9   22:14   2.7   0.0  17.5   1.5  14.5   12:03   WSW
13  11.6  15.7   15:16   8.2   07:13   3.9   0.0   0.0   0.6   7.6   21:48    SE
14  11.5  13.8   13:21   9.5   03:21   4.0   0.0  15.2   1.2  13.6   12:35   ESE
15  11.8  15.3   15:44   9.0   23:57   3.7   0.0   1.1   1.8  17.4   12:56   WNW
16  10.9  14.7   17:23   8.3   07:38   4.6   0.0   0.3   0.8   9.8   15:30     N
17  11.2  15.0   14:44   7.6   05:51   4.3   0.0   0.0   1.1  13.0   13:06     W
18  12.0  16.7   18:35   8.1   07:09   3.5   0.0   0.2   0.3   6.9   13:17    NW
19  11.9  16.1   15:35   8.1   08:37   3.6   0.0   0.0   0.3   6.0   14:50    NW
20  12.0  15.4   13:03   8.6   06:56   3.5   0.0   0.0   0.3   6.0   17:49    SW
21  11.8  14.8   15:57   9.2   23:54   3.7   0.0   7.5   1.1   9.8   13:02   WSW
22  11.1  14.7   15:35   8.9   00:25   4.4   0.0   4.3   2.0  16.8   15:41   WNW
23  11.9  14.8   14:30   7.8   07:40   3.6   0.0   0.8   1.8  10.7   00:17     W
24  11.9  15.1   13:58   9.4   07:19   3.6   0.0   0.0   2.5  19.0   15:59     W
25  11.0  14.8   15:13   8.3   23:55   4.4   0.0   0.0   1.6  14.5   11:21   WNW
26  10.2  14.8   16:02   7.2   04:49   5.3   0.0   0.0   0.3   6.0   13:29   ESE
27  10.4  14.4   14:42   7.1   06:24   5.1   0.0   0.0   0.3   6.0   13:39    SE
28  11.2  15.6   15:27   7.2   06:50   4.3   0.0   0.0   0.4   8.3   11:22    SE
29  11.2  15.0   13:48   8.0   06:12   4.3   0.0   0.0   0.6   9.8   13:43   ESE
30  11.4  15.8   15:17   8.5   04:55   4.1   0.0   0.0   1.5  13.6   15:35   ESE
----------------------------------------------------------------------------------
    11.9  19.6     7     7.1    27   111.3   0.0  53.9   1.2  19.0    24       W

Max >=  27.0:  0
Max <=   0.0:  0
Min <=   0.0:  0
Min <= -18.0:  0
Max Rain: 17.5 on day 12
Days of Rain: 13 (>= 0.2 mm)  6 (>= 2.0 mm)  0 (>= 20.0 mm)
Heat Base: 15.5  Cool Base: 25.0  Method: Integration


Page updated 20/11/2018 17:26:21
© Sandaysoft 2009
powered by Sandy Software Cumulus software v1.9.2 by Steve Loft