NOAA-style Climate Reports for Audley UK


Report for 2015 Dec
                   Monthly Climatological Summary for Dec 2015

Name: Audley   City: Stoke-on-Trent   County: Staffordshire   Country: UK
Elevation: 140 m  Lat: N 53 03' 19"   Lon: W 002 18' 04"

                  Temperature (C), Rain (mm), Wind Speed (mph)

                                      Heat  Cool        Avg
    Mean                              Deg   Deg         Wind                 Dom
Day Temp  High   Time   Low    Time   Days  Days  Rain  Speed High   Time    Dir
----------------------------------------------------------------------------------
 1   9.5  12.9   13:17   3.6   00:00   6.0   0.0   1.7   4.9  20.6   11:48    SW
 2  10.7  11.9   11:57   9.4   07:09   4.8   0.0   0.2   3.5  19.7   12:14   WSW
 3  10.2  12.1   13:33   6.4   23:36   5.3   0.0  11.3   5.1  33.6   20:32     S
 4   8.8  11.6   23:28   4.8   03:59   6.7   0.0   0.1   8.1  26.6   23:05   WSW
 5  11.6  12.2   11:52  11.0   03:01   3.9   0.0   0.0  13.6  34.2   14:38   WSW
 6   9.5  12.3   01:59   6.7   18:52   6.0   0.0   3.9   5.7  23.5   05:42   WSW
 7  10.9  13.2   14:07   7.4   00:00   4.6   0.0   0.3   6.8  23.5   21:10    SE
 8   9.4  11.8   04:20   4.4   23:55   6.1   0.0   1.3   6.0  21.3   20:20    SW
 9   7.7  10.9   21:42   3.5   01:53   7.8   0.0   0.0   5.3  26.6   21:47   WSW
10   7.6  11.1   03:31   5.2   21:05   7.9   0.0   8.1   5.3  26.6   03:24   WSW
11   5.2   7.6   12:51   3.3   23:31  10.4   0.0   0.2   4.0  21.3   13:17   WSW
12   5.9  11.9   16:36   3.0   02:13   9.6   0.0   8.6   5.5  23.5   15:08   WSW
13   3.9   6.4   23:58   1.7   04:26  11.6   0.0   0.5   2.9  11.4   12:00    SE
14   7.6   8.3   17:50   6.3   00:00   7.9   0.0   0.8   3.4  12.1   19:51    SE
15   9.3  11.7   23:58   7.9   02:11   6.2   0.0   1.3   6.2  16.8   16:50    SE
16  12.3  13.4   15:31  11.6   00:00   3.3   0.0   0.8   5.7  19.0   23:48   SSW
17  12.0  13.3   11:51  10.8   22:58   3.5   0.0   0.7   4.0  16.8   08:51     S
18  10.7  11.7   23:53   9.3   05:35   4.8   0.0   0.1   3.2  15.9   23:54     S
19  13.4  14.2   06:30  11.6   00:02   2.1   0.0   0.8   6.5  22.1   20:30   SSE
20   9.7  13.6   00:00   7.0   23:52   5.8   0.0   0.4   5.0  20.6   01:02   WSW
21   7.2  10.8   14:03   5.0   07:40   8.3   0.0   2.1   4.5  31.1   13:53    SW
22  10.5  13.9   11:35   7.7   00:18   5.0   0.0   1.7   7.2  25.9   11:35    SW
23   7.2   8.9   01:29   5.2   06:32   8.3   0.0   1.8   6.4  25.9   02:17   SSW
24   6.9  10.6   07:53   3.3   20:06   8.6   0.0   6.5   6.5  25.9   18:30    SW
25   7.6  13.6   21:49   2.5   02:06   7.9   0.0   2.2   5.1  20.6   21:41     S
26  13.0  14.4   13:51   9.0   23:10   2.5   0.0  11.0   7.9  28.9   18:56   WSW
27   8.5  11.2   20:36   4.8   08:39   7.0   0.0   0.9   3.2  14.5   23:03   SSE
28  10.1  11.3   23:37   9.1   18:10   5.4   0.0   0.0   8.0  21.3   08:47    SE
29   9.2  11.6   01:01   7.4   16:37   6.3   0.0   0.3   6.7  28.9   22:36   SSE
30   9.9  12.8   10:49   5.5   22:54   5.6   0.0   7.5   7.2  28.9   05:33   SSE
31   4.8   7.9   14:41   1.8   23:46  10.7   0.0   7.0   3.8  24.4   15:01    SW
----------------------------------------------------------------------------------
     9.1  14.4    26     1.7    13   199.9   0.0  82.1   5.7  34.2     5     SSW

Max >=  27.0:  0
Max <=   0.0:  0
Min <=   0.0:  0
Min <= -18.0:  0
Max Rain: 11.3 on day 3
Days of Rain: 26 (>= 0.2 mm)  10 (>= 2.0 mm)  0 (>= 20.0 mm)
Heat Base: 15.5  Cool Base: 25.0  Method: Integration


Page updated 20/11/2018 17:26:21
© Sandaysoft 2009
powered by Sandy Software Cumulus software v1.9.2 by Steve Loft