NOAA-style Climate Reports for Audley UK


Report for 2016 Feb
                   Monthly Climatological Summary for Feb 2016

Name: Audley   City: Stoke-on-Trent   County: Staffordshire   Country: UK
Elevation: 140 m  Lat: N 53 03' 19"   Lon: W 002 18' 04"

                  Temperature (C), Rain (mm), Wind Speed (mph)

                                      Heat  Cool        Avg
    Mean                              Deg   Deg         Wind                 Dom
Day Temp  High   Time   Low    Time   Days  Days  Rain  Speed High   Time    Dir
----------------------------------------------------------------------------------
 1  10.5  12.7   11:56   7.6   21:51   5.0   0.0   0.0  10.8  34.2   11:21     W
 2   5.5   7.7   00:00   2.7   22:20  10.0   0.0   0.1  11.4  35.8   02:45     W
 3   3.9   7.1   14:35   0.6   08:08  11.6   0.0   6.4   6.4  25.9   05:30   WNW
 4   8.9  11.0   14:15   4.3   00:20   6.6   0.0   2.7   6.8  29.8   10:22   WNW
 5   8.8  10.4   12:15   5.8   23:57   6.7   0.0   3.3   4.6  23.5   11:59   WSW
 6   6.5   9.6   12:47   3.7   03:54   9.0   0.0  13.1   4.0  19.0   12:54     S
 7   5.1   7.2   12:19   2.8   08:23  10.4   0.0   4.7   5.9  26.6   19:09    SW
 8   5.9   7.5   12:32   4.5   04:55   9.6   0.0   4.8  10.7  32.0   14:47     W
 9   3.6   5.6   15:00   1.7   07:40  11.9   0.0   1.0   6.0  22.1   00:40     W
10   4.2   6.9   14:25   1.7   23:28  11.3   0.0   4.2   5.2  20.6   14:36   WNW
11   3.1   6.5   14:53   0.1   07:00  12.4   0.0   0.0   1.8   8.3   20:30     S
12   3.3   6.4   13:47   1.4   05:41  12.2   0.0   0.0   5.8  13.6   07:31    SE
13   3.0   5.1   14:24   1.2   23:59  12.5   0.0   0.0   6.8  22.1   12:22   ESE
14   2.0   5.4   13:50  -0.1   06:13  13.5   0.0   0.0   4.5  19.0   16:30    NE
15   1.0   5.1   15:09  -1.5   07:01  14.5   0.0   0.0   3.3  16.8   10:53   NNW
16   2.3   5.8   14:48  -1.6   02:49  13.2   0.0   0.1   4.6  19.7   09:38   SSE
17   3.9   5.1   12:30   2.7   23:36  11.6   0.0   9.6   5.5  19.7   01:28    SE
18   2.5   6.3   14:54  -0.3   08:06  13.0   0.0   0.1   2.5  12.1   12:40     W
19   4.5   8.7   23:47   0.4   04:35  11.0   0.0   0.0   4.2  25.9   23:28   SSW
20   7.8   9.7   15:09   6.5   12:38   7.7   0.0  14.1   7.4  24.4   05:14     W
21  10.5  12.7   12:51   6.8   23:54   5.0   0.0   2.6   8.4  27.3   12:45     W
22   5.3   7.4   14:10   3.1   23:39  10.2   0.0   0.4   5.7  22.8   13:12   WNW
23   3.5   6.5   14:36  -0.2   23:19  12.0   0.0   0.2   2.8  15.9   14:30    NW
24   1.5   5.2   15:18  -1.3   06:27  14.0   0.0   0.7   1.4  10.7   13:47   WNW
25   1.9   4.4   14:36  -0.7   08:47  13.6   0.0   0.2   1.3   9.8   00:48   WNW
26   3.1   6.3   13:11   1.3   23:15  12.4   0.0   0.0   4.0  13.6   20:42    SE
27   3.3   6.0   13:08   1.5   07:52  12.2   0.0   0.0   5.1  13.0   12:39     E
28   2.8   6.7   12:01  -0.3   04:09  12.7   0.0   0.0   3.0  15.2   12:23     E
29   2.8   5.6   13:54  -0.6   05:44  12.7   0.0   2.1   2.3  15.9   21:41   SSE
----------------------------------------------------------------------------------
     4.5  12.7     1    -1.6    16   318.5   0.0  70.4   5.3  35.8     2     WSW

Max >=  27.0:  0
Max <=   0.0:  0
Min <=   0.0:  9
Min <= -18.0:  0
Max Rain: 14.1 on day 20
Days of Rain: 16 (>= 0.2 mm)  11 (>= 2.0 mm)  0 (>= 20.0 mm)
Heat Base: 15.5  Cool Base: 25.0  Method: Integration


Page updated 20/11/2018 17:26:21
© Sandaysoft 2009
powered by Sandy Software Cumulus software v1.9.2 by Steve Loft