NOAA-style Climate Reports for Audley UK


Report for 2016 Mar
                   Monthly Climatological Summary for Mar 2016

Name: Audley   City: Stoke-on-Trent   County: Staffordshire   Country: UK
Elevation: 140 m  Lat: N 53 03' 19"   Lon: W 002 18' 04"

                  Temperature (C), Rain (mm), Wind Speed (mph)

                                      Heat  Cool        Avg
    Mean                              Deg   Deg         Wind                 Dom
Day Temp  High   Time   Low    Time   Days  Days  Rain  Speed High   Time    Dir
----------------------------------------------------------------------------------
 1   7.8  12.5   12:56   3.3   00:00   7.7   0.0   6.5   7.6  29.8   13:50     W
 2   3.9   6.1   15:00   0.7   11:12  11.6   0.0   5.1  10.2  38.7   22:21   WNW
 3   4.2   7.4   15:49   0.5   06:18  11.3   0.0   5.5   4.1  32.7   00:16   WNW
 4   1.4   2.8   23:41   0.4   06:01  14.1   0.0   6.9   3.8  18.3   23:53   WNW
 5   3.1   6.6   14:01   1.1   22:58  12.4   0.0   1.1   5.3  20.6   13:44   NNW
 6   1.6   4.5   15:26  -0.8   23:58  13.9   0.0   0.1   2.0  15.9   12:25    NW
 7   1.6   5.8   15:14  -1.0   04:08  13.9   0.0   0.0   2.6  15.9   13:45   NNW
 8   3.8   7.4   14:50  -1.4   01:48  11.7   0.0   1.1   1.5  11.4   09:31   SSW
 9   4.4   5.7   17:05   2.9   07:57  11.1   0.0  18.7   7.6  25.9   14:18   NNW
10   4.1   6.7   15:05   0.8   05:06  11.5   0.0   0.0   1.7  11.4   11:29   NNW
11   5.3   9.7   14:43   1.4   04:57  10.2   0.0   0.1   1.8   9.2   12:41   SSE
12   6.7  10.2   11:46   2.7   06:11   8.8   0.0   0.0   1.7   9.2   12:43     S
13   8.0  11.4   13:06   3.0   23:56   7.5   0.0   0.0   2.7   9.8   09:03   ESE
14   5.3  10.5   14:18   0.9   05:23  10.2   0.0   0.0   4.9  19.7   09:44   ESE
15   7.2   9.9   10:34   5.0   00:00   8.3   0.0   0.0   3.9  15.2   20:39     E
16   6.4  10.5   13:41   3.3   21:24   9.1   0.0   0.0   6.7  27.3   10:36     E
17   4.7   9.8   17:26   0.6   05:46  10.8   0.0   0.0   2.2   9.2   10:41     E
18   4.0   6.5   15:41   0.9   06:16  11.6   0.0   0.0   1.5  12.1   22:36    NE
19   6.1   8.4   14:21   4.7   03:31   9.4   0.0   0.0   2.7  10.7   12:01   ENE
20   6.3  11.0   15:34   3.6   07:20   9.2   0.0   0.0   2.5  12.1   16:20   NNW
21   5.1   8.3   15:31   1.2   05:30  10.4   0.0   0.0   3.0  16.8   12:56   WNW
22   6.4   8.8   14:37   3.8   00:02   9.1   0.0   0.0   1.1   9.8   14:08    NW
23   6.5   8.5   13:24   5.0   22:42   9.0   0.0   0.0   2.0  12.1   15:05     W
24   7.3   9.9   15:46   4.9   03:24   8.2   0.0   2.7   3.8  19.7   21:31   WSW
25   8.1  13.4   17:04   3.8   05:31   7.4   0.0   0.1   3.6  15.2   21:34   WSW
26   8.3  13.5   14:15   5.3   23:37   7.2   0.0   4.1   7.7  32.0   16:27     S
27   5.9   9.5   14:17   3.4   04:54   9.2   0.0   5.0   5.3  22.1   14:25   SSW
28   5.3   9.1   17:59   2.2   05:59  10.2   0.0  20.0   8.2  28.9   14:33   WNW
29   5.0   9.0   13:37   2.6   22:59  10.5   0.0   3.7   4.0  21.3   13:33   WSW
30   5.2  10.3   14:34   2.0   06:36  10.3   0.0   0.5   3.0  15.9   12:48     W
31   6.5  11.7   18:17   3.2   06:42   9.0   0.0   0.0   2.3  13.0   12:11    NW
----------------------------------------------------------------------------------
     5.3  13.5    26    -1.4     8   314.8   0.0  81.2   3.9  38.7     2     WNW

Max >=  27.0:  0
Max <=   0.0:  0
Min <=   0.0:  3
Min <= -18.0:  0
Max Rain: 20.0 on day 28
Days of Rain: 13 (>= 0.2 mm)  10 (>= 2.0 mm)  1 (>= 20.0 mm)
Heat Base: 15.5  Cool Base: 25.0  Method: Integration


Page updated 20/11/2018 17:26:21
© Sandaysoft 2009
powered by Sandy Software Cumulus software v1.9.2 by Steve Loft