NOAA-style Climate Reports for Audley UK


Report for 2016 May
                   Monthly Climatological Summary for May 2016

Name: Audley   City: Stoke-on-Trent   County: Staffordshire   Country: UK
Elevation: 140 m  Lat: N 53 03' 19"   Lon: W 002 18' 04"

                  Temperature (C), Rain (mm), Wind Speed (mph)

                                      Heat  Cool        Avg
    Mean                              Deg   Deg         Wind                 Dom
Day Temp  High   Time   Low    Time   Days  Days  Rain  Speed High   Time    Dir
----------------------------------------------------------------------------------
 1   7.8  11.2   19:01   3.1   03:09   7.7   0.0   1.1   2.8  12.1   10:32   SSE
 2  10.4  13.4   15:48   5.4   23:35   5.1   0.0   2.6   4.5  26.6   19:52     W
 3   8.5  13.0   18:04   4.2   06:36   7.0   0.0   0.1   3.7  18.3   10:53     W
 4  11.2  20.1   17:20   4.5   06:05   4.8   0.0   0.0   2.3  15.2   10:01     S
 5  13.8  22.2   17:35   6.3   06:05   3.2   0.0   0.0   2.1  10.7   11:51   SSE
 6  14.9  21.3   17:25   8.8   05:23   2.2   0.0   0.0   3.3  14.5   21:53   ESE
 7  15.5  21.4   14:34  11.0   04:57   1.6   0.0   6.7   5.1  18.3   19:39    SE
 8  18.4  26.4   17:08  11.8   04:10   1.1   0.1   0.0   5.2  19.7   17:25    SE
 9  18.9  24.3   15:44  14.8   05:58   0.1   0.0   0.0   6.5  22.1   16:44   ESE
10  14.9  16.7   12:04  12.4   23:55   0.7   0.0   5.3   4.7  19.0   19:16   ESE
11  14.8  19.0   15:28  12.2   00:29   1.4   0.0   2.4   4.3  20.6   20:19   ESE
12  16.4  24.0   17:11  10.5   05:25   1.5   0.0   0.0   3.6  18.3   13:46     E
13  12.5  18.2   14:28   8.1   23:58   3.3   0.0   0.0   2.8  14.5   15:13     E
14   9.0  15.1   17:16   3.6   06:02   6.5   0.0   0.0   2.2  13.0   15:06   NNW
15   9.4  16.1   16:51   3.9   05:37   6.1   0.0   0.0   2.0  13.0   12:39   WNW
16   9.7  15.3   17:14   6.3   01:42   5.8   0.0   0.0   2.5  15.2   15:51   WNW
17  12.2  19.5   16:24   4.8   04:23   4.1   0.0   0.7   1.4  13.0   18:28   WSW
18  11.6  15.2   16:57  10.0   21:34   3.9   0.0   3.1   2.3  15.9   17:05   WNW
19  12.2  17.0   13:31  10.1   01:43   3.3   0.0   5.7   1.5  13.6   13:04     W
20  13.5  17.5   15:51  10.8   07:20   2.2   0.0   2.6   2.1  12.1   09:00   WSW
21  13.1  16.0   13:18  10.3   23:47   2.4   0.0  17.8   1.1  12.1   00:54   SSE
22  11.4  16.3   16:55   7.7   05:20   4.1   0.0   0.1   1.4  13.0   13:53   WNW
23  11.3  16.6   17:07   6.9   02:07   4.2   0.0   0.1   2.0  18.3   12:30   WNW
24  12.0  17.7   14:13   7.2   23:56   3.9   0.0   0.0   2.4  17.4   20:46     E
25   8.9  10.8   16:45   6.7   00:44   6.6   0.0   2.7   1.5  12.1   13:54   NNE
26  10.5  12.8   15:12   8.1   02:58   5.0   0.0   0.4   0.6   6.9   11:52   WNW
27  13.7  19.9   17:52   7.9   05:07   2.6   0.0   0.0   0.8   8.3   09:58   ESE
28  13.7  18.4   16:08   9.2   03:57   2.5   0.0   0.0   1.2   8.3   07:54   ESE
29  14.2  19.8   17:56   8.4   04:09   2.6   0.0   0.0   1.3  13.6   16:35    NE
30  13.9  20.3   16:42   7.9   05:42   2.6   0.0   0.0   2.0  14.5   15:09     N
31  14.1  18.7   14:53   8.8   05:15   2.1   0.0   0.0   4.0  24.4   17:18   NNW
----------------------------------------------------------------------------------
    12.7  26.4     8     3.1     1   110.2   0.1  51.4   2.7  26.6     2     ESE

Max >=  27.0:  0
Max <=   0.0:  0
Min <=   0.0:  0
Min <= -18.0:  0
Max Rain: 17.8 on day 21
Days of Rain: 12 (>= 0.2 mm)  9 (>= 2.0 mm)  0 (>= 20.0 mm)
Heat Base: 15.5  Cool Base: 25.0  Method: Integration


Page updated 20/11/2018 17:26:21
© Sandaysoft 2009
powered by Sandy Software Cumulus software v1.9.2 by Steve Loft