NOAA-style Climate Reports for Audley UK


Report for 2016 Aug
                   Monthly Climatological Summary for Aug 2016

Name: Audley   City: Stoke-on-Trent   County: Staffordshire   Country: UK
Elevation: 140 m  Lat: N 53 03' 19"   Lon: W 002 18' 04"

                  Temperature (C), Rain (mm), Wind Speed (mph)

                                      Heat  Cool        Avg
    Mean                              Deg   Deg         Wind                 Dom
Day Temp  High   Time   Low    Time   Days  Days  Rain  Speed High   Time    Dir
----------------------------------------------------------------------------------
 1  14.0  17.8   15:26  10.2   04:29   1.9   0.0   1.2   0.3   9.8   14:48     S
 2  16.8  20.6   18:09  13.7   00:00   0.5   0.0   0.3   0.4  10.7   17:13    SW
 3  17.3  20.5   14:42  15.2   23:57   0.0   0.0   0.1   2.5  15.9   14:09   WSW
 4  15.8  19.6   18:01  13.6   23:59   0.5   0.0   5.9   3.1  18.3   09:33     W
 5  15.9  20.9   16:36  11.9   06:27   1.2   0.0   0.0   1.8  12.1   01:01   WNW
 6  18.1  25.0   17:36  12.5   00:16   0.7   0.0   0.0   0.6   9.8   13:35   WSW
 7  18.2  21.7   17:29  14.7   23:54   0.0   0.0   0.7   3.2  17.4   09:44     W
 8  14.6  18.4   17:25  11.4   03:25   1.4   0.0   0.2   4.9  21.3   12:50   WNW
 9  12.9  16.6   14:24   9.7   05:54   2.6   0.0   0.4   3.5  19.0   14:14   WNW
10  12.9  15.8   15:39  10.6   07:09   2.6   0.0   6.8   2.1  11.4   02:19     W
11  14.9  19.1   17:54  12.1   02:39   1.4   0.0   0.5   3.9  14.5   15:44   WNW
12  17.0  20.0   13:09  14.8   06:54   0.0   0.0   0.2   3.0  15.9   08:44     W
13  16.2  18.2   17:05  14.3   06:59   0.2   0.0   1.3   2.7  20.6   22:17   WNW
14  15.6  18.2   14:48  12.5   23:56   0.6   0.0   0.0   1.1  10.7   14:18    NW
15  16.3  23.0   18:03  10.6   06:04   1.5   0.0   0.0   0.3   8.3   14:51    SE
16  16.7  22.7   17:58  12.1   05:57   0.9   0.0   0.0   0.7   9.2   12:23    SE
17  16.9  23.1   18:03  11.9   06:09   0.9   0.0   0.0   0.8  13.0   02:43    SE
18  18.0  23.0   18:03  14.6   03:47   0.2   0.0   0.0   1.2  13.0   22:51   ESE
19  15.6  17.3   17:59  13.4   22:54   0.3   0.0  14.9   1.0  12.1   02:53    SE
20  14.9  17.4   15:53  12.5   04:31   1.0   0.0  11.7   2.1  14.5   07:06   SSW
21  15.7  18.7   16:02  13.8   04:08   0.5   0.0  14.0   3.0  15.9   08:35     W
22  18.4  21.4   15:50  16.6   02:47   0.0   0.0   2.6   1.2  11.4   01:54   WSW
23  19.4  24.6   17:29  15.3   06:57   0.0   0.0   0.1   0.4  10.7   13:59    SE
24  17.3  20.9   14:54  14.8   03:43   0.1   0.0   0.0   1.1  10.7   16:30    NW
25  16.3  17.5   18:12  14.8   23:50   0.1   0.0  14.0   0.2   5.4   22:10    NW
26  15.7  20.3   17:38  11.5   06:46   1.1   0.0   0.8   1.4  12.1   14:20     W
27  14.4  18.2   16:59  10.6   06:15   1.6   0.0   1.1   0.9  11.4   21:14   ESE
28  16.8  20.4   15:30  14.4   05:06   0.3   0.0   0.0   1.4  13.0   15:54   WNW
29  16.2  21.6   18:08  12.9   07:11   0.6   0.0   0.0   1.8  13.6   13:27   WNW
30  16.4  22.6   18:07  12.3   05:18   0.9   0.0   0.0   0.4   7.6   14:22     W
31  16.2  20.0   14:55  13.1   04:09   0.6   0.0   0.0   1.0  13.0   15:29     W
----------------------------------------------------------------------------------
    16.2  25.0     6     9.7     9    24.2   0.0  76.8   1.7  21.3     8       W

Max >=  27.0:  0
Max <=   0.0:  0
Min <=   0.0:  0
Min <= -18.0:  0
Max Rain: 14.9 on day 19
Days of Rain: 17 (>= 0.2 mm)  7 (>= 2.0 mm)  0 (>= 20.0 mm)
Heat Base: 15.5  Cool Base: 25.0  Method: Integration


Page updated 20/11/2018 17:26:21
© Sandaysoft 2009
powered by Sandy Software Cumulus software v1.9.2 by Steve Loft