NOAA-style Climate Reports for Audley UK


Report for 2016 Sep
                   Monthly Climatological Summary for Sep 2016

Name: Audley   City: Stoke-on-Trent   County: Staffordshire   Country: UK
Elevation: 140 m  Lat: N 53 03' 19"   Lon: W 002 18' 04"

                  Temperature (C), Rain (mm), Wind Speed (mph)

                                      Heat  Cool        Avg
    Mean                              Deg   Deg         Wind                 Dom
Day Temp  High   Time   Low    Time   Days  Days  Rain  Speed High   Time    Dir
----------------------------------------------------------------------------------
 1  15.4  19.4   16:03  11.4   06:58   1.1   0.0   0.0   0.9  11.4   14:10     W
 2  15.9  18.6   16:11  13.5   23:51   0.5   0.0   0.2   1.4  14.5   18:29     W
 3  14.4  16.9   18:33  11.6   06:28   1.5   0.0   7.7   0.6  11.4   15:01     S
 4  14.9  17.2   16:31  13.1   07:00   0.9   0.0   1.8   2.6  16.8   11:19   WNW
 5  17.0  23.0   18:20  13.4   06:28   0.7   0.0   2.0   0.6  10.7   19:08    SW
 6  20.0  22.3   12:52  18.2   07:11   0.0   0.0   0.0   0.2   6.9   14:13   WSW
 7  19.2  21.9   15:43  17.3   06:53   0.0   0.0   0.0   0.2   8.3   13:20    SE
 8  16.8  19.0   14:38  14.6   09:53   0.1   0.0   1.0   1.9  15.2   12:48     W
 9  16.9  19.7   15:33  14.0   02:03   0.4   0.0   0.0   1.3   9.8   06:33   SSE
10  14.1  17.5   00:03  11.1   23:58   1.5   0.0   5.0   0.5   8.3   00:13    NW
11  13.0  17.3   14:43   9.3   07:03   2.8   0.0   0.1   0.6  10.7   14:23    SE
12  16.5  21.1   15:18  10.6   04:38   1.2   0.0   0.0   1.3  11.4   10:33    SE
13  17.9  22.2   13:28  15.9   06:43   0.0   0.0  21.2   1.1  11.4   17:28    NW
14  18.5  22.2   17:23  15.2   07:18   0.0   0.0   0.1   0.9  12.1   16:08   ESE
15  17.8  21.8   16:33  14.7   07:18   0.0   0.0   0.0   0.7   7.6   14:36    NW
16  14.7  16.2   14:30  12.5   23:43   0.9   0.0   0.0   4.0  23.5   14:41   WNW
17  13.3  17.5   16:16   9.6   07:00   2.5   0.0   0.0   1.3  13.0   13:15    NW
18  13.6  17.9   15:32   9.5   07:17   2.4   0.0   0.0   0.7  11.4   16:10     W
19  14.1  15.7   16:31  12.0   22:46   1.4   0.0   3.8   1.4  13.0   14:17   WNW
20  13.3  16.7   15:17  10.6   06:05   2.3   0.0   0.1   0.3   6.0   14:55    NW
21  14.3  17.9   15:11  11.1   00:53   1.5   0.0   0.4   0.3   9.2   23:25    SE
22  13.2  16.0   15:38   9.8   21:33   2.3   0.0   0.7   1.2  11.4   12:20     W
23  12.5  16.6   15:04   9.2   07:32   3.2   0.0   0.0   0.6  10.7   14:43     S
24  15.0  18.3   13:55  10.6   01:33   1.5   0.0   0.0   2.3  18.3   06:29   SSE
25  13.4  16.5   00:00   9.6   23:47   2.2   0.0  16.4   1.5  17.4   13:35   WSW
26  11.6  13.6   15:45   9.0   03:59   3.9   0.0   4.4   1.0  11.4   15:03   SSE
27  14.4  19.4   16:02  11.3   03:59   1.7   0.0   0.1   1.7  13.6   08:56   SSW
28  16.3  21.3   15:00  12.0   00:47   1.1   0.0   0.0   2.0  15.9   14:54   WSW
29  14.5  17.3   01:19  10.4   23:53   1.2   0.0   0.5   4.0  24.4   12:56     W
30  11.0  14.0   12:12   8.6   07:30   4.5   0.0   0.0   1.1  13.0   13:53   WSW
----------------------------------------------------------------------------------
    15.1  23.0     5     8.6    30    43.3   0.0  65.5   1.3  24.4    29     WSW

Max >=  27.0:  0
Max <=   0.0:  0
Min <=   0.0:  0
Min <= -18.0:  0
Max Rain: 21.2 on day 13
Days of Rain: 13 (>= 0.2 mm)  7 (>= 2.0 mm)  1 (>= 20.0 mm)
Heat Base: 15.5  Cool Base: 25.0  Method: Integration


Page updated 20/11/2018 17:26:21
© Sandaysoft 2009
powered by Sandy Software Cumulus software v1.9.2 by Steve Loft