NOAA-style Climate Reports for Audley UK


Report for 2017 Jan
                   Monthly Climatological Summary for Jan 2017

Name: Audley   City: Stoke-on-Trent   County: Staffordshire   Country: UK
Elevation: 140 m  Lat: N 53 03' 19"   Lon: W 002 18' 04"

                  Temperature (C), Rain (mm), Wind Speed (mph)

                                      Heat  Cool        Avg
    Mean                              Deg   Deg         Wind                 Dom
Day Temp  High   Time   Low    Time   Days  Days  Rain  Speed High   Time    Dir
----------------------------------------------------------------------------------
 1   3.7   7.8   01:51   0.0   22:56  11.8   0.0   4.8   4.1  15.9   11:55   NNW
 2   0.2   2.0   14:01  -1.4   09:27  15.3   0.0   0.0   1.5   8.3   00:08   WNW
 3   4.2   6.6   22:20   1.0   00:00  11.3   0.0   0.1   6.2  21.3   23:56   WNW
 4   4.4   7.0   07:13  -0.6   23:50  11.1   0.0   0.3   4.2  23.5   00:12    NW
 5  -0.2   2.0   14:05  -2.0   07:56  15.7   0.0   0.0   1.3   9.8   23:20    SE
 6   3.5   8.2   22:05  -0.6   00:44  12.0   0.0   3.9   3.4  13.6   12:01   SSE
 7   8.5  10.2   13:32   7.6   00:00   7.0   0.0   0.9   1.1   8.3   13:32   WNW
 8   7.5   8.9   14:11   5.8   20:55   8.0   0.0   0.2   0.5   5.4   12:31    SW
 9   6.3   8.8   11:50   3.3   20:28   9.2   0.0   8.1   3.8  18.3   07:06   WSW
10   6.6   7.9   13:45   4.3   00:00   8.9   0.0   1.3   5.8  25.1   02:56     W
11   7.1  11.2   04:21   4.5   17:46   8.4   0.0   0.1  10.5  38.0   08:55   WNW
12   2.7   5.2   00:13   0.1   20:03  12.8   0.0   3.3   4.6  24.4   00:14   WNW
13   1.9   4.6   12:31   0.0   02:09  13.6   0.0   6.6   7.1  31.1   08:58    NW
14   3.5   5.5   13:57   0.8   01:18  12.0   0.0   8.3   5.1  25.9   08:05   WNW
15   6.9   8.6   18:27   4.2   00:01   8.6   0.0   9.1   6.3  22.1   07:58    NW
16   7.8   8.4   03:30   6.2   23:53   7.7   0.0   4.5   4.0  13.6   05:16    NW
17   5.4   6.4   13:40   4.7   08:19  10.1   0.0   0.7   1.3   8.3   00:02    SE
18   6.0   7.1   13:06   5.2   06:31   9.5   0.0   0.4   0.1   3.8   15:45    SE
19   6.0   6.5   13:19   5.4   23:40   9.5   0.0   0.0   0.1   4.5   18:03     E
20   3.0   5.5   00:00   1.1   23:52  12.5   0.0   0.2   2.6   9.8   19:07    SE
21   1.9   3.2   14:27   0.2   06:00  13.6   0.0   0.0   4.5  14.5   14:34    SE
22   1.1   2.7   22:54  -0.8   02:00  14.4   0.0   0.1   2.5  14.5   05:24    SE
23   3.0   6.1   14:46   1.1   04:54  12.5   0.0   0.0   1.5   6.0   17:09    SE
24   3.2   6.2   15:29   0.0   06:31  12.3   0.0   0.5   3.4   9.8   08:12    SE
25   3.2   5.9   14:36   1.3   22:29  12.3   0.0   0.0   4.0  15.9   14:47    SE
26  -0.5   2.0   00:20  -2.5   23:57  16.0   0.0   0.1   6.4  19.0   22:17    SE
27   0.3   3.5   23:52  -2.5   00:01  15.2   0.0   1.0   7.5  19.0   00:54    SE
28   4.1   6.1   14:01   1.9   23:52  11.4   0.0   7.3   3.3  22.1   15:51   SSW
29   3.2   6.0   22:21   0.3   07:37  12.3   0.0   2.0   2.7   9.8   09:45    SE
30   5.4   6.1   11:51   4.7   20:30  10.1   0.0   0.2   4.8  21.3   19:17    SE
31   6.6   9.1   21:22   4.6   03:33   8.9   0.0   9.1   7.5  20.6   02:42    SE
----------------------------------------------------------------------------------
     4.1  11.2    11    -2.5    26   354.0   0.0  73.1   3.9  38.0    11      SW

Max >=  27.0:  0
Max <=   0.0:  0
Min <=   0.0: 10
Min <= -18.0:  0
Max Rain: 9.1 on day 15
Days of Rain: 21 (>= 0.2 mm)  11 (>= 2.0 mm)  0 (>= 20.0 mm)
Heat Base: 15.5  Cool Base: 25.0  Method: Integration


Page updated 20/11/2018 17:26:21
© Sandaysoft 2009
powered by Sandy Software Cumulus software v1.9.2 by Steve Loft