NOAA-style Climate Reports for Audley UK


Report for 2017 Feb
                   Monthly Climatological Summary for Feb 2017

Name: Audley   City: Stoke-on-Trent   County: Staffordshire   Country: UK
Elevation: 140 m  Lat: N 53 03' 19"   Lon: W 002 18' 04"

                  Temperature (C), Rain (mm), Wind Speed (mph)

                                      Heat  Cool        Avg
    Mean                              Deg   Deg         Wind                 Dom
Day Temp  High   Time   Low    Time   Days  Days  Rain  Speed High   Time    Dir
----------------------------------------------------------------------------------
 1   8.3   9.3   15:34   7.5   07:09   7.2   0.0   3.2   3.1  12.1   23:09    SE
 2  10.0  11.4   13:42   8.0   00:12   5.5   0.0   0.7   7.8  24.4   18:56   SSE
 3   6.7   9.2   00:00   3.0   22:41   8.8   0.0   7.4   5.9  20.6   17:18   SSE
 4   3.0   6.1   14:24   1.0   07:29  12.5   0.0   2.3   2.5  15.9   22:20   SSE
 5   2.6   4.8   15:33   1.0   06:46  12.9   0.0   0.3   1.1   7.6   00:29   SSE
 6   2.2   4.4   15:11  -0.4   08:28  13.3   0.0   5.5   4.8  19.0   19:30    SE
 7   4.9   8.1   14:42   2.6   23:50  10.6   0.0   0.4   3.0  15.9   00:20     S
 8   2.9   4.2   12:34   1.0   23:57  12.6   0.0   1.4   2.1  10.7   21:58    SE
 9   1.1   2.0   11:57   0.5   22:57  14.4   0.0   0.0   3.6  12.1   18:55   ESE
10   1.2   2.9   14:25   0.2   05:42  14.4   0.0   0.0   2.8  13.6   16:16    NE
11   1.5   2.8   22:46   0.1   06:10  14.0   0.0   2.2   4.0  15.9   03:21     N
12   2.4   3.5   12:12   1.6   09:23  13.1   0.0   0.2   8.7  31.1   21:47     E
13   4.9   9.1   14:15   2.8   06:45  10.6   0.0   0.1   8.2  28.9   01:36   ESE
14   4.7   7.2   22:06   2.0   07:23  10.8   0.0   0.0   0.1   9.2   18:00    SE
15   7.8   9.6   13:20   6.8   05:51   7.7   0.0   2.0   0.0  10.7   10:01   SSE
16   7.2   9.5   12:40   4.8   07:55   8.3   0.0   0.4   0.1  11.4   11:10   WSW
17   8.5  11.0   14:18   7.0   04:18   7.0   0.0   0.0   0.0   1.6   00:00   ---
18   7.7  10.6   15:47   5.9   08:00   7.8   0.0   0.2   1.6  13.0   23:16   SSW
19   9.2  11.6   15:05   7.2   07:36   6.3   0.0   0.0   2.7  13.0   00:39     W
20  11.2  14.1   13:00   9.4   00:02   4.3   0.0   1.3   5.1  25.9   13:01     W
21   9.9  11.8   14:33   7.3   07:28   5.6   0.0   0.2   4.9  22.8   22:04   WSW
22   8.9  11.6   03:12   7.3   07:33   6.6   0.0  10.4   5.3  26.6   03:09     W
23   6.3   9.7   04:37   3.0   23:40   9.2   0.0   8.3  11.4  60.2   12:20   WNW
24   4.4   7.1   15:05   1.5   06:47  11.1   0.0   1.8   3.4  23.5   00:52     W
25   8.1   9.9   15:45   5.3   01:02   7.3   0.0   6.8   4.9  23.5   09:15    SW
26   8.7  10.7   15:59   5.9   23:53   6.8   0.0   1.2   5.1  27.3   16:38   WSW
27   4.2   6.3   11:53   1.3   21:51  11.3   0.0   4.3   1.7  27.3   15:17    SW
28   3.0   5.0   20:29   0.7   06:59  12.5   0.0   8.8   3.3  24.4   20:22     W
----------------------------------------------------------------------------------
     5.8  14.1    20    -0.4     6   272.5   0.0  69.4   3.8  60.2    23     SSW

Max >=  27.0:  0
Max <=   0.0:  0
Min <=   0.0:  1
Min <= -18.0:  0
Max Rain: 10.4 on day 22
Days of Rain: 22 (>= 0.2 mm)  11 (>= 2.0 mm)  0 (>= 20.0 mm)
Heat Base: 15.5  Cool Base: 25.0  Method: Integration


Page updated 20/11/2018 17:26:21
© Sandaysoft 2009
powered by Sandy Software Cumulus software v1.9.2 by Steve Loft