NOAA-style Climate Reports for Audley UK


Report for 2017 May
                   Monthly Climatological Summary for May 2017

Name: Audley   City: Stoke-on-Trent   County: Staffordshire   Country: UK
Elevation: 140 m  Lat: N 53 03' 19"   Lon: W 002 18' 04"

                  Temperature (C), Rain (mm), Wind Speed (mph)

                                      Heat  Cool        Avg
    Mean                              Deg   Deg         Wind                 Dom
Day Temp  High   Time   Low    Time   Days  Days  Rain  Speed High   Time    Dir
----------------------------------------------------------------------------------
 1  11.8  16.7   17:34   8.2   23:52   3.7   0.0   1.5   3.6  17.4   17:33   ESE
 2  11.1  16.0   11:42   6.9   05:57   4.4   0.0   0.0   2.2  17.4   19:30     E
 3  10.2  15.7   13:47   4.3   05:21   5.3   0.0   0.0   4.5  25.1   13:14     E
 4  11.6  16.5   17:50   6.9   23:54   3.9   0.0   0.0   6.4  27.3   11:55     E
 5  10.8  17.6   17:32   5.7   05:32   4.8   0.0   0.0   6.3  22.1   17:09   ESE
 6   9.5  11.7   13:13   7.2   00:21   6.0   0.0   0.0   3.6  19.7   05:52     E
 7  11.8  19.3   17:36   5.5   05:29   4.2   0.0   0.0   1.6  13.0   12:41    NW
 8   8.8  15.2   17:07   3.3   05:28   6.7   0.0   0.0   2.2  15.9   13:03    NE
 9   9.0  16.7   17:51   5.7   03:44   6.5   0.0   0.0   1.0   8.3   08:40     E
10  11.4  21.1   17:31   4.0   05:35   4.7   0.0   0.0   0.4   7.6   13:15    SW
11  13.9  21.3   16:40   6.5   05:35   3.0   0.0   0.0   2.6  15.2   14:10    SE
12  12.7  16.8   16:28  10.3   04:52   2.9   0.0   6.4   1.2   9.8   00:50    SE
13  12.5  16.2   17:55  10.4   04:22   3.0   0.0   0.5   1.0  10.7   02:29   SSE
14  12.9  18.6   17:37   9.2   06:55   2.8   0.0   6.2   1.5  16.8   11:51     W
15  12.8  15.9   14:59   8.7   02:40   2.8   0.0   2.1   1.5  15.2   16:53    SE
16  15.4  17.4   17:39  14.1   04:48   0.5   0.0   3.5   0.9  10.7   11:19     S
17  11.7  14.2   00:02   9.3   22:59   3.8   0.0   3.7   0.2   5.4   03:56     W
18  10.9  16.2   12:46   5.9   04:44   4.6   0.0   0.0   0.5  13.6   12:48    NW
19  11.3  15.2   15:47   8.2   06:06   4.2   0.0   0.0   0.8  15.2   18:24   WNW
20  10.7  15.6   17:49   6.3   05:44   4.8   0.0   1.0   0.6  10.7   18:53     W
21  12.8  20.5   17:30   7.1   04:14   3.2   0.0   0.0   0.5  11.4   15:45   SSE
22  16.1  22.8   16:54  10.8   05:17   1.6   0.0   0.0   1.1  15.2   20:01   SSW
23  15.8  23.1   17:25  10.3   05:04   1.6   0.0   0.0   1.1  13.6   09:45   WNW
24  17.3  23.9   17:23  13.2   01:04   0.6   0.0   0.0   0.7  10.7   12:04    NW
25  19.2  28.2   17:42  12.4   04:26   0.7   0.2   0.0   0.3   9.2   13:29    SE
26  19.7  28.1   17:18  13.0   05:28   0.4   0.2   0.0   1.0  11.4   19:04    SE
27  16.4  22.3   11:21  14.0   22:02   0.4   0.0   1.2   1.4  15.2   14:21   SSE
28  14.1  17.8   17:01  12.4   07:33   1.6   0.0   0.0   1.4  15.2   08:55   WNW
29  14.4  16.6   14:05  12.9   00:45   1.2   0.0   3.8   1.0  13.6   09:29    SE
30  14.4  19.8   16:45  11.7   23:57   1.6   0.0   1.9   1.7  16.8   17:55   WNW
31  14.2  20.0   16:35   7.8   05:22   2.4   0.0   0.3   0.2   7.6   15:12   SSW
----------------------------------------------------------------------------------
    13.1  28.2    25     3.3     8    97.9   0.4  32.1   1.7  27.3     4     ESE

Max >=  27.0:  2
Max <=   0.0:  0
Min <=   0.0:  0
Min <= -18.0:  0
Max Rain: 6.4 on day 12
Days of Rain: 12 (>= 0.2 mm)  6 (>= 2.0 mm)  0 (>= 20.0 mm)
Heat Base: 15.5  Cool Base: 25.0  Method: Integration


Page updated 20/11/2018 17:26:21
© Sandaysoft 2009
powered by Sandy Software Cumulus software v1.9.2 by Steve Loft