NOAA-style Climate Reports for Audley UK


Report for 2017 Jun
                   Monthly Climatological Summary for Jun 2017

Name: Audley   City: Stoke-on-Trent   County: Staffordshire   Country: UK
Elevation: 140 m  Lat: N 53 03' 19"   Lon: W 002 18' 04"

                  Temperature (C), Rain (mm), Wind Speed (mph)

                                      Heat  Cool        Avg
    Mean                              Deg   Deg         Wind                 Dom
Day Temp  High   Time   Low    Time   Days  Days  Rain  Speed High   Time    Dir
----------------------------------------------------------------------------------
 1  17.0  24.1   17:30  12.7   03:10   0.8   0.0   0.0   0.4  10.7   14:54   WSW
 2  14.1  17.0   14:06  12.2   20:52   1.5   0.0   1.6   0.3   8.3   14:33   WNW
 3  13.2  18.7   17:41   8.7   06:25   2.7   0.0   0.0   1.6  15.2   17:02     W
 4  12.1  17.0   14:03   8.4   04:49   3.4   0.0   3.5   0.7  12.1   11:57     W
 5  10.8  14.3   14:59   7.8   02:57   4.7   0.0  12.9   1.1  15.9   20:21   SSE
 6  10.3  13.2   17:31   8.4   05:22   5.2   0.0  15.9   8.6  39.6   16:45   WNW
 7  11.8  16.5   15:36   9.4   00:34   3.7   0.0   3.7   6.3  32.7   02:58   WNW
 8  13.8  19.4   17:05  10.7   00:00   2.2   0.0   1.8   1.1  16.8   13:39   SSW
 9  13.4  18.8   16:54   9.1   05:33   2.5   0.0   0.9   1.1  11.4   14:09   WNW
10  13.7  17.1   16:49  10.9   04:42   2.0   0.0   7.4   0.6  15.2   14:48   SSE
11  13.4  17.5   16:58  10.8   02:27   2.2   0.0   0.8   1.6  18.3   18:43     W
12  12.6  15.1   14:35  10.6   01:25   2.9   0.0   0.0   3.6  19.0   12:47   WNW
13  14.2  19.1   17:58  10.8   00:34   1.7   0.0   0.0   0.5   9.2   13:01   WNW
14  17.4  25.7   16:44  11.0   03:42   1.3   0.0   0.0   0.2  10.7   15:17   SSE
15  15.0  18.6   16:01  11.8   04:30   1.1   0.0   0.0   2.5  18.3   11:42   WNW
16  15.0  18.9   16:34  10.5   02:55   1.6   0.0   0.0   2.0  16.8   13:33   WNW
17  19.9  28.5   16:42  13.8   05:40   0.2   0.3   0.0   0.9  12.1   17:31   WNW
18  20.5  30.5   17:12  12.5   05:19   0.5   0.7   0.0   0.7  10.7   16:30   WNW
19  21.4  29.9   16:35  14.5   05:11   0.1   0.7   0.0   0.6  10.7   18:14    NW
20  19.2  24.8   16:43  14.9   04:42   0.1   0.0   0.0   0.9  12.1   19:19   ESE
21  19.7  24.7   14:51  14.0   06:30   0.2   0.0   0.1   0.5   9.8   02:42    SE
22  15.8  21.4   00:00  12.4   23:33   0.5   0.0   1.4   1.8  19.7   16:01   WNW
23  14.7  16.7   16:24  12.2   00:42   1.0   0.0   0.4   1.6  13.0   11:23   WNW
24  14.8  18.2   18:07  12.2   05:55   1.0   0.0   0.2   2.3  15.9   14:59   WNW
25  13.0  15.0   13:58  10.7   23:54   2.5   0.0   0.8   2.0  23.5   18:21   WNW
26  13.3  16.8   16:16   8.5   05:13   2.4   0.0   0.1   0.2   6.9   23:56   NNW
27  14.1  16.9   15:57  12.3   07:52   1.6   0.0   1.2   0.6  12.1   05:27    SE
28  11.2  12.5   00:00   8.8   23:00   4.3   0.0   8.7   1.2  15.9   17:51   NNE
29  10.6  13.0   18:14   8.4   02:41   4.9   0.0   3.7   1.9  13.6   01:59   WNW
30  13.1  14.9   16:33  10.7   04:16   2.4   0.0   0.7   0.9  11.4   19:08   WNW
----------------------------------------------------------------------------------
    14.6  30.5    18     7.8     5    61.2   1.7  65.8   1.6  39.6     6     WNW

Max >=  27.0:  3
Max <=   0.0:  0
Min <=   0.0:  0
Min <= -18.0:  0
Max Rain: 15.9 on day 6
Days of Rain: 17 (>= 0.2 mm)  7 (>= 2.0 mm)  0 (>= 20.0 mm)
Heat Base: 15.5  Cool Base: 25.0  Method: Integration


Page updated 20/11/2018 17:26:21
© Sandaysoft 2009
powered by Sandy Software Cumulus software v1.9.2 by Steve Loft