NOAA-style Climate Reports for Audley UK


Report for 2018 Feb
                   Monthly Climatological Summary for Feb 2018

Name: Audley   City: Stoke-on-Trent   County: Staffordshire   Country: UK
Elevation: 140 m  Lat: N 53 03' 19"   Lon: W 002 18' 04"

                  Temperature (C), Rain (mm), Wind Speed (mph)

                                      Heat  Cool        Avg
    Mean                              Deg   Deg         Wind                 Dom
Day Temp  High   Time   Low    Time   Days  Days  Rain  Speed High   Time    Dir
----------------------------------------------------------------------------------
 1   4.1   6.2   14:23   2.8   00:02  11.4   0.0   0.0  10.0  28.2   14:24    NW
 2   3.9   6.7   15:08   1.3   20:43  11.6   0.0   0.1   4.7  20.6   03:19    NW
 3   2.5   3.9   14:20   0.9   23:31  13.0   0.0   7.7   1.1  14.5   16:46    NW
 4   1.6   4.1   13:49  -0.1   06:40  13.9   0.0   0.1   1.1  12.1   14:17    NE
 5   1.0   3.2   13:16  -0.2   06:20  14.5   0.0   0.0   1.1  12.1   12:55     E
 6   0.0   0.7   18:56  -1.2   06:26  15.5   0.0   0.7   1.1  11.4   20:09   NNW
 7  -0.6   2.2   14:12  -3.4   07:36  16.1   0.0   0.4   0.8   7.6   13:38   WNW
 8   4.1   7.7   14:14   0.5   03:09  11.4   0.0   7.6   2.9  18.3   22:02   SSE
 9   3.0   6.3   00:00   0.4   22:46  12.5   0.0   1.4   6.2  28.2   11:21     W
10   4.3   8.2   17:22  -0.4   02:11  11.2   0.0   6.8   3.9  32.0   23:01     S
11   2.1   6.1   00:00   0.1   23:28  13.4   0.0   3.4   7.7  32.7   10:38   WSW
12   1.5   4.4   14:42  -0.6   06:35  14.0   0.0   0.8   3.9  16.8   00:34    SW
13   2.3   4.2   15:37  -1.0   23:53  13.2   0.0   4.6   5.2  25.9   05:29   SSE
14   2.2   5.5   21:56  -1.4   02:57  13.3   0.0   2.1   5.8  26.6   14:34    SE
15   4.4   6.7   14:12   1.7   22:35  11.1   0.0   2.1   5.8  32.7   11:05   WSW
16   3.7   7.6   14:43   0.6   05:39  11.8   0.0   0.0   2.5  12.1   01:39   SSW
17   4.9   8.3   14:10   3.3   04:21  10.6   0.0   2.2   2.3  13.0   02:30     S
18   5.7   7.7   13:21   3.3   06:31   9.8   0.0   2.1   1.9  11.4   10:28   SSE
19   8.3   9.7   14:15   6.6   00:02   7.2   0.0   3.8   3.5  15.2   11:15   WNW
20   6.7   8.6   14:28   5.1   06:22   8.8   0.0   0.8   6.4  20.6   10:42    NW
21   5.1   6.8   12:00   2.1   23:53  10.4   0.0   0.0   0.6   9.8   11:13    NE
22   1.8   3.4   12:57  -0.9   20:41  13.7   0.0   0.0   2.8  15.2   10:30    SE
23   0.5   3.6   15:16  -1.3   02:55  15.0   0.0   0.0   6.7  22.1   11:25    SE
24   1.3   4.6   15:35  -0.9   07:23  14.2   0.0   0.0   7.8  19.7   00:00    SE
25   0.6   3.8   13:37  -1.9   23:42  14.9   0.0   0.0   8.1  19.0   03:28   ESE
26  -0.9   1.2   13:14  -2.8   22:07  16.4   0.0   0.0   4.3  19.0   11:32   ESE
27  -2.0   1.1   12:37  -4.2   22:16  17.5   0.0   0.9   2.6  20.6   14:40     E
28  -4.8  -1.2   12:28  -7.2   06:32  20.3   0.0   0.0   6.7  25.9   15:59   ESE
----------------------------------------------------------------------------------
     2.4   9.7    19    -7.2    28   366.7   0.0  47.6   4.2  32.7    11       S

Max >=  27.0:  0
Max <=   0.0:  1
Min <=   0.0: 15
Min <= -18.0:  0
Max Rain: 7.7 on day 3
Days of Rain: 16 (>= 0.2 mm)  10 (>= 2.0 mm)  0 (>= 20.0 mm)
Heat Base: 15.5  Cool Base: 25.0  Method: Integration


Page updated 20/11/2018 17:26:21
© Sandaysoft 2009
powered by Sandy Software Cumulus software v1.9.2 by Steve Loft