NOAA-style Climate Reports for Audley UK


Report for 2018 May
                   Monthly Climatological Summary for May 2018

Name: Audley   City: Stoke-on-Trent   County: Staffordshire   Country: UK
Elevation: 140 m  Lat: N 53 03' 19"   Lon: W 002 18' 04"

                  Temperature (C), Rain (mm), Wind Speed (mph)

                                      Heat  Cool        Avg
    Mean                              Deg   Deg         Wind                 Dom
Day Temp  High   Time   Low    Time   Days  Days  Rain  Speed High   Time    Dir
----------------------------------------------------------------------------------
 1   7.8  13.4   14:11   0.7   05:47   7.7   0.0   0.3   2.6  16.8   11:08    SW
 2   8.8  12.3   16:59   6.2   23:47   6.7   0.0  10.3   5.0  21.3   00:55     W
 3   9.4  13.9   15:27   5.3   01:39   6.1   0.0   0.0   1.8  15.2   12:05   WSW
 4  13.3  20.2   18:07   9.2   00:05   2.7   0.0   0.0   0.6   8.3   14:41    SW
 5  15.7  25.3   17:35   8.3   05:56   2.1   0.0   0.0   0.7   9.2   11:14    SW
 6  17.6  26.6   17:47  10.3   06:10   1.3   0.1   0.0   0.4   8.3   20:55   SSE
 7  18.9  28.6   17:43  11.0   06:03   1.0   0.2   0.0   0.3   6.0   11:27   SSE
 8  14.9  19.6   14:03  10.2   23:35   1.2   0.0   1.0   1.3  16.8   15:04     W
 9  11.1  15.5   12:26   6.8   05:28   4.4   0.0   0.7   0.8   9.8   12:37     W
10  10.4  15.8   17:20   5.9   05:44   5.1   0.0   2.6   1.0  18.3   00:49     W
11  11.1  15.7   15:29   6.4   03:09   4.4   0.0   3.4   1.2  16.8   10:54   SSE
12  10.0  14.6   16:19   5.2   05:57   5.5   0.0   0.5   0.3   6.9   10:03    NW
13  11.9  18.7   17:01   7.3   05:50   3.8   0.0   0.0   0.8  13.0   17:15   WNW
14  12.0  20.7   17:09   4.7   05:31   4.3   0.0   0.0   0.8  10.7   12:39    NW
15  12.9  20.4   16:40   7.8   04:55   3.5   0.0   0.0   1.2  13.6   15:51   WNW
16  11.6  15.1   16:27   6.2   23:56   3.9   0.0   0.1   1.6  11.4   09:00     E
17  10.0  16.4   16:12   2.9   05:20   5.6   0.0   0.0   0.6   9.2   13:26   ESE
18  12.3  19.0   17:55   5.5   05:24   3.8   0.0   0.0   0.3   7.6   13:03    NW
19  15.2  24.8   17:52   7.8   05:45   2.4   0.0   0.0   0.2   7.6   12:57   WSW
20  16.9  24.9   17:41   9.9   04:38   1.6   0.0   0.0   0.1   6.9   12:53   SSE
21  15.7  22.8   14:50  10.7   05:36   1.6   0.0   3.9   0.5  10.7   15:03     W
22  14.9  22.7   17:37  10.3   02:26   2.2   0.0   0.0   1.6  13.6   10:12   ENE
23  14.1  24.0   17:42   6.9   04:58   3.0   0.0   0.0   1.1  12.1   15:06   ESE
24  16.1  24.9   17:25  10.4   02:14   1.6   0.0   0.0   1.2  12.1   17:56   ESE
25  13.2  15.0   00:00  11.5   06:01   2.3   0.0  24.5   1.4  14.5   14:35     E
26  16.4  23.8   17:26  11.9   05:57   1.0   0.0   0.1   2.6  20.6   18:09   ESE
27  18.1  25.8   16:29  12.9   05:23   0.7   0.0   5.5   3.4  19.7   13:46    SE
28  18.6  26.6   17:50  12.5   05:38   0.6   0.1   0.0   0.8   9.2   12:30   ESE
29  17.2  24.1   17:09  11.8   05:12   0.8   0.0   0.0   1.7  13.6   12:57   ESE
30  14.7  15.9   15:53  12.8   05:28   0.8   0.0   5.8   0.1   7.6   10:37   WNW
31  18.2  25.0   17:25  14.3   05:11   0.3   0.0   0.0   0.2   8.3   17:57    SE
----------------------------------------------------------------------------------
    13.8  28.6     7     0.7     1    92.0   0.4  58.7   1.2  21.3     2       S

Max >=  27.0:  1
Max <=   0.0:  0
Min <=   0.0:  0
Min <= -18.0:  0
Max Rain: 24.5 on day 25
Days of Rain: 11 (>= 0.2 mm)  7 (>= 2.0 mm)  1 (>= 20.0 mm)
Heat Base: 15.5  Cool Base: 25.0  Method: Integration


Page updated 20/11/2018 17:26:21
© Sandaysoft 2009
powered by Sandy Software Cumulus software v1.9.2 by Steve Loft