NOAA-style Climate Reports for Audley UK


Report for 2018 Jul
                   Monthly Climatological Summary for Jul 2018

Name: Audley   City: Stoke-on-Trent   County: Staffordshire   Country: UK
Elevation: 140 m  Lat: N 53 03' 19"   Lon: W 002 18' 04"

                  Temperature (C), Rain (mm), Wind Speed (mph)

                                      Heat  Cool        Avg
    Mean                              Deg   Deg         Wind                 Dom
Day Temp  High   Time   Low    Time   Days  Days  Rain  Speed High   Time    Dir
----------------------------------------------------------------------------------
 1  21.2  28.8   17:45  13.2   05:30   0.3   0.7   0.0   1.4  14.5   21:17   ESE
 2  21.4  28.0   17:37  15.6   06:24   0.0   0.6   0.0   2.0  18.3   14:29   ESE
 3  19.0  27.0   17:53  12.0   03:37   0.7   0.1   0.0   1.5  14.5   10:17   ESE
 4  19.2  27.9   17:52  11.3   04:46   1.0   0.2   0.0   0.5   9.2   01:32    SW
 5  20.1  27.4   15:45  13.8   05:38   0.2   0.3   0.0   1.3  14.5   17:02   WNW
 6  19.6  28.0   17:37  12.0   05:00   0.6   0.2   0.0   0.9  12.1   19:36   WNW
 7  20.7  28.5   16:25  13.7   05:41   0.2   0.4   0.0   1.1  14.5   15:25   WNW
 8  21.7  29.0   16:56  14.5   05:44   0.1   0.7   0.0   1.1  13.6   16:58    NW
 9  20.2  25.1   17:45  15.6   04:59   0.0   0.0   0.0   1.2  15.2   16:26   WNW
10  19.3  25.7   17:45  15.3   06:24   0.0   0.0   0.0   0.9  11.4   14:44   NNW
11  18.6  24.5   14:06  12.3   05:42   0.6   0.0   0.0   0.5  12.1   18:26    NW
12  17.9  22.3   15:02  14.5   04:14   0.1   0.0   3.2   0.2   6.9   09:09   SSE
13  17.7  24.1   16:32  14.1   04:34   0.3   0.0   0.9   0.5  11.4   17:37    SW
14  20.5  27.7   17:00  15.3   05:40   0.0   0.2   0.0   0.6   8.3   15:56     W
15  20.2  27.8   17:12  13.1   05:21   0.3   0.3   0.0   0.9  15.9   16:01     W
16  19.0  25.8   15:30  14.1   23:55   0.1   0.0   2.1   0.8  15.2   16:39     W
17  16.3  22.7   16:30  11.3   05:06   1.1   0.0   0.1   1.4  17.4   15:22     W
18  18.5  22.7   16:24  13.7   02:47   0.4   0.0   0.0   0.1  10.7   05:33   WSW
19  18.7  25.5   16:47  13.2   05:11   0.4   0.0   0.0   0.8  10.7   15:47    NW
20  16.3  22.9   11:29  12.0   05:36   0.9   0.0   1.2   0.8  18.3   12:59     W
21  17.1  21.7   17:56  14.4   00:59   0.3   0.0   0.0   0.6  12.1   18:48   WNW
22  18.9  26.0   17:17  14.4   05:41   0.2   0.0   0.0   1.2  13.0   09:48     W
23  22.2  29.2   14:49  16.7   04:26   0.0   0.6   0.0   0.9  13.0   17:15     W
24  18.6  23.2   13:14  14.3   23:58   0.0   0.0   1.6   0.6  13.6   14:13     W
25  18.1  25.4   16:52  11.9   05:26   0.9   0.0   0.0   0.5   7.6   13:47   WNW
26  21.7  30.9   17:27  14.7   02:59   0.1   0.9   0.0   0.3   9.8   15:45    SW
27  22.1  30.5   16:56  15.8   06:02   0.0   0.9   0.0   0.6  14.5   14:02   WSW
28  16.9  20.0   00:00  13.1   23:22   0.2   0.0   0.4   1.3  15.2   10:13   SSW
29  16.6  22.6   16:56  13.1   00:00   0.7   0.0  17.0   1.7  14.5   04:43   SSE
30  17.1  24.1   14:26  11.9   05:33   0.8   0.0   0.4   1.1  14.5   18:40   WSW
31  17.1  21.4   14:14  13.3   04:23   0.6   0.0   0.1   0.6  13.6   12:31     W
----------------------------------------------------------------------------------
    19.1  30.9    26    11.3     4    11.1   6.1  27.0   0.9  18.3     2       W

Max >=  27.0: 13
Max <=   0.0:  0
Min <=   0.0:  0
Min <= -18.0:  0
Max Rain: 17.0 on day 29
Days of Rain: 8 (>= 0.2 mm)  3 (>= 2.0 mm)  0 (>= 20.0 mm)
Heat Base: 15.5  Cool Base: 25.0  Method: Integration


Page updated 20/11/2018 17:26:21
© Sandaysoft 2009
powered by Sandy Software Cumulus software v1.9.2 by Steve Loft