NOAA-style Climate Reports for Audley UK


Report for 2018 Sep
                   Monthly Climatological Summary for Sep 2018

Name: Audley   City: Stoke-on-Trent   County: Staffordshire   Country: UK
Elevation: 140 m  Lat: N 53 03' 19"   Lon: W 002 18' 04"

                  Temperature (C), Rain (mm), Wind Speed (mph)

                                      Heat  Cool        Avg
    Mean                              Deg   Deg         Wind                 Dom
Day Temp  High   Time   Low    Time   Days  Days  Rain  Speed High   Time    Dir
----------------------------------------------------------------------------------
 1  16.1  22.0   18:32  10.4   06:08   1.7   0.0   0.0   0.2   7.6   11:05   SSE
 2  18.9  22.6   15:49  15.9   07:16   0.0   0.0   0.0   0.3   8.3   11:01     S
 3  15.3  17.8   00:00  13.7   15:44   0.5   0.0   0.7   1.1  13.0   10:41   WNW
 4  13.5  15.7   17:17  11.8   06:57   2.0   0.0   1.5   0.3   6.9   21:12    NW
 5  13.1  18.4   18:11   9.1   06:58   2.9   0.0   0.0   0.9  12.1   13:20   WNW
 6  11.2  14.2   10:20   8.7   23:53   4.3   0.0   3.4   1.3  15.9   17:46   WNW
 7  11.0  14.9   15:02   8.1   04:42   4.5   0.0   5.4   3.1  20.6   11:27     W
 8  13.2  15.7   13:32  10.5   03:44   2.3   0.0   7.0   0.2   9.2   15:34    SW
 9  14.6  17.8   12:45  12.5   23:59   1.3   0.0   0.7   1.6  22.8   16:44     W
10  14.0  17.4   16:49  10.5   06:44   1.7   0.0   0.0   0.8  12.1   14:26     W
11  14.8  17.0   17:30  11.7   09:06   1.1   0.0   8.1   2.5  15.9   08:09     W
12  11.8  15.4   15:47   8.9   23:58   3.7   0.0   3.6   1.4  15.9   13:05     W
13  12.4  16.8   15:28   8.4   01:35   3.2   0.0   0.0   1.4  13.0   12:26     W
14  12.7  14.9   15:54  10.3   23:50   2.8   0.0   8.9   0.9  12.1   16:02     W
15  12.7  16.7   14:39   9.0   05:54   2.9   0.0   0.1   0.4   9.8   14:27     W
16  14.5  17.8   14:46  11.9   00:21   1.4   0.0   2.5   0.7  12.1   06:10   SSE
17  15.6  19.6   15:56  11.4   03:07   1.2   0.0   0.7   0.7  13.0   16:12   SSE
18  16.8  19.9   15:48  13.4   01:29   0.3   0.0   9.2   2.8  21.3   05:32   WSW
19  14.2  17.8   13:21  11.8   23:10   1.5   0.0   0.7   2.6  22.1   14:59   WSW
20  12.8  16.0   17:24  10.3   06:14   2.8   0.0  28.9   0.6  17.4   17:27     S
21  10.2  15.6   00:00   7.2   06:48   5.3   0.0   3.0   5.8  32.7   01:36     W
22   9.4  12.2   13:04   7.7   06:15   6.1   0.0   0.5   0.3   8.3   02:51     W
23   9.1  12.3   15:20   6.7   23:59   6.4   0.0   0.1   1.4  22.8   14:42   WNW
24   8.3  12.7   14:57   4.6   06:58   7.2   0.0   0.0   1.1  13.0   13:54     W
25   9.2  14.3   15:34   4.0   07:12   6.3   0.0   0.0   0.4  13.0   14:42   SSW
26  14.4  19.9   15:20  10.3   01:34   2.1   0.0   0.0   1.0  13.0   10:37     W
27  15.3  19.6   13:32  11.8   23:46   1.1   0.0   0.0   1.4  15.2   17:01     W
28   9.8  13.4   15:33   6.5   08:03   5.7   0.0   0.0   0.6  10.7   01:02    NW
29   8.9  15.0   16:13   4.3   06:40   6.6   0.0   0.0   1.0  11.4   17:22     W
30   9.6  12.2   13:58   7.5   00:29   5.9   0.0   0.8   3.0  20.6   18:48     W
----------------------------------------------------------------------------------
    12.8  22.6     2     4.0    25    94.8   0.0  85.8   1.3  32.7    21       W

Max >=  27.0:  0
Max <=   0.0:  0
Min <=   0.0:  0
Min <= -18.0:  0
Max Rain: 28.9 on day 20
Days of Rain: 17 (>= 0.2 mm)  10 (>= 2.0 mm)  1 (>= 20.0 mm)
Heat Base: 15.5  Cool Base: 25.0  Method: Integration


Page updated 20/11/2018 17:26:21
© Sandaysoft 2009
powered by Sandy Software Cumulus software v1.9.2 by Steve Loft