NOAA-style Climate Reports for Audley UK


Report for 2018 Oct
                   Monthly Climatological Summary for Oct 2018

Name: Audley   City: Stoke-on-Trent   County: Staffordshire   Country: UK
Elevation: 140 m  Lat: N 53 03' 19"   Lon: W 002 18' 04"

                  Temperature (C), Rain (mm), Wind Speed (mph)

                                      Heat  Cool        Avg
    Mean                              Deg   Deg         Wind                 Dom
Day Temp  High   Time   Low    Time   Days  Days  Rain  Speed High   Time    Dir
----------------------------------------------------------------------------------
 1   8.5  12.5   16:23   4.4   05:48   7.0   0.0   0.1   1.2  13.0   16:35   WNW
 2  12.4  14.9   12:33   9.3   00:00   3.0   0.0   2.7   4.8  25.9   05:57   WNW
 3  13.1  15.8   15:32  10.8   00:50   2.4   0.0   0.3   2.5  17.4   10:47   WNW
 4  13.9  18.3   16:44  11.6   07:24   1.9   0.0   0.0   0.7  10.7   17:32     W
 5  12.6  16.3   14:00   9.1   23:55   3.0   0.0   8.4   0.6  11.4   18:45     W
 6   7.4  10.3   15:10   3.9   23:55   8.1   0.0   6.8   1.2  17.4   15:10   NNW
 7   7.0  11.6   13:32   2.6   04:26   8.5   0.0   0.0   0.4   8.3   11:05     W
 8  12.0  15.2   14:45   8.1   00:25   3.5   0.0   0.0   1.2  15.2   12:34     W
 9  12.8  15.8   15:26  10.8   23:26   2.7   0.0   0.0   0.6   9.8   11:14   SSW
10  13.9  18.8   15:29   9.5   05:34   2.4   0.0   0.0   1.3  15.2   14:42    SE
11  14.0  17.0   16:02   9.4   23:51   1.7   0.0   6.9   1.8  20.6   16:46   SSE
12  14.2  17.0   19:50   9.5   00:00   1.7   0.0   4.7   5.0  25.9   13:05    SE
13  17.3  19.3   15:24  15.5   04:37   0.0   0.0   7.7   3.8  24.4   06:25   SSE
14  10.4  16.2   00:00   6.5   21:48   5.2   0.0   9.3   1.2  13.6   04:41   WNW
15   9.1  11.3   13:40   7.1   00:00   6.4   0.0   0.4   0.8  10.7   16:38     E
16  12.1  14.7   13:50  10.1   00:00   3.4   0.0   0.0   0.6   9.2   11:39     S
17  11.3  14.0   13:11   7.9   23:59   4.2   0.0   0.0   0.3   8.3   15:34    NW
18   7.3  11.3   16:38   4.3   07:59   8.2   0.0   0.0   0.1   5.4   14:13    NW
19   8.8  14.3   16:48   5.2   04:56   6.7   0.0   0.0   0.7  10.7   16:13   WSW
20  10.9  15.5   14:50   7.7   06:47   4.6   0.0   0.0   0.2   9.2   12:14    SW
21  10.8  15.6   13:17   8.1   23:54   4.7   0.0   0.5   1.4  13.6   16:52   WNW
22   8.2  11.5   15:40   6.0   02:14   7.3   0.0   0.0   2.3  15.9   21:15   WNW
23  10.3  12.0   12:59   6.8   02:28   5.2   0.0   0.0   6.2  25.9   16:35   WNW
24  10.7  11.8   00:02  10.0   19:07   4.8   0.0   0.1   5.4  18.3   11:08   WNW
25  10.1  11.1   14:42   9.2   23:59   5.4   0.0   0.0   3.8  18.3   05:45   WNW
26   6.6   9.7   00:56   3.1   23:58   8.9   0.0   4.5   3.5  17.4   15:58   WNW
27   2.8   5.6   15:48   0.3   07:24  12.7   0.0   0.1   2.1  15.9   12:44    NW
28   2.9   8.3   14:37   0.3   07:14  13.1   0.0   0.0   1.3  16.8   14:33     N
29   1.6   6.3   13:06  -1.6   06:13  13.9   0.0   0.1   0.8  13.0   12:04   ESE
30   3.0   7.2   13:02  -1.4   03:43  12.5   0.0   0.3   1.6  13.0   12:11   WNW
31   4.8   9.3   14:37   0.3   03:55  10.7   0.0   0.5   1.7  11.4   18:07    SE
----------------------------------------------------------------------------------
     9.7  19.3    13    -1.6    29   183.8   0.0  53.4   1.9  25.9     2       W

Max >=  27.0:  0
Max <=   0.0:  0
Min <=   0.0:  2
Min <= -18.0:  0
Max Rain: 9.3 on day 14
Days of Rain: 13 (>= 0.2 mm)  8 (>= 2.0 mm)  0 (>= 20.0 mm)
Heat Base: 15.5  Cool Base: 25.0  Method: Integration


Page updated 20/11/2018 17:26:21
© Sandaysoft 2009
powered by Sandy Software Cumulus software v1.9.2 by Steve Loft