NOAA-style Climate Reports for Audley UK


Report for 2018 Nov
                   Monthly Climatological Summary for Nov 2018

Name: Audley   City: Stoke-on-Trent   County: Staffordshire   Country: UK
Elevation: 140 m  Lat: N 53 03' 19"   Lon: W 002 18' 04"

                  Temperature (C), Rain (mm), Wind Speed (mph)

                                      Heat  Cool        Avg
    Mean                              Deg   Deg         Wind                 Dom
Day Temp  High   Time   Low    Time   Days  Days  Rain  Speed High   Time    Dir
----------------------------------------------------------------------------------
 1   6.6   8.9   13:18   2.8   23:31   8.9   0.0   1.9   1.8  15.2   19:09   WNW
 2   5.4  10.1   13:31   2.0   05:32  10.1   0.0   0.1   1.9  10.7   22:14     W
 3   9.6  12.3   15:08   6.6   03:45   5.9   0.0   0.0   4.6  23.5   20:02   SSE
 4  10.9  12.6   12:59   8.1   23:13   4.6   0.0   0.8   3.1  20.6   00:58   SSE
 5   9.2  10.9   14:02   7.6   03:18   6.3   0.0   0.0   2.3   9.8   12:50    SE
 6  11.6  13.7   13:03  10.0   07:27   3.9   0.0   1.5   3.7  17.4   22:59    SE
 7  10.1  11.6   01:35   7.4   20:38   5.4   0.0  15.7   3.4  18.3   10:39   SSE
 8   7.8  10.5   14:15   5.2   03:36   7.7   0.0   0.9   3.7  15.9   23:44    SE
 9   8.7  10.6   13:14   6.8   03:05   6.8   0.0   3.8   5.9  25.9   20:51    SE
10   8.6  10.7   13:16   6.9   07:46   6.9   0.0   0.2   3.8  16.8   10:03   SSE
11   8.1  11.1   14:20   6.7   05:02   7.4   0.0   2.0   3.9  15.9   21:04     S
12   8.1  11.6   12:18   6.5   22:53   7.5   0.0   5.5   3.5  16.8   12:18   SSE
13   9.0  11.2   12:52   6.8   00:03   6.5   0.0   0.5   4.4  17.4   14:07   WSW
14  10.4  12.4   12:41   7.7   23:52   5.1   0.0   0.2   4.3  15.9   06:07   SSE
15   9.8  12.3   13:04   6.5   07:03   5.7   0.0   0.2   3.4  17.4   11:48   SSE
16  11.4  12.2   10:38   9.2   23:47   4.1   0.0   0.0   3.2  15.9   22:32    SE
17   7.8   9.4   13:33   6.4   20:48   7.7   0.0   0.0   6.2  18.3   22:40    SE
18   6.5   8.9   12:19   4.3   08:07   9.0   0.0   0.0   6.0  19.0   00:01   ESE
19   6.6   8.8   12:26   4.3   23:51   9.0   0.0   0.0   6.4  21.3   14:19   ESE
20   4.2   5.5   11:45   3.4   18:37  11.3   0.0   3.1   4.5  26.6   07:52     E
21   2.9   4.5   17:21   1.2   23:58  12.6   0.0   2.1   5.2  16.8   14:06    SE
22   2.5   5.3   13:56  -0.9   07:46  13.0   0.0   0.1   3.2  11.4   00:25    SE
23   5.1   6.5   23:58   3.3   04:59  10.4   0.0   0.0   4.3  15.2   07:03    SE
24   6.4   8.8   11:42   3.2   22:12   9.1   0.0   0.0   4.8  18.3   13:30   ESE
25   5.1   6.9   14:25   3.4   09:26  10.4   0.0   0.0   1.9  13.0   03:59     E
26   4.4   6.3   14:06   1.8   23:51  11.1   0.0   0.0   0.9   7.6   22:28   ENE
27   4.1   6.4   21:17   1.3   00:55  11.4   0.0   7.1   6.4  22.1   14:59    SE
28  10.1  13.5   15:17   5.2   00:00   5.4   0.0   4.2   8.0  35.8   14:59   SSW
29   9.4  12.4   08:48   7.0   22:23   6.1   0.0   1.5   5.7  34.2   11:03     S
30   6.7   8.2   12:55   5.1   20:47   8.8   0.0   3.6   5.5  21.3   12:55     W
----------------------------------------------------------------------------------
     7.6  13.7     6    -0.9    22   238.1   0.0  51.8   4.2  35.8    28      SE

Max >=  27.0:  0
Max <=   0.0:  0
Min <=   0.0:  1
Min <= -18.0:  0
Max Rain: 15.7 on day 7
Days of Rain: 18 (>= 0.2 mm)  8 (>= 2.0 mm)  0 (>= 20.0 mm)
Heat Base: 15.5  Cool Base: 25.0  Method: Integration


Page updated 20/11/2018 17:26:21
© Sandaysoft 2009
powered by Sandy Software Cumulus software v1.9.2 by Steve Loft