NOAA-style Climate Reports for Audley UK


Report for 2019 Feb
                   Monthly Climatological Summary for Feb 2019

Name: Audley   City: Stoke-on-Trent   County: Staffordshire   Country: UK
Elevation: 140 m  Lat: N 53 03' 19"   Lon: W 002 18' 04"

                  Temperature (C), Rain (mm), Wind Speed (mph)

                                      Heat  Cool        Avg
    Mean                              Deg   Deg         Wind                 Dom
Day Temp  High   Time   Low    Time   Days  Days  Rain  Speed High   Time    Dir
----------------------------------------------------------------------------------
 1   0.2   2.4   13:47  -2.0   23:56  15.3   0.0   0.2   3.8  18.3   12:53     N
 2  -0.8   2.5   13:12  -3.1   08:27  16.3   0.0   0.0   1.9  17.4   12:19   NNW
 3   1.3   4.9   13:41  -2.7   05:23  14.2   0.0   0.1   2.4  15.2   22:14     S
 4   5.8   8.5   14:01   2.5   23:45   9.7   0.0   0.9   3.9  19.7   12:44     W
 5   4.4   8.2   23:41   0.2   08:04  11.1   0.0   2.2   4.5  18.3   19:13    SE
 6   6.0   8.6   00:25   3.4   07:46   9.5   0.0   0.5   3.4  13.0   01:15   SSW
 7   4.8   7.3   16:00   2.3   08:38  10.7   0.0   9.6   8.0  41.8   07:51     W
 8   7.5  10.4   13:18   4.9   22:49   8.1   0.0   6.0   8.0  32.0   12:41   WSW
 9   6.4   8.4   14:58   4.8   21:39   9.1   0.0   1.3   8.5  32.7   03:27     W
10   4.2   6.1   14:42   3.0   23:30  11.3   0.0   6.6   3.6  24.4   15:15   NNE
11   4.8   8.3   15:32   2.9   23:27  10.7   0.0   0.0   1.7  10.7   02:55   ENE
12   6.7  10.8   14:38   2.3   03:51   8.8   0.0   0.0   3.2  22.8   14:56     E
13   8.1  10.2   13:31   5.4   23:35   7.4   0.0   0.1   2.8  15.2   12:50     E
14   5.8  10.1   15:11   2.4   05:06   9.7   0.0   0.0   3.6  12.1   15:55     E
15   6.9  11.3   13:59   2.2   05:53   8.6   0.0   0.0   4.9  16.8   20:55   ESE
16  10.0  12.3   14:33   7.4   06:27   5.5   0.0   0.0   4.1  19.0   23:28     E
17   9.0  11.8   14:43   6.8   07:27   6.5   0.0   0.0   5.0  21.3   03:17   ESE
18   7.4   9.5   12:19   6.2   04:53   8.1   0.0   0.1   6.0  20.6   15:21     E
19   7.1   8.9   13:16   5.0   07:57   8.4   0.0   1.4   4.5  15.2   15:15     E
20   8.4  11.2   13:02   6.3   00:20   7.1   0.0   1.2   2.6  19.0   13:00     E
21  10.7  14.0   14:59   8.0   23:57   4.8   0.0   0.3   3.6  15.9   10:08     E
22   8.9  13.5   14:26   5.7   06:40   6.6   0.0   0.0   4.3  12.1   12:44   ESE
23   9.1  13.6   14:10   5.2   06:24   6.4   0.0   0.0   4.5  16.8   11:28   ESE
24   9.3  13.8   13:28   4.4   08:25   6.2   0.0   0.0   2.4  10.7   10:33   ESE
25   9.1  14.7   14:18   4.3   07:08   6.4   0.0   0.0   3.4  12.1   11:12   ESE
26  10.4  16.2   13:32   6.2   08:28   5.1   0.0   0.0   3.1   8.3   14:30   ESE
27   9.5  14.1   14:49   5.7   07:57   6.0   0.0   0.0   1.8   6.9   05:09   ESE
28   7.5   8.2   00:00   6.4   03:31   8.0   0.0  11.5   1.9  11.4   06:23     E
----------------------------------------------------------------------------------
     6.7  16.2    26    -3.1     2   245.6   0.0  42.0   4.0  41.8     7     ESE

Max >=  27.0:  0
Max <=   0.0:  0
Min <=   0.0:  3
Min <= -18.0:  0
Max Rain: 11.5 on day 28
Days of Rain: 12 (>= 0.2 mm)  5 (>= 2.0 mm)  0 (>= 20.0 mm)
Heat Base: 15.5  Cool Base: 25.0  Method: Integration


Page updated 20/11/2018 17:26:21
© Sandaysoft 2009
powered by Sandy Software Cumulus software v1.9.2 by Steve Loft