NOAA-style Climate Reports for Audley UK


Report for 2019 Mar
                   Monthly Climatological Summary for Mar 2019

Name: Audley   City: Stoke-on-Trent   County: Staffordshire   Country: UK
Elevation: 140 m  Lat: N 53 03' 19"   Lon: W 002 18' 04"

                  Temperature (C), Rain (mm), Wind Speed (mph)

                                      Heat  Cool        Avg
    Mean                              Deg   Deg         Wind                 Dom
Day Temp  High   Time   Low    Time   Days  Days  Rain  Speed High   Time    Dir
----------------------------------------------------------------------------------
 1   7.8  10.6   15:36   6.5   21:13   7.7   0.0   0.1   2.6  12.1   01:38     E
 2   8.8  11.5   12:11   6.2   04:14   6.7   0.0   0.8   4.7  30.4   20:04     E
 3   7.5  10.1   17:45   3.6   22:57   8.0   0.0   4.8   6.7  35.8   19:50     E
 4   4.8   8.1   11:44   2.5   23:35  10.6   0.0   0.5   7.2  28.2   13:54     E
 5   6.5  10.5   14:54   2.4   01:18   9.0   0.0   8.0   5.1  22.1   11:30     E
 6   8.9  12.1   14:06   5.1   23:47   6.6   0.0  14.5   5.9  22.1   04:41   ESE
 7   5.7   7.2   18:38   4.2   01:53   9.8   0.0   6.4   8.3  29.8   12:36     E
 8   5.5   7.7   21:19   2.4   06:31  10.0   0.0   3.5   3.3  22.8   21:29     E
 9   6.9   8.8   11:11   5.2   06:29   8.6   0.0   0.7   7.4  40.3   10:31     E
10   3.4   6.9   14:14   0.4   06:32  12.1   0.0  16.9   7.5  40.3   14:38     E
11   5.4   8.9   14:54   2.3   03:54  10.1   0.0   0.4   5.9  32.0   00:15     E
12   5.8   8.8   07:15   3.3   11:28   9.7   0.0  23.7   6.6  32.7   23:57     E
13   7.1   8.8   13:43   5.3   01:56   8.4   0.0   0.7  11.7  39.6   10:40     E
14   8.2  10.3   11:53   6.0   00:08   7.3   0.0  10.4   8.9  36.5   10:24     E
15   8.9  11.4   06:03   6.5   20:48   6.6   0.0   5.3   6.9  30.4   06:32     E
16   8.5  10.8   14:18   4.5   23:56   7.0   0.0  10.3   8.8  30.4   08:46     E
17   5.0   7.9   13:49   2.3   06:57  10.5   0.0   3.2   6.4  24.4   10:04     E
18   6.4   8.3   16:21   4.2   04:03   9.1   0.0   2.7   2.8  12.1   11:52     E
19   9.0  12.0   15:16   6.6   03:21   6.5   0.0   0.0   2.5  15.2   14:14   ESE
20  11.5  17.4   15:45   8.0   06:05   4.3   0.0   0.0   3.5  12.1   21:50   WSW
21  11.2  14.1   15:05   8.5   00:03   4.3   0.0   0.0   2.9  11.4   02:18    SW
22  10.3  11.9   12:52   8.4   23:54   5.2   0.0   0.0   4.2  21.3   09:42    SW
23   7.3  10.1   13:26   5.2   23:37   8.2   0.0   0.0   1.9  11.4   09:25    NW
24   6.7  10.9   14:14   2.2   05:44   8.8   0.0   0.4   4.4  27.3   23:34   WNW
25   6.7  11.2   14:40   3.6   23:51   8.8   0.0   0.0   3.6  19.7   00:00    NW
26   6.6  10.8   12:47   2.1   06:22   8.9   0.0   0.1   2.9  20.6   12:08   WNW
27   8.0  11.2   14:46   4.1   23:45   7.5   0.0   0.0   1.8  12.1   15:23   WNW
28   8.5  15.5   17:23   3.0   06:20   7.0   0.0   0.0   0.8   8.3   12:03   WSW
29   9.0  15.8   17:25   4.0   06:03   6.5   0.0   0.0   1.4  10.7   12:50    SW
30   6.8  11.0   14:32   2.9   03:30   8.7   0.0   0.0   1.2  13.0   14:38    NW
31   7.9  12.0   13:35   5.3   23:23   7.3   0.0   0.0   6.3  23.5   08:30   ESE
----------------------------------------------------------------------------------
     7.4  17.4    20     0.4    10   249.8   0.0 113.4   5.0  40.3     9       E

Max >=  27.0:  0
Max <=   0.0:  0
Min <=   0.0:  0
Min <= -18.0:  0
Max Rain: 23.7 on day 12
Days of Rain: 18 (>= 0.2 mm)  12 (>= 2.0 mm)  1 (>= 20.0 mm)
Heat Base: 15.5  Cool Base: 25.0  Method: Integration


Page updated 20/11/2018 17:26:21
© Sandaysoft 2009
powered by Sandy Software Cumulus software v1.9.2 by Steve Loft