NOAA-style Climate Reports for Audley UK


Report for 2019 Jul
                   Monthly Climatological Summary for Jul 2019

Name: Audley   City: Stoke-on-Trent   County: Staffordshire   Country: UK
Elevation: 140 m  Lat: N 53 03' 19"   Lon: W 002 18' 04"

                  Temperature (C), Rain (mm), Wind Speed (mph)

                                      Heat  Cool        Avg
    Mean                              Deg   Deg         Wind                 Dom
Day Temp  High   Time   Low    Time   Days  Days  Rain  Speed High   Time    Dir
----------------------------------------------------------------------------------
 1  14.6  17.5   17:41  11.4   23:42   1.1   0.0   0.0   3.7  19.7   12:40     W
 2  13.6  18.5   17:22   9.5   03:29   2.3   0.0   0.0   0.9  13.0   16:58   WNW
 3  15.1  22.6   17:14   8.9   04:50   2.1   0.0   0.0   0.9  10.7   18:30   WNW
 4  16.3  23.0   15:53  11.0   03:28   1.3   0.0   0.0   1.0  12.1   12:32   WNW
 5  17.1  23.6   16:22  12.8   05:56   0.6   0.0   0.0   1.2  15.9   18:38   WNW
 6  14.9  17.5   17:53  11.7   23:31   0.8   0.0   5.9   1.4  10.7   17:55     W
 7  15.5  23.8   17:22  10.7   05:08   1.7   0.0   0.0   0.7  11.4   19:22   WNW
 8  16.0  21.0   15:27  10.5   03:57   1.4   0.0   0.1   1.1  10.7   00:11    SE
 9  16.0  19.3   13:23  13.2   05:32   0.6   0.0   0.1   0.6   8.3   00:15   WNW
10  17.8  23.3   16:29  14.6   05:30   0.1   0.0   0.8   2.9  20.6   17:26   WSW
11  17.6  21.2   16:43  14.7   03:39   0.1   0.0  13.2   2.9  19.7   18:35   WSW
12  16.2  19.9   17:03  14.1   05:52   0.3   0.0   0.7   2.4  16.8   14:37     W
13  16.0  20.5   16:38  12.8   23:59   0.5   0.0   0.0   0.8  12.1   16:06     W
14  15.8  21.0   18:08  12.1   01:35   1.1   0.0   0.0   0.3   7.6   17:00     E
15  17.1  23.6   16:08  10.9   05:28   1.2   0.0   0.0   0.6   9.8   12:06    SW
16  18.8  23.7   17:32  15.3   06:19   0.0   0.0   0.0   0.7   9.2   11:39   NNW
17  17.0  21.9   16:04  14.1   03:47   0.2   0.0   3.0   2.0  15.9   16:39   WSW
18  16.5  21.3   17:49  13.6   07:20   0.4   0.0   2.3   2.5  19.0   18:01     W
19  15.4  18.9   16:38  12.2   04:48   0.9   0.0  10.2   1.2  20.6   17:25   SSE
20  16.6  19.6   16:32  15.0   03:53   0.1   0.0   3.3   2.9  21.3   12:21   WSW
21  17.5  20.9   17:26  13.2   04:21   0.4   0.0   0.9   2.1  13.6   12:35    SW
22  21.3  28.2   17:15  16.9   00:03   0.0   0.2   0.0   4.9  31.1   11:25   WSW
23  22.6  31.8   17:37  15.8   04:46   0.0   1.0   0.0   0.9   9.2   23:34    SE
24  21.8  26.2   17:48  18.4   05:54   0.0   0.0  21.8   1.8  16.8   01:44   WSW
25  24.5  31.8   16:41  17.3   03:49   0.0   2.1   0.1   1.1  13.0   13:39   SSE
26  20.8  23.5   15:12  18.3   23:52   0.0   0.0   0.1   0.9  13.6   14:45   WSW
27  15.8  18.4   00:00  14.7   21:09   0.1   0.0  24.3   1.1  11.4   19:15   WNW
28  14.0  15.1   00:00  13.0   07:13   1.5   0.0  35.5   3.0  15.9   15:52     W
29  17.4  25.0   17:44  13.2   00:08   0.7   0.0   2.2   1.3  13.0   10:33   WSW
30  16.9  19.9   11:35  14.4   02:58   0.1   0.0   8.2   1.3  15.2   11:35    SE
31  15.7  17.6   17:12  14.5   06:22   0.3   0.0   8.0   5.5  22.8   06:01     W
----------------------------------------------------------------------------------
    17.2  31.8    23     8.9     3    19.9   3.3 140.7   1.8  31.1    22     WSW

Max >=  27.0:  3
Max <=   0.0:  0
Min <=   0.0:  0
Min <= -18.0:  0
Max Rain: 35.5 on day 28
Days of Rain: 15 (>= 0.2 mm)  12 (>= 2.0 mm)  3 (>= 20.0 mm)
Heat Base: 15.5  Cool Base: 25.0  Method: Integration


Page updated 20/11/2018 17:26:21
© Sandaysoft 2009
powered by Sandy Software Cumulus software v1.9.2 by Steve Loft